{"id":125740,"date":"2020-10-01T14:03:34","date_gmt":"2020-10-01T12:03:34","guid":{"rendered":"https:\/\/socialdesignmagazine.com\/mag\/products-selection\/?post_type=product&#038;p=125740"},"modified":"2020-12-08T16:31:56","modified_gmt":"2020-12-08T15:31:56","slug":"lampada-a-sospensione-jube-sp-1-s-led-marrone-design-favaretto-partners-for-vistosi","status":"publish","type":"product","link":"https:\/\/socialdesignmagazine.com\/mag\/products-selection\/product\/lampada-a-sospensione-jube-sp-1-s-led-marrone-design-favaretto-partners-for-vistosi\/","title":{"rendered":"Lampada a Sospensione Jube SP 1 S LED Marrone design Favaretto &#038; Partners for Vistosi"},"content":{"rendered":"<p>Jube \u00e8 un lampadario di design in stile vintage. Questa lampada a sospensione \u00e8 caratterizzata da un diffusore in vetro soffiato, che prende forma dalla sovrapposizione e fusione di due vetri. L\u2019effetto creato \u00e8 un tono su tono che conferisce alla lampada un aspetto retr\u00f2. Il vetro inferiore \u00e8 bianco mentre la parte superiore \u00e8 disponibile a scelta nelle seguenti tonalit\u00e0: fum\u00e8, terra bruciata, verde antico, cristallo.\u200e Le parti metalliche sono in oro satinato.\u200e Jube dispone di sorgente luminosa a LED, e viene proposta in varie forme e dimensioni di grandezza.<\/p>\n","protected":false},"excerpt":{"rendered":"<p>Lampada a sospensione retr\u00f2 in vetro soffiato<\/p>\n","protected":false},"featured_media":135983,"template":"","meta":{"_acf_changed":false,"jetpack_post_was_ever_published":false,"jetpack_publicize_message":"","jetpack_publicize_feature_enabled":true,"jetpack_social_post_already_shared":false,"jetpack_social_options":{"image_generator_settings":{"template":"highway","default_image_id":0,"font":"","enabled":false},"version":2}},"pwb-brand":[2386],"product_brand":[],"product_cat":[607,2404,312,314],"product_tag":[94,1202],"class_list":{"0":"post-125740","1":"product","2":"type-product","3":"status-publish","4":"has-post-thumbnail","6":"pwb-brand-vistosi","7":"product_cat-designers","8":"product_cat-favaretto-partners","9":"product_cat-illuminazione","10":"product_cat-lampada-a-sospensione-illuminazione","11":"product_tag-lampada-a-sospensione","12":"product_tag-retro","13":"pa_altezza-240-mm","14":"pa_colore-marrone","15":"pa_designer-favaretto-partners","16":"pa_downloads-pdf","17":"pa_larghezza-260-mm","18":"pa_materiale-metallo","19":"pa_materiale-vetro-soffiato","20":"pa_produttore-vistosi","21":"pa_profondita-260-mm","22":"pa_serie-jube","23":"pa_tipo-di-prodotto-lampada-a-sospensione","25":"first","26":"instock","27":"product-type-external"},"acf":[],"yoast_head":"<!-- This site is optimized with the Yoast SEO plugin v27.2 - https:\/\/yoast.com\/product\/yoast-seo-wordpress\/ -->\n<title>Lampada a Sospensione Jube SP 1 S LED Marrone design Favaretto &amp; Partners for Vistosi - SDM Product Selection<\/title>\n<meta name=\"description\" content=\"Lampada a sospensione retr\u00f2 in vetro soffiato\" \/>\n<meta name=\"robots\" content=\"index, follow, max-snippet:-1, max-image-preview:large, max-video-preview:-1\" \/>\n<link rel=\"canonical\" href=\"https:\/\/socialdesignmagazine.com\/mag\/products-selection\/product\/lampada-a-sospensione-jube-sp-1-s-led-marrone-design-favaretto-partners-for-vistosi\/\" \/>\n<meta property=\"og:locale\" content=\"it_IT\" \/>\n<meta property=\"og:type\" content=\"article\" \/>\n<meta property=\"og:title\" content=\"Lampada a Sospensione Jube SP 1 S LED Marrone design Favaretto &amp; Partners for Vistosi - SDM Product Selection\" \/>\n<meta property=\"og:description\" content=\"Lampada a sospensione retr\u00f2 in vetro soffiato\" \/>\n<meta property=\"og:url\" content=\"https:\/\/socialdesignmagazine.com\/mag\/products-selection\/product\/lampada-a-sospensione-jube-sp-1-s-led-marrone-design-favaretto-partners-for-vistosi\/\" \/>\n<meta property=\"og:site_name\" content=\"SDM Product Selection\" \/>\n<meta property=\"article:publisher\" content=\"https:\/\/www.facebook.com\/socialdesignmag\" \/>\n<meta property=\"article:modified_time\" content=\"2020-12-08T15:31:56+00:00\" \/>\n<meta property=\"og:image\" content=\"https:\/\/socialdesignmagazine.com\/mag\/products-selection\/wp-content\/uploads\/sites\/2\/2020\/12\/Lampada-a-Sospensione-Jube-SP-1-S-LED-Marrone-Vistosi-Favaretto-Partners.jpg\" \/>\n\t<meta property=\"og:image:width\" content=\"600\" \/>\n\t<meta property=\"og:image:height\" content=\"600\" \/>\n\t<meta property=\"og:image:type\" content=\"image\/jpeg\" \/>\n<meta name=\"twitter:card\" content=\"summary_large_image\" \/>\n<meta name=\"twitter:site\" content=\"@socialdesignmag\" \/>\n<script type=\"application\/ld+json\" class=\"yoast-schema-graph\">{\"@context\":\"https:\/\/schema.org\",\"@graph\":[{\"@type\":\"WebPage\",\"@id\":\"https:\/\/socialdesignmagazine.com\/mag\/products-selection\/product\/lampada-a-sospensione-jube-sp-1-s-led-marrone-design-favaretto-partners-for-vistosi\/\",\"url\":\"https:\/\/socialdesignmagazine.com\/mag\/products-selection\/product\/lampada-a-sospensione-jube-sp-1-s-led-marrone-design-favaretto-partners-for-vistosi\/\",\"name\":\"Lampada a Sospensione Jube SP 1 S LED Marrone design Favaretto & Partners for Vistosi - SDM Product Selection\",\"isPartOf\":{\"@id\":\"https:\/\/socialdesignmagazine.com\/mag\/products-selection\/#website\"},\"primaryImageOfPage\":{\"@id\":\"https:\/\/socialdesignmagazine.com\/mag\/products-selection\/product\/lampada-a-sospensione-jube-sp-1-s-led-marrone-design-favaretto-partners-for-vistosi\/#primaryimage\"},\"image\":{\"@id\":\"https:\/\/socialdesignmagazine.com\/mag\/products-selection\/product\/lampada-a-sospensione-jube-sp-1-s-led-marrone-design-favaretto-partners-for-vistosi\/#primaryimage\"},\"thumbnailUrl\":\"https:\/\/socialdesignmagazine.com\/mag\/products-selection\/wp-content\/uploads\/sites\/2\/2020\/12\/Lampada-a-Sospensione-Jube-SP-1-S-LED-Marrone-Vistosi-Favaretto-Partners.jpg\",\"datePublished\":\"2020-10-01T12:03:34+00:00\",\"dateModified\":\"2020-12-08T15:31:56+00:00\",\"description\":\"Lampada a sospensione retr\u00f2 in vetro soffiato\",\"breadcrumb\":{\"@id\":\"https:\/\/socialdesignmagazine.com\/mag\/products-selection\/product\/lampada-a-sospensione-jube-sp-1-s-led-marrone-design-favaretto-partners-for-vistosi\/#breadcrumb\"},\"inLanguage\":\"it-IT\",\"potentialAction\":[{\"@type\":\"ReadAction\",\"target\":[\"https:\/\/socialdesignmagazine.com\/mag\/products-selection\/product\/lampada-a-sospensione-jube-sp-1-s-led-marrone-design-favaretto-partners-for-vistosi\/\"]}]},{\"@type\":\"ImageObject\",\"inLanguage\":\"it-IT\",\"@id\":\"https:\/\/socialdesignmagazine.com\/mag\/products-selection\/product\/lampada-a-sospensione-jube-sp-1-s-led-marrone-design-favaretto-partners-for-vistosi\/#primaryimage\",\"url\":\"https:\/\/socialdesignmagazine.com\/mag\/products-selection\/wp-content\/uploads\/sites\/2\/2020\/12\/Lampada-a-Sospensione-Jube-SP-1-S-LED-Marrone-Vistosi-Favaretto-Partners.jpg\",\"contentUrl\":\"https:\/\/socialdesignmagazine.com\/mag\/products-selection\/wp-content\/uploads\/sites\/2\/2020\/12\/Lampada-a-Sospensione-Jube-SP-1-S-LED-Marrone-Vistosi-Favaretto-Partners.jpg\",\"width\":600,\"height\":600,\"caption\":\"Lampada a Sospensione Jube SP 1 S LED Marrone Vistosi Favaretto & Partners 1\"},{\"@type\":\"BreadcrumbList\",\"@id\":\"https:\/\/socialdesignmagazine.com\/mag\/products-selection\/product\/lampada-a-sospensione-jube-sp-1-s-led-marrone-design-favaretto-partners-for-vistosi\/#breadcrumb\",\"itemListElement\":[{\"@type\":\"ListItem\",\"position\":1,\"name\":\"Home\",\"item\":\"https:\/\/socialdesignmagazine.com\/mag\/products-selection\/\"},{\"@type\":\"ListItem\",\"position\":2,\"name\":\"Tutti i prodotti\",\"item\":\"https:\/\/socialdesignmagazine.com\/mag\/products-selection\/tutti-i-prodotti\/\"},{\"@type\":\"ListItem\",\"position\":3,\"name\":\"Lampada a Sospensione Jube SP 1 S LED Marrone design Favaretto &#038; Partners for Vistosi\"}]},{\"@type\":\"WebSite\",\"@id\":\"https:\/\/socialdesignmagazine.com\/mag\/products-selection\/#website\",\"url\":\"https:\/\/socialdesignmagazine.com\/mag\/products-selection\/\",\"name\":\"SDM Product Selection\",\"description\":\"Una selezioni di prodotti dei brand pi\u00f9 interessanti per arredare e progettare\",\"publisher\":{\"@id\":\"https:\/\/socialdesignmagazine.com\/mag\/products-selection\/#organization\"},\"potentialAction\":[{\"@type\":\"SearchAction\",\"target\":{\"@type\":\"EntryPoint\",\"urlTemplate\":\"https:\/\/socialdesignmagazine.com\/mag\/products-selection\/?s={search_term_string}\"},\"query-input\":{\"@type\":\"PropertyValueSpecification\",\"valueRequired\":true,\"valueName\":\"search_term_string\"}}],\"inLanguage\":\"it-IT\"},{\"@type\":\"Organization\",\"@id\":\"https:\/\/socialdesignmagazine.com\/mag\/products-selection\/#organization\",\"name\":\"Social Design Magazine\",\"url\":\"https:\/\/socialdesignmagazine.com\/mag\/products-selection\/\",\"logo\":{\"@type\":\"ImageObject\",\"inLanguage\":\"it-IT\",\"@id\":\"https:\/\/socialdesignmagazine.com\/mag\/products-selection\/#\/schema\/logo\/image\/\",\"url\":\"https:\/\/socialdesignmagazine.com\/mag\/products-selection\/wp-content\/uploads\/sites\/2\/2015\/05\/social-design-magazine-logo.png\",\"contentUrl\":\"https:\/\/socialdesignmagazine.com\/mag\/products-selection\/wp-content\/uploads\/sites\/2\/2015\/05\/social-design-magazine-logo.png\",\"width\":251,\"height\":101,\"caption\":\"Social Design Magazine\"},\"image\":{\"@id\":\"https:\/\/socialdesignmagazine.com\/mag\/products-selection\/#\/schema\/logo\/image\/\"},\"sameAs\":[\"https:\/\/www.facebook.com\/socialdesignmag\",\"https:\/\/x.com\/socialdesignmag\",\"http:\/\/instagram.com\/social_design_magazine\/\",\"http:\/\/pinterest.com\/socialdesignmag\/\",\"http:\/\/www.youtube.com\/user\/socialdesignmagazine\"]}]}<\/script>\n<!-- \/ Yoast SEO plugin. -->","yoast_head_json":{"title":"Lampada a Sospensione Jube SP 1 S LED Marrone design Favaretto & Partners for Vistosi - SDM Product Selection","description":"Lampada a sospensione retr\u00f2 in vetro soffiato","robots":{"index":"index","follow":"follow","max-snippet":"max-snippet:-1","max-image-preview":"max-image-preview:large","max-video-preview":"max-video-preview:-1"},"canonical":"https:\/\/socialdesignmagazine.com\/mag\/products-selection\/product\/lampada-a-sospensione-jube-sp-1-s-led-marrone-design-favaretto-partners-for-vistosi\/","og_locale":"it_IT","og_type":"article","og_title":"Lampada a Sospensione Jube SP 1 S LED Marrone design Favaretto & Partners for Vistosi - SDM Product Selection","og_description":"Lampada a sospensione retr\u00f2 in vetro soffiato","og_url":"https:\/\/socialdesignmagazine.com\/mag\/products-selection\/product\/lampada-a-sospensione-jube-sp-1-s-led-marrone-design-favaretto-partners-for-vistosi\/","og_site_name":"SDM Product Selection","article_publisher":"https:\/\/www.facebook.com\/socialdesignmag","article_modified_time":"2020-12-08T15:31:56+00:00","og_image":[{"width":600,"height":600,"url":"https:\/\/socialdesignmagazine.com\/mag\/products-selection\/wp-content\/uploads\/sites\/2\/2020\/12\/Lampada-a-Sospensione-Jube-SP-1-S-LED-Marrone-Vistosi-Favaretto-Partners.jpg","type":"image\/jpeg"}],"twitter_card":"summary_large_image","twitter_site":"@socialdesignmag","schema":{"@context":"https:\/\/schema.org","@graph":[{"@type":"WebPage","@id":"https:\/\/socialdesignmagazine.com\/mag\/products-selection\/product\/lampada-a-sospensione-jube-sp-1-s-led-marrone-design-favaretto-partners-for-vistosi\/","url":"https:\/\/socialdesignmagazine.com\/mag\/products-selection\/product\/lampada-a-sospensione-jube-sp-1-s-led-marrone-design-favaretto-partners-for-vistosi\/","name":"Lampada a Sospensione Jube SP 1 S LED Marrone design Favaretto & Partners for Vistosi - SDM Product Selection","isPartOf":{"@id":"https:\/\/socialdesignmagazine.com\/mag\/products-selection\/#website"},"primaryImageOfPage":{"@id":"https:\/\/socialdesignmagazine.com\/mag\/products-selection\/product\/lampada-a-sospensione-jube-sp-1-s-led-marrone-design-favaretto-partners-for-vistosi\/#primaryimage"},"image":{"@id":"https:\/\/socialdesignmagazine.com\/mag\/products-selection\/product\/lampada-a-sospensione-jube-sp-1-s-led-marrone-design-favaretto-partners-for-vistosi\/#primaryimage"},"thumbnailUrl":"https:\/\/socialdesignmagazine.com\/mag\/products-selection\/wp-content\/uploads\/sites\/2\/2020\/12\/Lampada-a-Sospensione-Jube-SP-1-S-LED-Marrone-Vistosi-Favaretto-Partners.jpg","datePublished":"2020-10-01T12:03:34+00:00","dateModified":"2020-12-08T15:31:56+00:00","description":"Lampada a sospensione retr\u00f2 in vetro soffiato","breadcrumb":{"@id":"https:\/\/socialdesignmagazine.com\/mag\/products-selection\/product\/lampada-a-sospensione-jube-sp-1-s-led-marrone-design-favaretto-partners-for-vistosi\/#breadcrumb"},"inLanguage":"it-IT","potentialAction":[{"@type":"ReadAction","target":["https:\/\/socialdesignmagazine.com\/mag\/products-selection\/product\/lampada-a-sospensione-jube-sp-1-s-led-marrone-design-favaretto-partners-for-vistosi\/"]}]},{"@type":"ImageObject","inLanguage":"it-IT","@id":"https:\/\/socialdesignmagazine.com\/mag\/products-selection\/product\/lampada-a-sospensione-jube-sp-1-s-led-marrone-design-favaretto-partners-for-vistosi\/#primaryimage","url":"https:\/\/socialdesignmagazine.com\/mag\/products-selection\/wp-content\/uploads\/sites\/2\/2020\/12\/Lampada-a-Sospensione-Jube-SP-1-S-LED-Marrone-Vistosi-Favaretto-Partners.jpg","contentUrl":"https:\/\/socialdesignmagazine.com\/mag\/products-selection\/wp-content\/uploads\/sites\/2\/2020\/12\/Lampada-a-Sospensione-Jube-SP-1-S-LED-Marrone-Vistosi-Favaretto-Partners.jpg","width":600,"height":600,"caption":"Lampada a Sospensione Jube SP 1 S LED Marrone Vistosi Favaretto & Partners 1"},{"@type":"BreadcrumbList","@id":"https:\/\/socialdesignmagazine.com\/mag\/products-selection\/product\/lampada-a-sospensione-jube-sp-1-s-led-marrone-design-favaretto-partners-for-vistosi\/#breadcrumb","itemListElement":[{"@type":"ListItem","position":1,"name":"Home","item":"https:\/\/socialdesignmagazine.com\/mag\/products-selection\/"},{"@type":"ListItem","position":2,"name":"Tutti i prodotti","item":"https:\/\/socialdesignmagazine.com\/mag\/products-selection\/tutti-i-prodotti\/"},{"@type":"ListItem","position":3,"name":"Lampada a Sospensione Jube SP 1 S LED Marrone design Favaretto &#038; Partners for Vistosi"}]},{"@type":"WebSite","@id":"https:\/\/socialdesignmagazine.com\/mag\/products-selection\/#website","url":"https:\/\/socialdesignmagazine.com\/mag\/products-selection\/","name":"SDM Product Selection","description":"Una selezioni di prodotti dei brand pi\u00f9 interessanti per arredare e progettare","publisher":{"@id":"https:\/\/socialdesignmagazine.com\/mag\/products-selection\/#organization"},"potentialAction":[{"@type":"SearchAction","target":{"@type":"EntryPoint","urlTemplate":"https:\/\/socialdesignmagazine.com\/mag\/products-selection\/?s={search_term_string}"},"query-input":{"@type":"PropertyValueSpecification","valueRequired":true,"valueName":"search_term_string"}}],"inLanguage":"it-IT"},{"@type":"Organization","@id":"https:\/\/socialdesignmagazine.com\/mag\/products-selection\/#organization","name":"Social Design Magazine","url":"https:\/\/socialdesignmagazine.com\/mag\/products-selection\/","logo":{"@type":"ImageObject","inLanguage":"it-IT","@id":"https:\/\/socialdesignmagazine.com\/mag\/products-selection\/#\/schema\/logo\/image\/","url":"https:\/\/socialdesignmagazine.com\/mag\/products-selection\/wp-content\/uploads\/sites\/2\/2015\/05\/social-design-magazine-logo.png","contentUrl":"https:\/\/socialdesignmagazine.com\/mag\/products-selection\/wp-content\/uploads\/sites\/2\/2015\/05\/social-design-magazine-logo.png","width":251,"height":101,"caption":"Social Design Magazine"},"image":{"@id":"https:\/\/socialdesignmagazine.com\/mag\/products-selection\/#\/schema\/logo\/image\/"},"sameAs":["https:\/\/www.facebook.com\/socialdesignmag","https:\/\/x.com\/socialdesignmag","http:\/\/instagram.com\/social_design_magazine\/","http:\/\/pinterest.com\/socialdesignmag\/","http:\/\/www.youtube.com\/user\/socialdesignmagazine"]}]}},"jetpack_publicize_connections":[],"jetpack_sharing_enabled":true,"brands":[{"id":2386,"name":"Vistosi","slug":"vistosi"}],"_links":{"self":[{"href":"https:\/\/socialdesignmagazine.com\/mag\/products-selection\/wp-json\/wp\/v2\/product\/125740","targetHints":{"allow":["GET"]}}],"collection":[{"href":"https:\/\/socialdesignmagazine.com\/mag\/products-selection\/wp-json\/wp\/v2\/product"}],"about":[{"href":"https:\/\/socialdesignmagazine.com\/mag\/products-selection\/wp-json\/wp\/v2\/types\/product"}],"wp:featuredmedia":[{"embeddable":true,"href":"https:\/\/socialdesignmagazine.com\/mag\/products-selection\/wp-json\/wp\/v2\/media\/135983"}],"wp:attachment":[{"href":"https:\/\/socialdesignmagazine.com\/mag\/products-selection\/wp-json\/wp\/v2\/media?parent=125740"}],"wp:term":[{"taxonomy":"pwb-brand","embeddable":true,"href":"https:\/\/socialdesignmagazine.com\/mag\/products-selection\/wp-json\/wp\/v2\/pwb-brand?post=125740"},{"taxonomy":"product_brand","embeddable":true,"href":"https:\/\/socialdesignmagazine.com\/mag\/products-selection\/wp-json\/wp\/v2\/product_brand?post=125740"},{"taxonomy":"product_cat","embeddable":true,"href":"https:\/\/socialdesignmagazine.com\/mag\/products-selection\/wp-json\/wp\/v2\/product_cat?post=125740"},{"taxonomy":"product_tag","embeddable":true,"href":"https:\/\/socialdesignmagazine.com\/mag\/products-selection\/wp-json\/wp\/v2\/product_tag?post=125740"}],"curies":[{"name":"wp","href":"https:\/\/api.w.org\/{rel}","templated":true}]}}