{"id":142337,"date":"2023-05-20T22:42:13","date_gmt":"2023-05-20T20:42:13","guid":{"rendered":"https:\/\/socialdesignmagazine.com\/mag\/products-selection\/?post_type=product&#038;p=142337"},"modified":"2023-05-20T22:46:22","modified_gmt":"2023-05-20T20:46:22","slug":"tavolo-alto-darwin-70-x-70-cm-bianco-design-lucidi-pevere-for-emu","status":"publish","type":"product","link":"https:\/\/socialdesignmagazine.com\/mag\/products-selection\/product\/tavolo-alto-darwin-70-x-70-cm-bianco-design-lucidi-pevere-for-emu\/","title":{"rendered":"Tavolo alto Darwin 70 x 70 cm Bianco design Lucidi-Pevere for Emu"},"content":{"rendered":"<p>Resistente, leggero e di facile manutenzione, questo tavolo alto pieghevole si pu\u00f2 utilizzare sia all&#8217;interno che all&#8217;esterno. Il piano si chiude in un batter d&#8217;occhio, permettendo cos\u00ec di mettere a posto il tavolo velocemente. Darwin \u00e8 adatto a spazi privati e pubblici (bar, ristoranti&#8230;).  Grazie ad un&#8217;esperienza di oltre cinquant&#8217;anni nella lavorazione del metallo, l&#8217;azienda Emu esprime il proprio stile nei giardini e sui terrazzi di tutto il mondo. Le creazioni Emu sono diventate icone del mondo del design e della qualit\u00e0 &#8220;Made in Italy&#8221;. Pieghevole- Da interno e da esterno &#8211; Peso: 15,2 Kg<\/p>\n","protected":false},"excerpt":{"rendered":"<p>Resistente, leggero e di facile manutenzione, questo tavolo alto pieghevole si pu\u00f2 utilizzare sia all&#8217;interno che all&#8217;esterno. Il piano si chiude in un batter d&#8217;occhio, permettendo cos\u00ec di mettere a<\/p>\n","protected":false},"featured_media":142338,"template":"","meta":{"_acf_changed":false,"jetpack_post_was_ever_published":false,"jetpack_publicize_message":"","jetpack_publicize_feature_enabled":true,"jetpack_social_post_already_shared":false,"jetpack_social_options":{"image_generator_settings":{"template":"highway","default_image_id":0,"font":"","enabled":false},"version":2}},"pwb-brand":[1236],"product_brand":[],"product_cat":[337,607,676,492,561,604,588,652],"product_tag":[531,200],"class_list":{"0":"post-142337","1":"product","2":"type-product","3":"status-publish","4":"has-post-thumbnail","6":"pwb-brand-emu","7":"product_cat-arredamento","8":"product_cat-designers","9":"product_cat-lucidi-pevere","10":"product_cat-outdoor","11":"product_cat-tavoli","12":"product_cat-tavoli-arredamento","13":"product_cat-tavolo-alto-tavoli","14":"product_cat-tavolo-alto-tavoli-arredamento","15":"product_tag-outdoor","16":"product_tag-tavolo-alto","17":"pa_colore-bianco","18":"pa_designer-lucidi-pevere","19":"pa_materiale-acciaio-verniciato","20":"pa_produttore-emu","21":"pa_serie-darwin","23":"first","24":"instock","25":"product-type-external"},"acf":[],"yoast_head":"<!-- This site is optimized with the Yoast SEO plugin v27.2 - https:\/\/yoast.com\/product\/yoast-seo-wordpress\/ -->\n<title>Tavolo alto Darwin 70 x 70 cm Bianco design Lucidi-Pevere for Emu - SDM Product Selection<\/title>\n<meta name=\"robots\" content=\"index, follow, max-snippet:-1, max-image-preview:large, max-video-preview:-1\" \/>\n<link rel=\"canonical\" href=\"https:\/\/socialdesignmagazine.com\/mag\/products-selection\/product\/tavolo-alto-darwin-70-x-70-cm-bianco-design-lucidi-pevere-for-emu\/\" \/>\n<meta property=\"og:locale\" content=\"it_IT\" \/>\n<meta property=\"og:type\" content=\"article\" \/>\n<meta property=\"og:title\" content=\"Tavolo alto Darwin 70 x 70 cm Bianco design Lucidi-Pevere for Emu - SDM Product Selection\" \/>\n<meta property=\"og:description\" content=\"Resistente, leggero e di facile manutenzione, questo tavolo alto pieghevole si pu\u00f2 utilizzare sia all&#8217;interno che all&#8217;esterno. Il piano si chiude in un batter d&#8217;occhio, permettendo cos\u00ec di mettere a\" \/>\n<meta property=\"og:url\" content=\"https:\/\/socialdesignmagazine.com\/mag\/products-selection\/product\/tavolo-alto-darwin-70-x-70-cm-bianco-design-lucidi-pevere-for-emu\/\" \/>\n<meta property=\"og:site_name\" content=\"SDM Product Selection\" \/>\n<meta property=\"article:publisher\" content=\"https:\/\/www.facebook.com\/socialdesignmag\" \/>\n<meta property=\"article:modified_time\" content=\"2023-05-20T20:46:22+00:00\" \/>\n<meta property=\"og:image\" content=\"https:\/\/socialdesignmagazine.com\/mag\/products-selection\/wp-content\/uploads\/sites\/2\/2023\/05\/Tavolo-alto-Darwin-70-x-70-cm-Bianco-Emu-Lucidi-Pevere.jpg\" \/>\n\t<meta property=\"og:image:width\" content=\"304\" \/>\n\t<meta property=\"og:image:height\" content=\"400\" \/>\n\t<meta property=\"og:image:type\" content=\"image\/jpeg\" \/>\n<meta name=\"twitter:card\" content=\"summary_large_image\" \/>\n<meta name=\"twitter:site\" content=\"@socialdesignmag\" \/>\n<script type=\"application\/ld+json\" class=\"yoast-schema-graph\">{\"@context\":\"https:\/\/schema.org\",\"@graph\":[{\"@type\":\"WebPage\",\"@id\":\"https:\/\/socialdesignmagazine.com\/mag\/products-selection\/product\/tavolo-alto-darwin-70-x-70-cm-bianco-design-lucidi-pevere-for-emu\/\",\"url\":\"https:\/\/socialdesignmagazine.com\/mag\/products-selection\/product\/tavolo-alto-darwin-70-x-70-cm-bianco-design-lucidi-pevere-for-emu\/\",\"name\":\"Tavolo alto Darwin 70 x 70 cm Bianco design Lucidi-Pevere for Emu - SDM Product Selection\",\"isPartOf\":{\"@id\":\"https:\/\/socialdesignmagazine.com\/mag\/products-selection\/#website\"},\"primaryImageOfPage\":{\"@id\":\"https:\/\/socialdesignmagazine.com\/mag\/products-selection\/product\/tavolo-alto-darwin-70-x-70-cm-bianco-design-lucidi-pevere-for-emu\/#primaryimage\"},\"image\":{\"@id\":\"https:\/\/socialdesignmagazine.com\/mag\/products-selection\/product\/tavolo-alto-darwin-70-x-70-cm-bianco-design-lucidi-pevere-for-emu\/#primaryimage\"},\"thumbnailUrl\":\"https:\/\/socialdesignmagazine.com\/mag\/products-selection\/wp-content\/uploads\/sites\/2\/2023\/05\/Tavolo-alto-Darwin-70-x-70-cm-Bianco-Emu-Lucidi-Pevere.jpg\",\"datePublished\":\"2023-05-20T20:42:13+00:00\",\"dateModified\":\"2023-05-20T20:46:22+00:00\",\"breadcrumb\":{\"@id\":\"https:\/\/socialdesignmagazine.com\/mag\/products-selection\/product\/tavolo-alto-darwin-70-x-70-cm-bianco-design-lucidi-pevere-for-emu\/#breadcrumb\"},\"inLanguage\":\"it-IT\",\"potentialAction\":[{\"@type\":\"ReadAction\",\"target\":[\"https:\/\/socialdesignmagazine.com\/mag\/products-selection\/product\/tavolo-alto-darwin-70-x-70-cm-bianco-design-lucidi-pevere-for-emu\/\"]}]},{\"@type\":\"ImageObject\",\"inLanguage\":\"it-IT\",\"@id\":\"https:\/\/socialdesignmagazine.com\/mag\/products-selection\/product\/tavolo-alto-darwin-70-x-70-cm-bianco-design-lucidi-pevere-for-emu\/#primaryimage\",\"url\":\"https:\/\/socialdesignmagazine.com\/mag\/products-selection\/wp-content\/uploads\/sites\/2\/2023\/05\/Tavolo-alto-Darwin-70-x-70-cm-Bianco-Emu-Lucidi-Pevere.jpg\",\"contentUrl\":\"https:\/\/socialdesignmagazine.com\/mag\/products-selection\/wp-content\/uploads\/sites\/2\/2023\/05\/Tavolo-alto-Darwin-70-x-70-cm-Bianco-Emu-Lucidi-Pevere.jpg\",\"width\":304,\"height\":400,\"caption\":\"Tavolo alto Darwin 70 x 70 cm Bianco Emu Lucidi-Pevere 1\"},{\"@type\":\"BreadcrumbList\",\"@id\":\"https:\/\/socialdesignmagazine.com\/mag\/products-selection\/product\/tavolo-alto-darwin-70-x-70-cm-bianco-design-lucidi-pevere-for-emu\/#breadcrumb\",\"itemListElement\":[{\"@type\":\"ListItem\",\"position\":1,\"name\":\"Home\",\"item\":\"https:\/\/socialdesignmagazine.com\/mag\/products-selection\/\"},{\"@type\":\"ListItem\",\"position\":2,\"name\":\"Tutti i prodotti\",\"item\":\"https:\/\/socialdesignmagazine.com\/mag\/products-selection\/tutti-i-prodotti\/\"},{\"@type\":\"ListItem\",\"position\":3,\"name\":\"Tavolo alto Darwin 70 x 70 cm Bianco design Lucidi-Pevere for Emu\"}]},{\"@type\":\"WebSite\",\"@id\":\"https:\/\/socialdesignmagazine.com\/mag\/products-selection\/#website\",\"url\":\"https:\/\/socialdesignmagazine.com\/mag\/products-selection\/\",\"name\":\"SDM Product Selection\",\"description\":\"Una selezioni di prodotti dei brand pi\u00f9 interessanti per arredare e progettare\",\"publisher\":{\"@id\":\"https:\/\/socialdesignmagazine.com\/mag\/products-selection\/#organization\"},\"potentialAction\":[{\"@type\":\"SearchAction\",\"target\":{\"@type\":\"EntryPoint\",\"urlTemplate\":\"https:\/\/socialdesignmagazine.com\/mag\/products-selection\/?s={search_term_string}\"},\"query-input\":{\"@type\":\"PropertyValueSpecification\",\"valueRequired\":true,\"valueName\":\"search_term_string\"}}],\"inLanguage\":\"it-IT\"},{\"@type\":\"Organization\",\"@id\":\"https:\/\/socialdesignmagazine.com\/mag\/products-selection\/#organization\",\"name\":\"Social Design Magazine\",\"url\":\"https:\/\/socialdesignmagazine.com\/mag\/products-selection\/\",\"logo\":{\"@type\":\"ImageObject\",\"inLanguage\":\"it-IT\",\"@id\":\"https:\/\/socialdesignmagazine.com\/mag\/products-selection\/#\/schema\/logo\/image\/\",\"url\":\"https:\/\/socialdesignmagazine.com\/mag\/products-selection\/wp-content\/uploads\/sites\/2\/2015\/05\/social-design-magazine-logo.png\",\"contentUrl\":\"https:\/\/socialdesignmagazine.com\/mag\/products-selection\/wp-content\/uploads\/sites\/2\/2015\/05\/social-design-magazine-logo.png\",\"width\":251,\"height\":101,\"caption\":\"Social Design Magazine\"},\"image\":{\"@id\":\"https:\/\/socialdesignmagazine.com\/mag\/products-selection\/#\/schema\/logo\/image\/\"},\"sameAs\":[\"https:\/\/www.facebook.com\/socialdesignmag\",\"https:\/\/x.com\/socialdesignmag\",\"http:\/\/instagram.com\/social_design_magazine\/\",\"http:\/\/pinterest.com\/socialdesignmag\/\",\"http:\/\/www.youtube.com\/user\/socialdesignmagazine\"]}]}<\/script>\n<!-- \/ Yoast SEO plugin. -->","yoast_head_json":{"title":"Tavolo alto Darwin 70 x 70 cm Bianco design Lucidi-Pevere for Emu - SDM Product Selection","robots":{"index":"index","follow":"follow","max-snippet":"max-snippet:-1","max-image-preview":"max-image-preview:large","max-video-preview":"max-video-preview:-1"},"canonical":"https:\/\/socialdesignmagazine.com\/mag\/products-selection\/product\/tavolo-alto-darwin-70-x-70-cm-bianco-design-lucidi-pevere-for-emu\/","og_locale":"it_IT","og_type":"article","og_title":"Tavolo alto Darwin 70 x 70 cm Bianco design Lucidi-Pevere for Emu - SDM Product Selection","og_description":"Resistente, leggero e di facile manutenzione, questo tavolo alto pieghevole si pu\u00f2 utilizzare sia all&#8217;interno che all&#8217;esterno. Il piano si chiude in un batter d&#8217;occhio, permettendo cos\u00ec di mettere a","og_url":"https:\/\/socialdesignmagazine.com\/mag\/products-selection\/product\/tavolo-alto-darwin-70-x-70-cm-bianco-design-lucidi-pevere-for-emu\/","og_site_name":"SDM Product Selection","article_publisher":"https:\/\/www.facebook.com\/socialdesignmag","article_modified_time":"2023-05-20T20:46:22+00:00","og_image":[{"width":304,"height":400,"url":"https:\/\/socialdesignmagazine.com\/mag\/products-selection\/wp-content\/uploads\/sites\/2\/2023\/05\/Tavolo-alto-Darwin-70-x-70-cm-Bianco-Emu-Lucidi-Pevere.jpg","type":"image\/jpeg"}],"twitter_card":"summary_large_image","twitter_site":"@socialdesignmag","schema":{"@context":"https:\/\/schema.org","@graph":[{"@type":"WebPage","@id":"https:\/\/socialdesignmagazine.com\/mag\/products-selection\/product\/tavolo-alto-darwin-70-x-70-cm-bianco-design-lucidi-pevere-for-emu\/","url":"https:\/\/socialdesignmagazine.com\/mag\/products-selection\/product\/tavolo-alto-darwin-70-x-70-cm-bianco-design-lucidi-pevere-for-emu\/","name":"Tavolo alto Darwin 70 x 70 cm Bianco design Lucidi-Pevere for Emu - SDM Product Selection","isPartOf":{"@id":"https:\/\/socialdesignmagazine.com\/mag\/products-selection\/#website"},"primaryImageOfPage":{"@id":"https:\/\/socialdesignmagazine.com\/mag\/products-selection\/product\/tavolo-alto-darwin-70-x-70-cm-bianco-design-lucidi-pevere-for-emu\/#primaryimage"},"image":{"@id":"https:\/\/socialdesignmagazine.com\/mag\/products-selection\/product\/tavolo-alto-darwin-70-x-70-cm-bianco-design-lucidi-pevere-for-emu\/#primaryimage"},"thumbnailUrl":"https:\/\/socialdesignmagazine.com\/mag\/products-selection\/wp-content\/uploads\/sites\/2\/2023\/05\/Tavolo-alto-Darwin-70-x-70-cm-Bianco-Emu-Lucidi-Pevere.jpg","datePublished":"2023-05-20T20:42:13+00:00","dateModified":"2023-05-20T20:46:22+00:00","breadcrumb":{"@id":"https:\/\/socialdesignmagazine.com\/mag\/products-selection\/product\/tavolo-alto-darwin-70-x-70-cm-bianco-design-lucidi-pevere-for-emu\/#breadcrumb"},"inLanguage":"it-IT","potentialAction":[{"@type":"ReadAction","target":["https:\/\/socialdesignmagazine.com\/mag\/products-selection\/product\/tavolo-alto-darwin-70-x-70-cm-bianco-design-lucidi-pevere-for-emu\/"]}]},{"@type":"ImageObject","inLanguage":"it-IT","@id":"https:\/\/socialdesignmagazine.com\/mag\/products-selection\/product\/tavolo-alto-darwin-70-x-70-cm-bianco-design-lucidi-pevere-for-emu\/#primaryimage","url":"https:\/\/socialdesignmagazine.com\/mag\/products-selection\/wp-content\/uploads\/sites\/2\/2023\/05\/Tavolo-alto-Darwin-70-x-70-cm-Bianco-Emu-Lucidi-Pevere.jpg","contentUrl":"https:\/\/socialdesignmagazine.com\/mag\/products-selection\/wp-content\/uploads\/sites\/2\/2023\/05\/Tavolo-alto-Darwin-70-x-70-cm-Bianco-Emu-Lucidi-Pevere.jpg","width":304,"height":400,"caption":"Tavolo alto Darwin 70 x 70 cm Bianco Emu Lucidi-Pevere 1"},{"@type":"BreadcrumbList","@id":"https:\/\/socialdesignmagazine.com\/mag\/products-selection\/product\/tavolo-alto-darwin-70-x-70-cm-bianco-design-lucidi-pevere-for-emu\/#breadcrumb","itemListElement":[{"@type":"ListItem","position":1,"name":"Home","item":"https:\/\/socialdesignmagazine.com\/mag\/products-selection\/"},{"@type":"ListItem","position":2,"name":"Tutti i prodotti","item":"https:\/\/socialdesignmagazine.com\/mag\/products-selection\/tutti-i-prodotti\/"},{"@type":"ListItem","position":3,"name":"Tavolo alto Darwin 70 x 70 cm Bianco design Lucidi-Pevere for Emu"}]},{"@type":"WebSite","@id":"https:\/\/socialdesignmagazine.com\/mag\/products-selection\/#website","url":"https:\/\/socialdesignmagazine.com\/mag\/products-selection\/","name":"SDM Product Selection","description":"Una selezioni di prodotti dei brand pi\u00f9 interessanti per arredare e progettare","publisher":{"@id":"https:\/\/socialdesignmagazine.com\/mag\/products-selection\/#organization"},"potentialAction":[{"@type":"SearchAction","target":{"@type":"EntryPoint","urlTemplate":"https:\/\/socialdesignmagazine.com\/mag\/products-selection\/?s={search_term_string}"},"query-input":{"@type":"PropertyValueSpecification","valueRequired":true,"valueName":"search_term_string"}}],"inLanguage":"it-IT"},{"@type":"Organization","@id":"https:\/\/socialdesignmagazine.com\/mag\/products-selection\/#organization","name":"Social Design Magazine","url":"https:\/\/socialdesignmagazine.com\/mag\/products-selection\/","logo":{"@type":"ImageObject","inLanguage":"it-IT","@id":"https:\/\/socialdesignmagazine.com\/mag\/products-selection\/#\/schema\/logo\/image\/","url":"https:\/\/socialdesignmagazine.com\/mag\/products-selection\/wp-content\/uploads\/sites\/2\/2015\/05\/social-design-magazine-logo.png","contentUrl":"https:\/\/socialdesignmagazine.com\/mag\/products-selection\/wp-content\/uploads\/sites\/2\/2015\/05\/social-design-magazine-logo.png","width":251,"height":101,"caption":"Social Design Magazine"},"image":{"@id":"https:\/\/socialdesignmagazine.com\/mag\/products-selection\/#\/schema\/logo\/image\/"},"sameAs":["https:\/\/www.facebook.com\/socialdesignmag","https:\/\/x.com\/socialdesignmag","http:\/\/instagram.com\/social_design_magazine\/","http:\/\/pinterest.com\/socialdesignmag\/","http:\/\/www.youtube.com\/user\/socialdesignmagazine"]}]}},"jetpack_publicize_connections":[],"jetpack_sharing_enabled":true,"brands":[{"id":1236,"name":"Emu","slug":"emu"}],"_links":{"self":[{"href":"https:\/\/socialdesignmagazine.com\/mag\/products-selection\/wp-json\/wp\/v2\/product\/142337","targetHints":{"allow":["GET"]}}],"collection":[{"href":"https:\/\/socialdesignmagazine.com\/mag\/products-selection\/wp-json\/wp\/v2\/product"}],"about":[{"href":"https:\/\/socialdesignmagazine.com\/mag\/products-selection\/wp-json\/wp\/v2\/types\/product"}],"wp:featuredmedia":[{"embeddable":true,"href":"https:\/\/socialdesignmagazine.com\/mag\/products-selection\/wp-json\/wp\/v2\/media\/142338"}],"wp:attachment":[{"href":"https:\/\/socialdesignmagazine.com\/mag\/products-selection\/wp-json\/wp\/v2\/media?parent=142337"}],"wp:term":[{"taxonomy":"pwb-brand","embeddable":true,"href":"https:\/\/socialdesignmagazine.com\/mag\/products-selection\/wp-json\/wp\/v2\/pwb-brand?post=142337"},{"taxonomy":"product_brand","embeddable":true,"href":"https:\/\/socialdesignmagazine.com\/mag\/products-selection\/wp-json\/wp\/v2\/product_brand?post=142337"},{"taxonomy":"product_cat","embeddable":true,"href":"https:\/\/socialdesignmagazine.com\/mag\/products-selection\/wp-json\/wp\/v2\/product_cat?post=142337"},{"taxonomy":"product_tag","embeddable":true,"href":"https:\/\/socialdesignmagazine.com\/mag\/products-selection\/wp-json\/wp\/v2\/product_tag?post=142337"}],"curies":[{"name":"wp","href":"https:\/\/api.w.org\/{rel}","templated":true}]}}