{"id":46084,"date":"2016-12-30T01:50:45","date_gmt":"2016-12-30T00:50:45","guid":{"rendered":"https:\/\/socialdesignmagazine.com\/mag\/products-selection\/?post_type=product&#038;p=46084"},"modified":"2021-08-02T18:04:12","modified_gmt":"2021-08-02T16:04:12","slug":"pouf-sushi-blu-design-edward-van-vliet-for-moroso","status":"publish","type":"product","link":"https:\/\/socialdesignmagazine.com\/mag\/products-selection\/product\/pouf-sushi-blu-design-edward-van-vliet-for-moroso\/","title":{"rendered":"Pouf Sushi Blu design Edward Van Vliet for Moroso"},"content":{"rendered":"<p>Il designer olandese Edward Van Vliet ha cominciato la sua carriera come designer tessile. La sua collezione di sedute Sushi&#8221; \u00e8 un incredibile patchwork di tessuti e ricami, di colori cangianti, di materiali e di motivi. Sushi mescola le influenze e le culture: i ricami rimandano ad atmosfere giapponesi o marocchine, r\u00e9tro o contemporanee&#8230; Un&#8217;iconografia ibrida e poetica in cui si incrociano l&#8217;Oriente e l&#8217;Occidente: un vero invito al viaggio! Con il suo stile ibrido, il mix di esotismo, di romanticismo deliziosamente desueto e di modernit\u00e0, la collezione Sushi \u00e8 immutabile, come fuori dal tempo.  Meravigliosamente affascinante, questo pouf \u00e8 costituito da un patchwork di tessuti dai colori e dai motivi vari. Evoca i cuscini da pavimento dei salotti marocchini. La struttura interna in legno \u00e8 rivestita da schiuma poliuretanica e da ovatta sintetica, con al centro un cuscino da seduta morbido, riempito di schiuma di poliuretano e di piume d&#8217;oca. Ci piace il suo diametro sovradimensionato (\u00d8 94 cm) che permette di sedersi in diversi o di assumere tutte le posizioni: seduta, allungata&#8230; Made in Design vi propone il pouf Donut \u00d8 94 cm nella tinta blu. \u00c8 disponibile anche in altri colori: consultateci per maggiori informazioni.&#8221; Non sfoderabile<\/p>\n","protected":false},"excerpt":{"rendered":"<p>Il designer olandese Edward Van Vliet ha cominciato la sua carriera come designer tessile. La sua collezione di sedute Sushi&#8221; \u00e8 un incredibile patchwork di tessuti e ricami, di colori<\/p>\n","protected":false},"featured_media":137142,"template":"","meta":{"_acf_changed":false,"jetpack_post_was_ever_published":false,"jetpack_publicize_message":"","jetpack_publicize_feature_enabled":true,"jetpack_social_post_already_shared":false,"jetpack_social_options":{"image_generator_settings":{"template":"highway","default_image_id":0,"font":"","enabled":false},"version":2}},"pwb-brand":[1233],"product_brand":[802],"product_cat":[337,607,1066,786,533],"product_tag":[790],"class_list":{"0":"post-46084","1":"product","2":"type-product","3":"status-publish","4":"has-post-thumbnail","6":"pwb-brand-moroso","7":"product_brand-moroso","8":"product_cat-arredamento","9":"product_cat-designers","10":"product_cat-edward-van-vliet","11":"product_cat-pouf","12":"product_cat-sedute","13":"product_tag-pouf","14":"pa_altezza-450-mm","15":"pa_colore-blu","16":"pa_designer-edward-van-vliet","17":"pa_downloads-2d","18":"pa_downloads-3d","19":"pa_downloads-pdf","20":"pa_larghezza-940-mm","21":"pa_materiale-tessuto","22":"pa_produttore-moroso","23":"pa_profondita-940-mm","24":"pa_serie-sushi","25":"pa_tipo-di-prodotto-pouf","27":"first","28":"instock","29":"product-type-external"},"acf":[],"yoast_head":"<!-- This site is optimized with the Yoast SEO plugin v27.2 - https:\/\/yoast.com\/product\/yoast-seo-wordpress\/ -->\n<title>Pouf Sushi Blu design Edward Van Vliet for Moroso - SDM Product Selection<\/title>\n<meta name=\"robots\" content=\"index, follow, max-snippet:-1, max-image-preview:large, max-video-preview:-1\" \/>\n<link rel=\"canonical\" href=\"https:\/\/socialdesignmagazine.com\/mag\/products-selection\/product\/pouf-sushi-blu-design-edward-van-vliet-for-moroso\/\" \/>\n<meta property=\"og:locale\" content=\"it_IT\" \/>\n<meta property=\"og:type\" content=\"article\" \/>\n<meta property=\"og:title\" content=\"Pouf Sushi Blu design Edward Van Vliet for Moroso - SDM Product Selection\" \/>\n<meta property=\"og:description\" content=\"Il designer olandese Edward Van Vliet ha cominciato la sua carriera come designer tessile. La sua collezione di sedute Sushi&#8221; \u00e8 un incredibile patchwork di tessuti e ricami, di colori\" \/>\n<meta property=\"og:url\" content=\"https:\/\/socialdesignmagazine.com\/mag\/products-selection\/product\/pouf-sushi-blu-design-edward-van-vliet-for-moroso\/\" \/>\n<meta property=\"og:site_name\" content=\"SDM Product Selection\" \/>\n<meta property=\"article:publisher\" content=\"https:\/\/www.facebook.com\/socialdesignmag\" \/>\n<meta property=\"article:modified_time\" content=\"2021-08-02T16:04:12+00:00\" \/>\n<meta property=\"og:image\" content=\"https:\/\/socialdesignmagazine.com\/mag\/products-selection\/wp-content\/uploads\/sites\/2\/2020\/12\/Pouf-Sushi-Blu-Moroso-Edward-Van-Vliet.jpg\" \/>\n\t<meta property=\"og:image:width\" content=\"400\" \/>\n\t<meta property=\"og:image:height\" content=\"314\" \/>\n\t<meta property=\"og:image:type\" content=\"image\/jpeg\" \/>\n<meta name=\"twitter:card\" content=\"summary_large_image\" \/>\n<meta name=\"twitter:site\" content=\"@socialdesignmag\" \/>\n<meta name=\"twitter:label1\" content=\"Tempo di lettura stimato\" \/>\n\t<meta name=\"twitter:data1\" content=\"1 minuto\" \/>\n<script type=\"application\/ld+json\" class=\"yoast-schema-graph\">{\"@context\":\"https:\/\/schema.org\",\"@graph\":[{\"@type\":\"WebPage\",\"@id\":\"https:\/\/socialdesignmagazine.com\/mag\/products-selection\/product\/pouf-sushi-blu-design-edward-van-vliet-for-moroso\/\",\"url\":\"https:\/\/socialdesignmagazine.com\/mag\/products-selection\/product\/pouf-sushi-blu-design-edward-van-vliet-for-moroso\/\",\"name\":\"Pouf Sushi Blu design Edward Van Vliet for Moroso - SDM Product Selection\",\"isPartOf\":{\"@id\":\"https:\/\/socialdesignmagazine.com\/mag\/products-selection\/#website\"},\"primaryImageOfPage\":{\"@id\":\"https:\/\/socialdesignmagazine.com\/mag\/products-selection\/product\/pouf-sushi-blu-design-edward-van-vliet-for-moroso\/#primaryimage\"},\"image\":{\"@id\":\"https:\/\/socialdesignmagazine.com\/mag\/products-selection\/product\/pouf-sushi-blu-design-edward-van-vliet-for-moroso\/#primaryimage\"},\"thumbnailUrl\":\"https:\/\/socialdesignmagazine.com\/mag\/products-selection\/wp-content\/uploads\/sites\/2\/2020\/12\/Pouf-Sushi-Blu-Moroso-Edward-Van-Vliet.jpg\",\"datePublished\":\"2016-12-30T00:50:45+00:00\",\"dateModified\":\"2021-08-02T16:04:12+00:00\",\"breadcrumb\":{\"@id\":\"https:\/\/socialdesignmagazine.com\/mag\/products-selection\/product\/pouf-sushi-blu-design-edward-van-vliet-for-moroso\/#breadcrumb\"},\"inLanguage\":\"it-IT\",\"potentialAction\":[{\"@type\":\"ReadAction\",\"target\":[\"https:\/\/socialdesignmagazine.com\/mag\/products-selection\/product\/pouf-sushi-blu-design-edward-van-vliet-for-moroso\/\"]}]},{\"@type\":\"ImageObject\",\"inLanguage\":\"it-IT\",\"@id\":\"https:\/\/socialdesignmagazine.com\/mag\/products-selection\/product\/pouf-sushi-blu-design-edward-van-vliet-for-moroso\/#primaryimage\",\"url\":\"https:\/\/socialdesignmagazine.com\/mag\/products-selection\/wp-content\/uploads\/sites\/2\/2020\/12\/Pouf-Sushi-Blu-Moroso-Edward-Van-Vliet.jpg\",\"contentUrl\":\"https:\/\/socialdesignmagazine.com\/mag\/products-selection\/wp-content\/uploads\/sites\/2\/2020\/12\/Pouf-Sushi-Blu-Moroso-Edward-Van-Vliet.jpg\",\"width\":400,\"height\":314,\"caption\":\"Pouf Sushi Blu Moroso Edward Van Vliet 1\"},{\"@type\":\"BreadcrumbList\",\"@id\":\"https:\/\/socialdesignmagazine.com\/mag\/products-selection\/product\/pouf-sushi-blu-design-edward-van-vliet-for-moroso\/#breadcrumb\",\"itemListElement\":[{\"@type\":\"ListItem\",\"position\":1,\"name\":\"Home\",\"item\":\"https:\/\/socialdesignmagazine.com\/mag\/products-selection\/\"},{\"@type\":\"ListItem\",\"position\":2,\"name\":\"Tutti i prodotti\",\"item\":\"https:\/\/socialdesignmagazine.com\/mag\/products-selection\/tutti-i-prodotti\/\"},{\"@type\":\"ListItem\",\"position\":3,\"name\":\"Pouf Sushi Blu design Edward Van Vliet for Moroso\"}]},{\"@type\":\"WebSite\",\"@id\":\"https:\/\/socialdesignmagazine.com\/mag\/products-selection\/#website\",\"url\":\"https:\/\/socialdesignmagazine.com\/mag\/products-selection\/\",\"name\":\"SDM Product Selection\",\"description\":\"Una selezioni di prodotti dei brand pi\u00f9 interessanti per arredare e progettare\",\"publisher\":{\"@id\":\"https:\/\/socialdesignmagazine.com\/mag\/products-selection\/#organization\"},\"potentialAction\":[{\"@type\":\"SearchAction\",\"target\":{\"@type\":\"EntryPoint\",\"urlTemplate\":\"https:\/\/socialdesignmagazine.com\/mag\/products-selection\/?s={search_term_string}\"},\"query-input\":{\"@type\":\"PropertyValueSpecification\",\"valueRequired\":true,\"valueName\":\"search_term_string\"}}],\"inLanguage\":\"it-IT\"},{\"@type\":\"Organization\",\"@id\":\"https:\/\/socialdesignmagazine.com\/mag\/products-selection\/#organization\",\"name\":\"Social Design Magazine\",\"url\":\"https:\/\/socialdesignmagazine.com\/mag\/products-selection\/\",\"logo\":{\"@type\":\"ImageObject\",\"inLanguage\":\"it-IT\",\"@id\":\"https:\/\/socialdesignmagazine.com\/mag\/products-selection\/#\/schema\/logo\/image\/\",\"url\":\"https:\/\/socialdesignmagazine.com\/mag\/products-selection\/wp-content\/uploads\/sites\/2\/2015\/05\/social-design-magazine-logo.png\",\"contentUrl\":\"https:\/\/socialdesignmagazine.com\/mag\/products-selection\/wp-content\/uploads\/sites\/2\/2015\/05\/social-design-magazine-logo.png\",\"width\":251,\"height\":101,\"caption\":\"Social Design Magazine\"},\"image\":{\"@id\":\"https:\/\/socialdesignmagazine.com\/mag\/products-selection\/#\/schema\/logo\/image\/\"},\"sameAs\":[\"https:\/\/www.facebook.com\/socialdesignmag\",\"https:\/\/x.com\/socialdesignmag\",\"http:\/\/instagram.com\/social_design_magazine\/\",\"http:\/\/pinterest.com\/socialdesignmag\/\",\"http:\/\/www.youtube.com\/user\/socialdesignmagazine\"]}]}<\/script>\n<!-- \/ Yoast SEO plugin. -->","yoast_head_json":{"title":"Pouf Sushi Blu design Edward Van Vliet for Moroso - SDM Product Selection","robots":{"index":"index","follow":"follow","max-snippet":"max-snippet:-1","max-image-preview":"max-image-preview:large","max-video-preview":"max-video-preview:-1"},"canonical":"https:\/\/socialdesignmagazine.com\/mag\/products-selection\/product\/pouf-sushi-blu-design-edward-van-vliet-for-moroso\/","og_locale":"it_IT","og_type":"article","og_title":"Pouf Sushi Blu design Edward Van Vliet for Moroso - SDM Product Selection","og_description":"Il designer olandese Edward Van Vliet ha cominciato la sua carriera come designer tessile. La sua collezione di sedute Sushi&#8221; \u00e8 un incredibile patchwork di tessuti e ricami, di colori","og_url":"https:\/\/socialdesignmagazine.com\/mag\/products-selection\/product\/pouf-sushi-blu-design-edward-van-vliet-for-moroso\/","og_site_name":"SDM Product Selection","article_publisher":"https:\/\/www.facebook.com\/socialdesignmag","article_modified_time":"2021-08-02T16:04:12+00:00","og_image":[{"width":400,"height":314,"url":"https:\/\/socialdesignmagazine.com\/mag\/products-selection\/wp-content\/uploads\/sites\/2\/2020\/12\/Pouf-Sushi-Blu-Moroso-Edward-Van-Vliet.jpg","type":"image\/jpeg"}],"twitter_card":"summary_large_image","twitter_site":"@socialdesignmag","twitter_misc":{"Tempo di lettura stimato":"1 minuto"},"schema":{"@context":"https:\/\/schema.org","@graph":[{"@type":"WebPage","@id":"https:\/\/socialdesignmagazine.com\/mag\/products-selection\/product\/pouf-sushi-blu-design-edward-van-vliet-for-moroso\/","url":"https:\/\/socialdesignmagazine.com\/mag\/products-selection\/product\/pouf-sushi-blu-design-edward-van-vliet-for-moroso\/","name":"Pouf Sushi Blu design Edward Van Vliet for Moroso - SDM Product Selection","isPartOf":{"@id":"https:\/\/socialdesignmagazine.com\/mag\/products-selection\/#website"},"primaryImageOfPage":{"@id":"https:\/\/socialdesignmagazine.com\/mag\/products-selection\/product\/pouf-sushi-blu-design-edward-van-vliet-for-moroso\/#primaryimage"},"image":{"@id":"https:\/\/socialdesignmagazine.com\/mag\/products-selection\/product\/pouf-sushi-blu-design-edward-van-vliet-for-moroso\/#primaryimage"},"thumbnailUrl":"https:\/\/socialdesignmagazine.com\/mag\/products-selection\/wp-content\/uploads\/sites\/2\/2020\/12\/Pouf-Sushi-Blu-Moroso-Edward-Van-Vliet.jpg","datePublished":"2016-12-30T00:50:45+00:00","dateModified":"2021-08-02T16:04:12+00:00","breadcrumb":{"@id":"https:\/\/socialdesignmagazine.com\/mag\/products-selection\/product\/pouf-sushi-blu-design-edward-van-vliet-for-moroso\/#breadcrumb"},"inLanguage":"it-IT","potentialAction":[{"@type":"ReadAction","target":["https:\/\/socialdesignmagazine.com\/mag\/products-selection\/product\/pouf-sushi-blu-design-edward-van-vliet-for-moroso\/"]}]},{"@type":"ImageObject","inLanguage":"it-IT","@id":"https:\/\/socialdesignmagazine.com\/mag\/products-selection\/product\/pouf-sushi-blu-design-edward-van-vliet-for-moroso\/#primaryimage","url":"https:\/\/socialdesignmagazine.com\/mag\/products-selection\/wp-content\/uploads\/sites\/2\/2020\/12\/Pouf-Sushi-Blu-Moroso-Edward-Van-Vliet.jpg","contentUrl":"https:\/\/socialdesignmagazine.com\/mag\/products-selection\/wp-content\/uploads\/sites\/2\/2020\/12\/Pouf-Sushi-Blu-Moroso-Edward-Van-Vliet.jpg","width":400,"height":314,"caption":"Pouf Sushi Blu Moroso Edward Van Vliet 1"},{"@type":"BreadcrumbList","@id":"https:\/\/socialdesignmagazine.com\/mag\/products-selection\/product\/pouf-sushi-blu-design-edward-van-vliet-for-moroso\/#breadcrumb","itemListElement":[{"@type":"ListItem","position":1,"name":"Home","item":"https:\/\/socialdesignmagazine.com\/mag\/products-selection\/"},{"@type":"ListItem","position":2,"name":"Tutti i prodotti","item":"https:\/\/socialdesignmagazine.com\/mag\/products-selection\/tutti-i-prodotti\/"},{"@type":"ListItem","position":3,"name":"Pouf Sushi Blu design Edward Van Vliet for Moroso"}]},{"@type":"WebSite","@id":"https:\/\/socialdesignmagazine.com\/mag\/products-selection\/#website","url":"https:\/\/socialdesignmagazine.com\/mag\/products-selection\/","name":"SDM Product Selection","description":"Una selezioni di prodotti dei brand pi\u00f9 interessanti per arredare e progettare","publisher":{"@id":"https:\/\/socialdesignmagazine.com\/mag\/products-selection\/#organization"},"potentialAction":[{"@type":"SearchAction","target":{"@type":"EntryPoint","urlTemplate":"https:\/\/socialdesignmagazine.com\/mag\/products-selection\/?s={search_term_string}"},"query-input":{"@type":"PropertyValueSpecification","valueRequired":true,"valueName":"search_term_string"}}],"inLanguage":"it-IT"},{"@type":"Organization","@id":"https:\/\/socialdesignmagazine.com\/mag\/products-selection\/#organization","name":"Social Design Magazine","url":"https:\/\/socialdesignmagazine.com\/mag\/products-selection\/","logo":{"@type":"ImageObject","inLanguage":"it-IT","@id":"https:\/\/socialdesignmagazine.com\/mag\/products-selection\/#\/schema\/logo\/image\/","url":"https:\/\/socialdesignmagazine.com\/mag\/products-selection\/wp-content\/uploads\/sites\/2\/2015\/05\/social-design-magazine-logo.png","contentUrl":"https:\/\/socialdesignmagazine.com\/mag\/products-selection\/wp-content\/uploads\/sites\/2\/2015\/05\/social-design-magazine-logo.png","width":251,"height":101,"caption":"Social Design Magazine"},"image":{"@id":"https:\/\/socialdesignmagazine.com\/mag\/products-selection\/#\/schema\/logo\/image\/"},"sameAs":["https:\/\/www.facebook.com\/socialdesignmag","https:\/\/x.com\/socialdesignmag","http:\/\/instagram.com\/social_design_magazine\/","http:\/\/pinterest.com\/socialdesignmag\/","http:\/\/www.youtube.com\/user\/socialdesignmagazine"]}]}},"jetpack_publicize_connections":[],"jetpack_sharing_enabled":true,"brands":[{"id":1233,"name":"Moroso","slug":"moroso"}],"_links":{"self":[{"href":"https:\/\/socialdesignmagazine.com\/mag\/products-selection\/wp-json\/wp\/v2\/product\/46084","targetHints":{"allow":["GET"]}}],"collection":[{"href":"https:\/\/socialdesignmagazine.com\/mag\/products-selection\/wp-json\/wp\/v2\/product"}],"about":[{"href":"https:\/\/socialdesignmagazine.com\/mag\/products-selection\/wp-json\/wp\/v2\/types\/product"}],"wp:featuredmedia":[{"embeddable":true,"href":"https:\/\/socialdesignmagazine.com\/mag\/products-selection\/wp-json\/wp\/v2\/media\/137142"}],"wp:attachment":[{"href":"https:\/\/socialdesignmagazine.com\/mag\/products-selection\/wp-json\/wp\/v2\/media?parent=46084"}],"wp:term":[{"taxonomy":"pwb-brand","embeddable":true,"href":"https:\/\/socialdesignmagazine.com\/mag\/products-selection\/wp-json\/wp\/v2\/pwb-brand?post=46084"},{"taxonomy":"product_brand","embeddable":true,"href":"https:\/\/socialdesignmagazine.com\/mag\/products-selection\/wp-json\/wp\/v2\/product_brand?post=46084"},{"taxonomy":"product_cat","embeddable":true,"href":"https:\/\/socialdesignmagazine.com\/mag\/products-selection\/wp-json\/wp\/v2\/product_cat?post=46084"},{"taxonomy":"product_tag","embeddable":true,"href":"https:\/\/socialdesignmagazine.com\/mag\/products-selection\/wp-json\/wp\/v2\/product_tag?post=46084"}],"curies":[{"name":"wp","href":"https:\/\/api.w.org\/{rel}","templated":true}]}}