{"id":66526,"date":"2018-09-13T01:22:37","date_gmt":"2018-09-12T23:22:37","guid":{"rendered":"https:\/\/socialdesignmagazine.com\/mag\/products-selection\/?post_type=product&#038;p=66526"},"modified":"2023-05-20T22:44:17","modified_gmt":"2023-05-20T20:44:17","slug":"cuscino-per-poltrona-e-pouf-re-trouve-bianco-design-patricia-urquiola-for-emu","status":"publish","type":"product","link":"https:\/\/socialdesignmagazine.com\/mag\/products-selection\/product\/cuscino-per-poltrona-e-pouf-re-trouve-bianco-design-patricia-urquiola-for-emu\/","title":{"rendered":"Cuscino Per poltrona e pouf Re-trouv\u00e9 Bianco design Patricia Urquiola for Emu"},"content":{"rendered":"<p>Questo cuscino per seduta \u00e8 perfetto per le due poltrone della collezione &#8220;Re-Trouv\u00e9&#8221; (modello piccolo e grande) e anche per il pouf &#8220;Re-Trouv\u00e9&#8221;. L&#8217;imbottitura garantisce un comfort ideale. Il rivestimento in tessuto resiste alla pioggia ed \u00e8 antimacchia, quindi potete usare il cuscino senza problemi anche all&#8217;esterno. \u00c8 disponibile in tessuto bianco e in tessuto a pois dal gusto deliziosamente retr\u00f2 (arancione, giallo o turchese). Abbiamo anche un cuscino grande perfetto per le poltrone &#8220;Re-Trouv\u00e9&#8221; che ricopre la seduta e lo schienale. Da interno e da esterno &#8211; Questo cuscino da seduta \u00e8 adatto alle due poltrone Re-Trouv\u00e9 (modello grande e piccolo) e al pouf Re-Trouv\u00e9 &#8211; Attenzione: il prezzo corrisponde a quello del solo cuscino, le poltrone e i pouf sono venduti separatamente &#8211; Adatto ad un uso esterno: anti-macchia e antimuffa<\/p>\n","protected":false},"excerpt":{"rendered":"<p>Questo cuscino per seduta \u00e8 perfetto per le due poltrone della collezione &#8220;Re-Trouv\u00e9&#8221; (modello piccolo e grande) e anche per il pouf &#8220;Re-Trouv\u00e9&#8221;. L&#8217;imbottitura garantisce un comfort ideale. Il rivestimento<\/p>\n","protected":false},"featured_media":112635,"template":"","meta":{"_acf_changed":false,"jetpack_post_was_ever_published":false,"jetpack_publicize_message":"","jetpack_publicize_feature_enabled":true,"jetpack_social_post_already_shared":false,"jetpack_social_options":{"image_generator_settings":{"template":"highway","default_image_id":0,"font":"","enabled":false},"version":2}},"pwb-brand":[1236],"product_brand":[],"product_cat":[662,345,684,304,607,492,678],"product_tag":[180,531],"class_list":{"0":"post-66526","1":"product","2":"type-product","3":"status-publish","4":"has-post-thumbnail","6":"pwb-brand-emu","7":"product_cat-complementi-outdoor","8":"product_cat-cuscino-decor","9":"product_cat-cuscino","10":"product_cat-decor","11":"product_cat-designers","12":"product_cat-outdoor","13":"product_cat-patricia-urquiola","14":"product_tag-cuscino","15":"product_tag-outdoor","16":"pa_colore-bianco","17":"pa_designer-patricia-urquiola","18":"pa_materiale-tessuto","19":"pa_produttore-emu","20":"pa_serie-re-trouve","22":"first","23":"instock","24":"product-type-external"},"acf":[],"yoast_head":"<!-- This site is optimized with the Yoast SEO plugin v27.2 - https:\/\/yoast.com\/product\/yoast-seo-wordpress\/ -->\n<title>Cuscino Per poltrona e pouf Re-trouv\u00e9 Bianco design Patricia Urquiola for Emu - SDM Product Selection<\/title>\n<meta name=\"robots\" content=\"index, follow, max-snippet:-1, max-image-preview:large, max-video-preview:-1\" \/>\n<link rel=\"canonical\" href=\"https:\/\/socialdesignmagazine.com\/mag\/products-selection\/product\/cuscino-per-poltrona-e-pouf-re-trouve-bianco-design-patricia-urquiola-for-emu\/\" \/>\n<meta property=\"og:locale\" content=\"it_IT\" \/>\n<meta property=\"og:type\" content=\"article\" \/>\n<meta property=\"og:title\" content=\"Cuscino Per poltrona e pouf Re-trouv\u00e9 Bianco design Patricia Urquiola for Emu - SDM Product Selection\" \/>\n<meta property=\"og:description\" content=\"Questo cuscino per seduta \u00e8 perfetto per le due poltrone della collezione &#8220;Re-Trouv\u00e9&#8221; (modello piccolo e grande) e anche per il pouf &#8220;Re-Trouv\u00e9&#8221;. L&#8217;imbottitura garantisce un comfort ideale. Il rivestimento\" \/>\n<meta property=\"og:url\" content=\"https:\/\/socialdesignmagazine.com\/mag\/products-selection\/product\/cuscino-per-poltrona-e-pouf-re-trouve-bianco-design-patricia-urquiola-for-emu\/\" \/>\n<meta property=\"og:site_name\" content=\"SDM Product Selection\" \/>\n<meta property=\"article:publisher\" content=\"https:\/\/www.facebook.com\/socialdesignmag\" \/>\n<meta property=\"article:modified_time\" content=\"2023-05-20T20:44:17+00:00\" \/>\n<meta property=\"og:image\" content=\"https:\/\/socialdesignmagazine.com\/mag\/products-selection\/wp-content\/uploads\/sites\/2\/2020\/08\/Cuscino-Per-poltrona-e-pouf-Re-trouv\u00e9-Bianco-Emu-Patricia-Urquiola.jpg\" \/>\n\t<meta property=\"og:image:width\" content=\"305\" \/>\n\t<meta property=\"og:image:height\" content=\"400\" \/>\n\t<meta property=\"og:image:type\" content=\"image\/jpeg\" \/>\n<meta name=\"twitter:card\" content=\"summary_large_image\" \/>\n<meta name=\"twitter:site\" content=\"@socialdesignmag\" \/>\n<meta name=\"twitter:label1\" content=\"Tempo di lettura stimato\" \/>\n\t<meta name=\"twitter:data1\" content=\"1 minuto\" \/>\n<script type=\"application\/ld+json\" class=\"yoast-schema-graph\">{\"@context\":\"https:\/\/schema.org\",\"@graph\":[{\"@type\":\"WebPage\",\"@id\":\"https:\/\/socialdesignmagazine.com\/mag\/products-selection\/product\/cuscino-per-poltrona-e-pouf-re-trouve-bianco-design-patricia-urquiola-for-emu\/\",\"url\":\"https:\/\/socialdesignmagazine.com\/mag\/products-selection\/product\/cuscino-per-poltrona-e-pouf-re-trouve-bianco-design-patricia-urquiola-for-emu\/\",\"name\":\"Cuscino Per poltrona e pouf Re-trouv\u00e9 Bianco design Patricia Urquiola for Emu - SDM Product Selection\",\"isPartOf\":{\"@id\":\"https:\/\/socialdesignmagazine.com\/mag\/products-selection\/#website\"},\"primaryImageOfPage\":{\"@id\":\"https:\/\/socialdesignmagazine.com\/mag\/products-selection\/product\/cuscino-per-poltrona-e-pouf-re-trouve-bianco-design-patricia-urquiola-for-emu\/#primaryimage\"},\"image\":{\"@id\":\"https:\/\/socialdesignmagazine.com\/mag\/products-selection\/product\/cuscino-per-poltrona-e-pouf-re-trouve-bianco-design-patricia-urquiola-for-emu\/#primaryimage\"},\"thumbnailUrl\":\"https:\/\/socialdesignmagazine.com\/mag\/products-selection\/wp-content\/uploads\/sites\/2\/2020\/08\/Cuscino-Per-poltrona-e-pouf-Re-trouv\u00e9-Bianco-Emu-Patricia-Urquiola.jpg\",\"datePublished\":\"2018-09-12T23:22:37+00:00\",\"dateModified\":\"2023-05-20T20:44:17+00:00\",\"breadcrumb\":{\"@id\":\"https:\/\/socialdesignmagazine.com\/mag\/products-selection\/product\/cuscino-per-poltrona-e-pouf-re-trouve-bianco-design-patricia-urquiola-for-emu\/#breadcrumb\"},\"inLanguage\":\"it-IT\",\"potentialAction\":[{\"@type\":\"ReadAction\",\"target\":[\"https:\/\/socialdesignmagazine.com\/mag\/products-selection\/product\/cuscino-per-poltrona-e-pouf-re-trouve-bianco-design-patricia-urquiola-for-emu\/\"]}]},{\"@type\":\"ImageObject\",\"inLanguage\":\"it-IT\",\"@id\":\"https:\/\/socialdesignmagazine.com\/mag\/products-selection\/product\/cuscino-per-poltrona-e-pouf-re-trouve-bianco-design-patricia-urquiola-for-emu\/#primaryimage\",\"url\":\"https:\/\/socialdesignmagazine.com\/mag\/products-selection\/wp-content\/uploads\/sites\/2\/2020\/08\/Cuscino-Per-poltrona-e-pouf-Re-trouv\u00e9-Bianco-Emu-Patricia-Urquiola.jpg\",\"contentUrl\":\"https:\/\/socialdesignmagazine.com\/mag\/products-selection\/wp-content\/uploads\/sites\/2\/2020\/08\/Cuscino-Per-poltrona-e-pouf-Re-trouv\u00e9-Bianco-Emu-Patricia-Urquiola.jpg\",\"width\":305,\"height\":400,\"caption\":\"Cuscino Per poltrona e pouf Re-trouv\u00e9 Bianco Emu Patricia Urquiola 1\"},{\"@type\":\"BreadcrumbList\",\"@id\":\"https:\/\/socialdesignmagazine.com\/mag\/products-selection\/product\/cuscino-per-poltrona-e-pouf-re-trouve-bianco-design-patricia-urquiola-for-emu\/#breadcrumb\",\"itemListElement\":[{\"@type\":\"ListItem\",\"position\":1,\"name\":\"Home\",\"item\":\"https:\/\/socialdesignmagazine.com\/mag\/products-selection\/\"},{\"@type\":\"ListItem\",\"position\":2,\"name\":\"Tutti i prodotti\",\"item\":\"https:\/\/socialdesignmagazine.com\/mag\/products-selection\/tutti-i-prodotti\/\"},{\"@type\":\"ListItem\",\"position\":3,\"name\":\"Cuscino Per poltrona e pouf Re-trouv\u00e9 Bianco design Patricia Urquiola for Emu\"}]},{\"@type\":\"WebSite\",\"@id\":\"https:\/\/socialdesignmagazine.com\/mag\/products-selection\/#website\",\"url\":\"https:\/\/socialdesignmagazine.com\/mag\/products-selection\/\",\"name\":\"SDM Product Selection\",\"description\":\"Una selezioni di prodotti dei brand pi\u00f9 interessanti per arredare e progettare\",\"publisher\":{\"@id\":\"https:\/\/socialdesignmagazine.com\/mag\/products-selection\/#organization\"},\"potentialAction\":[{\"@type\":\"SearchAction\",\"target\":{\"@type\":\"EntryPoint\",\"urlTemplate\":\"https:\/\/socialdesignmagazine.com\/mag\/products-selection\/?s={search_term_string}\"},\"query-input\":{\"@type\":\"PropertyValueSpecification\",\"valueRequired\":true,\"valueName\":\"search_term_string\"}}],\"inLanguage\":\"it-IT\"},{\"@type\":\"Organization\",\"@id\":\"https:\/\/socialdesignmagazine.com\/mag\/products-selection\/#organization\",\"name\":\"Social Design Magazine\",\"url\":\"https:\/\/socialdesignmagazine.com\/mag\/products-selection\/\",\"logo\":{\"@type\":\"ImageObject\",\"inLanguage\":\"it-IT\",\"@id\":\"https:\/\/socialdesignmagazine.com\/mag\/products-selection\/#\/schema\/logo\/image\/\",\"url\":\"https:\/\/socialdesignmagazine.com\/mag\/products-selection\/wp-content\/uploads\/sites\/2\/2015\/05\/social-design-magazine-logo.png\",\"contentUrl\":\"https:\/\/socialdesignmagazine.com\/mag\/products-selection\/wp-content\/uploads\/sites\/2\/2015\/05\/social-design-magazine-logo.png\",\"width\":251,\"height\":101,\"caption\":\"Social Design Magazine\"},\"image\":{\"@id\":\"https:\/\/socialdesignmagazine.com\/mag\/products-selection\/#\/schema\/logo\/image\/\"},\"sameAs\":[\"https:\/\/www.facebook.com\/socialdesignmag\",\"https:\/\/x.com\/socialdesignmag\",\"http:\/\/instagram.com\/social_design_magazine\/\",\"http:\/\/pinterest.com\/socialdesignmag\/\",\"http:\/\/www.youtube.com\/user\/socialdesignmagazine\"]}]}<\/script>\n<!-- \/ Yoast SEO plugin. -->","yoast_head_json":{"title":"Cuscino Per poltrona e pouf Re-trouv\u00e9 Bianco design Patricia Urquiola for Emu - SDM Product Selection","robots":{"index":"index","follow":"follow","max-snippet":"max-snippet:-1","max-image-preview":"max-image-preview:large","max-video-preview":"max-video-preview:-1"},"canonical":"https:\/\/socialdesignmagazine.com\/mag\/products-selection\/product\/cuscino-per-poltrona-e-pouf-re-trouve-bianco-design-patricia-urquiola-for-emu\/","og_locale":"it_IT","og_type":"article","og_title":"Cuscino Per poltrona e pouf Re-trouv\u00e9 Bianco design Patricia Urquiola for Emu - SDM Product Selection","og_description":"Questo cuscino per seduta \u00e8 perfetto per le due poltrone della collezione &#8220;Re-Trouv\u00e9&#8221; (modello piccolo e grande) e anche per il pouf &#8220;Re-Trouv\u00e9&#8221;. L&#8217;imbottitura garantisce un comfort ideale. Il rivestimento","og_url":"https:\/\/socialdesignmagazine.com\/mag\/products-selection\/product\/cuscino-per-poltrona-e-pouf-re-trouve-bianco-design-patricia-urquiola-for-emu\/","og_site_name":"SDM Product Selection","article_publisher":"https:\/\/www.facebook.com\/socialdesignmag","article_modified_time":"2023-05-20T20:44:17+00:00","og_image":[{"width":305,"height":400,"url":"https:\/\/socialdesignmagazine.com\/mag\/products-selection\/wp-content\/uploads\/sites\/2\/2020\/08\/Cuscino-Per-poltrona-e-pouf-Re-trouv\u00e9-Bianco-Emu-Patricia-Urquiola.jpg","type":"image\/jpeg"}],"twitter_card":"summary_large_image","twitter_site":"@socialdesignmag","twitter_misc":{"Tempo di lettura stimato":"1 minuto"},"schema":{"@context":"https:\/\/schema.org","@graph":[{"@type":"WebPage","@id":"https:\/\/socialdesignmagazine.com\/mag\/products-selection\/product\/cuscino-per-poltrona-e-pouf-re-trouve-bianco-design-patricia-urquiola-for-emu\/","url":"https:\/\/socialdesignmagazine.com\/mag\/products-selection\/product\/cuscino-per-poltrona-e-pouf-re-trouve-bianco-design-patricia-urquiola-for-emu\/","name":"Cuscino Per poltrona e pouf Re-trouv\u00e9 Bianco design Patricia Urquiola for Emu - SDM Product Selection","isPartOf":{"@id":"https:\/\/socialdesignmagazine.com\/mag\/products-selection\/#website"},"primaryImageOfPage":{"@id":"https:\/\/socialdesignmagazine.com\/mag\/products-selection\/product\/cuscino-per-poltrona-e-pouf-re-trouve-bianco-design-patricia-urquiola-for-emu\/#primaryimage"},"image":{"@id":"https:\/\/socialdesignmagazine.com\/mag\/products-selection\/product\/cuscino-per-poltrona-e-pouf-re-trouve-bianco-design-patricia-urquiola-for-emu\/#primaryimage"},"thumbnailUrl":"https:\/\/socialdesignmagazine.com\/mag\/products-selection\/wp-content\/uploads\/sites\/2\/2020\/08\/Cuscino-Per-poltrona-e-pouf-Re-trouv\u00e9-Bianco-Emu-Patricia-Urquiola.jpg","datePublished":"2018-09-12T23:22:37+00:00","dateModified":"2023-05-20T20:44:17+00:00","breadcrumb":{"@id":"https:\/\/socialdesignmagazine.com\/mag\/products-selection\/product\/cuscino-per-poltrona-e-pouf-re-trouve-bianco-design-patricia-urquiola-for-emu\/#breadcrumb"},"inLanguage":"it-IT","potentialAction":[{"@type":"ReadAction","target":["https:\/\/socialdesignmagazine.com\/mag\/products-selection\/product\/cuscino-per-poltrona-e-pouf-re-trouve-bianco-design-patricia-urquiola-for-emu\/"]}]},{"@type":"ImageObject","inLanguage":"it-IT","@id":"https:\/\/socialdesignmagazine.com\/mag\/products-selection\/product\/cuscino-per-poltrona-e-pouf-re-trouve-bianco-design-patricia-urquiola-for-emu\/#primaryimage","url":"https:\/\/socialdesignmagazine.com\/mag\/products-selection\/wp-content\/uploads\/sites\/2\/2020\/08\/Cuscino-Per-poltrona-e-pouf-Re-trouv\u00e9-Bianco-Emu-Patricia-Urquiola.jpg","contentUrl":"https:\/\/socialdesignmagazine.com\/mag\/products-selection\/wp-content\/uploads\/sites\/2\/2020\/08\/Cuscino-Per-poltrona-e-pouf-Re-trouv\u00e9-Bianco-Emu-Patricia-Urquiola.jpg","width":305,"height":400,"caption":"Cuscino Per poltrona e pouf Re-trouv\u00e9 Bianco Emu Patricia Urquiola 1"},{"@type":"BreadcrumbList","@id":"https:\/\/socialdesignmagazine.com\/mag\/products-selection\/product\/cuscino-per-poltrona-e-pouf-re-trouve-bianco-design-patricia-urquiola-for-emu\/#breadcrumb","itemListElement":[{"@type":"ListItem","position":1,"name":"Home","item":"https:\/\/socialdesignmagazine.com\/mag\/products-selection\/"},{"@type":"ListItem","position":2,"name":"Tutti i prodotti","item":"https:\/\/socialdesignmagazine.com\/mag\/products-selection\/tutti-i-prodotti\/"},{"@type":"ListItem","position":3,"name":"Cuscino Per poltrona e pouf Re-trouv\u00e9 Bianco design Patricia Urquiola for Emu"}]},{"@type":"WebSite","@id":"https:\/\/socialdesignmagazine.com\/mag\/products-selection\/#website","url":"https:\/\/socialdesignmagazine.com\/mag\/products-selection\/","name":"SDM Product Selection","description":"Una selezioni di prodotti dei brand pi\u00f9 interessanti per arredare e progettare","publisher":{"@id":"https:\/\/socialdesignmagazine.com\/mag\/products-selection\/#organization"},"potentialAction":[{"@type":"SearchAction","target":{"@type":"EntryPoint","urlTemplate":"https:\/\/socialdesignmagazine.com\/mag\/products-selection\/?s={search_term_string}"},"query-input":{"@type":"PropertyValueSpecification","valueRequired":true,"valueName":"search_term_string"}}],"inLanguage":"it-IT"},{"@type":"Organization","@id":"https:\/\/socialdesignmagazine.com\/mag\/products-selection\/#organization","name":"Social Design Magazine","url":"https:\/\/socialdesignmagazine.com\/mag\/products-selection\/","logo":{"@type":"ImageObject","inLanguage":"it-IT","@id":"https:\/\/socialdesignmagazine.com\/mag\/products-selection\/#\/schema\/logo\/image\/","url":"https:\/\/socialdesignmagazine.com\/mag\/products-selection\/wp-content\/uploads\/sites\/2\/2015\/05\/social-design-magazine-logo.png","contentUrl":"https:\/\/socialdesignmagazine.com\/mag\/products-selection\/wp-content\/uploads\/sites\/2\/2015\/05\/social-design-magazine-logo.png","width":251,"height":101,"caption":"Social Design Magazine"},"image":{"@id":"https:\/\/socialdesignmagazine.com\/mag\/products-selection\/#\/schema\/logo\/image\/"},"sameAs":["https:\/\/www.facebook.com\/socialdesignmag","https:\/\/x.com\/socialdesignmag","http:\/\/instagram.com\/social_design_magazine\/","http:\/\/pinterest.com\/socialdesignmag\/","http:\/\/www.youtube.com\/user\/socialdesignmagazine"]}]}},"jetpack_publicize_connections":[],"jetpack_sharing_enabled":true,"brands":[{"id":1236,"name":"Emu","slug":"emu"}],"_links":{"self":[{"href":"https:\/\/socialdesignmagazine.com\/mag\/products-selection\/wp-json\/wp\/v2\/product\/66526","targetHints":{"allow":["GET"]}}],"collection":[{"href":"https:\/\/socialdesignmagazine.com\/mag\/products-selection\/wp-json\/wp\/v2\/product"}],"about":[{"href":"https:\/\/socialdesignmagazine.com\/mag\/products-selection\/wp-json\/wp\/v2\/types\/product"}],"wp:featuredmedia":[{"embeddable":true,"href":"https:\/\/socialdesignmagazine.com\/mag\/products-selection\/wp-json\/wp\/v2\/media\/112635"}],"wp:attachment":[{"href":"https:\/\/socialdesignmagazine.com\/mag\/products-selection\/wp-json\/wp\/v2\/media?parent=66526"}],"wp:term":[{"taxonomy":"pwb-brand","embeddable":true,"href":"https:\/\/socialdesignmagazine.com\/mag\/products-selection\/wp-json\/wp\/v2\/pwb-brand?post=66526"},{"taxonomy":"product_brand","embeddable":true,"href":"https:\/\/socialdesignmagazine.com\/mag\/products-selection\/wp-json\/wp\/v2\/product_brand?post=66526"},{"taxonomy":"product_cat","embeddable":true,"href":"https:\/\/socialdesignmagazine.com\/mag\/products-selection\/wp-json\/wp\/v2\/product_cat?post=66526"},{"taxonomy":"product_tag","embeddable":true,"href":"https:\/\/socialdesignmagazine.com\/mag\/products-selection\/wp-json\/wp\/v2\/product_tag?post=66526"}],"curies":[{"name":"wp","href":"https:\/\/api.w.org\/{rel}","templated":true}]}}