{"id":68067,"date":"2018-11-23T14:10:17","date_gmt":"2018-11-23T13:10:17","guid":{"rendered":"https:\/\/socialdesignmagazine.com\/mag\/products-selection\/?post_type=product&#038;p=68067"},"modified":"2020-12-19T10:12:13","modified_gmt":"2020-12-19T09:12:13","slug":"sgabello-sella-rosanero-design-achille-castiglionipier-giacomo-castiglioni-for-zanotta","status":"publish","type":"product","link":"https:\/\/socialdesignmagazine.com\/mag\/products-selection\/product\/sgabello-sella-rosanero-design-achille-castiglionipier-giacomo-castiglioni-for-zanotta\/","title":{"rendered":"Sgabello Sella Rosa|Nero design Achille Castiglioni|Pier Giacomo Castiglioni for Zanotta"},"content":{"rendered":"<p>Sella \u00e8 una vera e propria icona del design e del lavoro di Achille e Pier Giacomo Castiglioni. Opera d&#8217;arte e\/o oggetto di uso comune&#8230; Sella \u00e8 nata dal desiderio di Castiglioni di progettare una seduta confortevole che permetta di sedersi, ma non completamente, di muoversi, di alzarsi e risedersi liberamente&#8230; \u00c8 anche un &#8221;ready-made&#8221; creato a partire da oggetti gi\u00e0 esistenti, ma con uno scopo diverso, un omaggio al lavoro di Marcel Duchamp. Sella \u00e8 progettata partendo da un sellino da bicicletta fissato su un asse in acciaio verniciato rosa e una base in ghisa di forma semisferica. Fa parte delle collezioni dei pi\u00f9 grandi musei internazionali, ma resta soprattutto un oggetto straordinariamente gradevole!<\/p>\n","protected":false},"excerpt":{"rendered":"<p>Sella \u00e8 una vera e propria icona del design e del lavoro di Achille e Pier Giacomo Castiglioni. Opera d&#8217;arte e\/o oggetto di uso comune&#8230; Sella \u00e8 nata dal desiderio<\/p>\n","protected":false},"featured_media":137869,"template":"","meta":{"_acf_changed":false,"jetpack_post_was_ever_published":false,"jetpack_publicize_message":"","jetpack_publicize_feature_enabled":true,"jetpack_social_post_already_shared":false,"jetpack_social_options":{"image_generator_settings":{"template":"highway","default_image_id":0,"font":"","enabled":false},"version":2}},"pwb-brand":[1235],"product_brand":[],"product_cat":[779,337,607,780,533,554],"product_tag":[10],"class_list":{"0":"post-68067","1":"product","2":"type-product","3":"status-publish","4":"has-post-thumbnail","6":"pwb-brand-zanotta","7":"product_cat-achille-castiglioni","8":"product_cat-arredamento","9":"product_cat-designers","10":"product_cat-pier-giacomo-castiglioni","11":"product_cat-sedute","12":"product_cat-sgabello","13":"product_tag-sgabello","14":"pa_colore-nero","15":"pa_colore-rosa","16":"pa_designer-achille-castiglioni","17":"pa_designer-pier-giacomo-castiglioni","18":"pa_materiale-acciaio-verniciato","19":"pa_materiale-ghisa","20":"pa_materiale-pelle","21":"pa_produttore-zanotta","22":"pa_tipo-di-prodotto-sgabello","24":"first","25":"instock","26":"product-type-external"},"acf":[],"yoast_head":"<!-- This site is optimized with the Yoast SEO plugin v27.2 - https:\/\/yoast.com\/product\/yoast-seo-wordpress\/ -->\n<title>Sgabello Sella Rosa|Nero design Achille Castiglioni|Pier Giacomo Castiglioni for Zanotta - SDM Product Selection<\/title>\n<meta name=\"robots\" content=\"index, follow, max-snippet:-1, max-image-preview:large, max-video-preview:-1\" \/>\n<link rel=\"canonical\" href=\"https:\/\/socialdesignmagazine.com\/mag\/products-selection\/product\/sgabello-sella-rosanero-design-achille-castiglionipier-giacomo-castiglioni-for-zanotta\/\" \/>\n<meta property=\"og:locale\" content=\"it_IT\" \/>\n<meta property=\"og:type\" content=\"article\" \/>\n<meta property=\"og:title\" content=\"Sgabello Sella Rosa|Nero design Achille Castiglioni|Pier Giacomo Castiglioni for Zanotta - SDM Product Selection\" \/>\n<meta property=\"og:description\" content=\"Sella \u00e8 una vera e propria icona del design e del lavoro di Achille e Pier Giacomo Castiglioni. Opera d&#8217;arte e\/o oggetto di uso comune&#8230; Sella \u00e8 nata dal desiderio\" \/>\n<meta property=\"og:url\" content=\"https:\/\/socialdesignmagazine.com\/mag\/products-selection\/product\/sgabello-sella-rosanero-design-achille-castiglionipier-giacomo-castiglioni-for-zanotta\/\" \/>\n<meta property=\"og:site_name\" content=\"SDM Product Selection\" \/>\n<meta property=\"article:publisher\" content=\"https:\/\/www.facebook.com\/socialdesignmag\" \/>\n<meta property=\"article:modified_time\" content=\"2020-12-19T09:12:13+00:00\" \/>\n<meta property=\"og:image\" content=\"https:\/\/socialdesignmagazine.com\/mag\/products-selection\/wp-content\/uploads\/sites\/2\/2020\/12\/Sgabello-Sella-RosaNero-Zanotta-Achille-CastiglioniPier-Giacomo-Castiglioni.jpg\" \/>\n\t<meta property=\"og:image:width\" content=\"193\" \/>\n\t<meta property=\"og:image:height\" content=\"400\" \/>\n\t<meta property=\"og:image:type\" content=\"image\/jpeg\" \/>\n<meta name=\"twitter:card\" content=\"summary_large_image\" \/>\n<meta name=\"twitter:site\" content=\"@socialdesignmag\" \/>\n<meta name=\"twitter:label1\" content=\"Tempo di lettura stimato\" \/>\n\t<meta name=\"twitter:data1\" content=\"1 minuto\" \/>\n<script type=\"application\/ld+json\" class=\"yoast-schema-graph\">{\"@context\":\"https:\/\/schema.org\",\"@graph\":[{\"@type\":\"WebPage\",\"@id\":\"https:\/\/socialdesignmagazine.com\/mag\/products-selection\/product\/sgabello-sella-rosanero-design-achille-castiglionipier-giacomo-castiglioni-for-zanotta\/\",\"url\":\"https:\/\/socialdesignmagazine.com\/mag\/products-selection\/product\/sgabello-sella-rosanero-design-achille-castiglionipier-giacomo-castiglioni-for-zanotta\/\",\"name\":\"Sgabello Sella Rosa|Nero design Achille Castiglioni|Pier Giacomo Castiglioni for Zanotta - SDM Product Selection\",\"isPartOf\":{\"@id\":\"https:\/\/socialdesignmagazine.com\/mag\/products-selection\/#website\"},\"primaryImageOfPage\":{\"@id\":\"https:\/\/socialdesignmagazine.com\/mag\/products-selection\/product\/sgabello-sella-rosanero-design-achille-castiglionipier-giacomo-castiglioni-for-zanotta\/#primaryimage\"},\"image\":{\"@id\":\"https:\/\/socialdesignmagazine.com\/mag\/products-selection\/product\/sgabello-sella-rosanero-design-achille-castiglionipier-giacomo-castiglioni-for-zanotta\/#primaryimage\"},\"thumbnailUrl\":\"https:\/\/socialdesignmagazine.com\/mag\/products-selection\/wp-content\/uploads\/sites\/2\/2020\/12\/Sgabello-Sella-RosaNero-Zanotta-Achille-CastiglioniPier-Giacomo-Castiglioni.jpg\",\"datePublished\":\"2018-11-23T13:10:17+00:00\",\"dateModified\":\"2020-12-19T09:12:13+00:00\",\"breadcrumb\":{\"@id\":\"https:\/\/socialdesignmagazine.com\/mag\/products-selection\/product\/sgabello-sella-rosanero-design-achille-castiglionipier-giacomo-castiglioni-for-zanotta\/#breadcrumb\"},\"inLanguage\":\"it-IT\",\"potentialAction\":[{\"@type\":\"ReadAction\",\"target\":[\"https:\/\/socialdesignmagazine.com\/mag\/products-selection\/product\/sgabello-sella-rosanero-design-achille-castiglionipier-giacomo-castiglioni-for-zanotta\/\"]}]},{\"@type\":\"ImageObject\",\"inLanguage\":\"it-IT\",\"@id\":\"https:\/\/socialdesignmagazine.com\/mag\/products-selection\/product\/sgabello-sella-rosanero-design-achille-castiglionipier-giacomo-castiglioni-for-zanotta\/#primaryimage\",\"url\":\"https:\/\/socialdesignmagazine.com\/mag\/products-selection\/wp-content\/uploads\/sites\/2\/2020\/12\/Sgabello-Sella-RosaNero-Zanotta-Achille-CastiglioniPier-Giacomo-Castiglioni.jpg\",\"contentUrl\":\"https:\/\/socialdesignmagazine.com\/mag\/products-selection\/wp-content\/uploads\/sites\/2\/2020\/12\/Sgabello-Sella-RosaNero-Zanotta-Achille-CastiglioniPier-Giacomo-Castiglioni.jpg\",\"width\":193,\"height\":400,\"caption\":\"Sgabello Sella Rosa|Nero Zanotta Achille Castiglioni|Pier Giacomo Castiglioni 1\"},{\"@type\":\"BreadcrumbList\",\"@id\":\"https:\/\/socialdesignmagazine.com\/mag\/products-selection\/product\/sgabello-sella-rosanero-design-achille-castiglionipier-giacomo-castiglioni-for-zanotta\/#breadcrumb\",\"itemListElement\":[{\"@type\":\"ListItem\",\"position\":1,\"name\":\"Home\",\"item\":\"https:\/\/socialdesignmagazine.com\/mag\/products-selection\/\"},{\"@type\":\"ListItem\",\"position\":2,\"name\":\"Tutti i prodotti\",\"item\":\"https:\/\/socialdesignmagazine.com\/mag\/products-selection\/tutti-i-prodotti\/\"},{\"@type\":\"ListItem\",\"position\":3,\"name\":\"Sgabello Sella Rosa|Nero design Achille Castiglioni|Pier Giacomo Castiglioni for Zanotta\"}]},{\"@type\":\"WebSite\",\"@id\":\"https:\/\/socialdesignmagazine.com\/mag\/products-selection\/#website\",\"url\":\"https:\/\/socialdesignmagazine.com\/mag\/products-selection\/\",\"name\":\"SDM Product Selection\",\"description\":\"Una selezioni di prodotti dei brand pi\u00f9 interessanti per arredare e progettare\",\"publisher\":{\"@id\":\"https:\/\/socialdesignmagazine.com\/mag\/products-selection\/#organization\"},\"potentialAction\":[{\"@type\":\"SearchAction\",\"target\":{\"@type\":\"EntryPoint\",\"urlTemplate\":\"https:\/\/socialdesignmagazine.com\/mag\/products-selection\/?s={search_term_string}\"},\"query-input\":{\"@type\":\"PropertyValueSpecification\",\"valueRequired\":true,\"valueName\":\"search_term_string\"}}],\"inLanguage\":\"it-IT\"},{\"@type\":\"Organization\",\"@id\":\"https:\/\/socialdesignmagazine.com\/mag\/products-selection\/#organization\",\"name\":\"Social Design Magazine\",\"url\":\"https:\/\/socialdesignmagazine.com\/mag\/products-selection\/\",\"logo\":{\"@type\":\"ImageObject\",\"inLanguage\":\"it-IT\",\"@id\":\"https:\/\/socialdesignmagazine.com\/mag\/products-selection\/#\/schema\/logo\/image\/\",\"url\":\"https:\/\/socialdesignmagazine.com\/mag\/products-selection\/wp-content\/uploads\/sites\/2\/2015\/05\/social-design-magazine-logo.png\",\"contentUrl\":\"https:\/\/socialdesignmagazine.com\/mag\/products-selection\/wp-content\/uploads\/sites\/2\/2015\/05\/social-design-magazine-logo.png\",\"width\":251,\"height\":101,\"caption\":\"Social Design Magazine\"},\"image\":{\"@id\":\"https:\/\/socialdesignmagazine.com\/mag\/products-selection\/#\/schema\/logo\/image\/\"},\"sameAs\":[\"https:\/\/www.facebook.com\/socialdesignmag\",\"https:\/\/x.com\/socialdesignmag\",\"http:\/\/instagram.com\/social_design_magazine\/\",\"http:\/\/pinterest.com\/socialdesignmag\/\",\"http:\/\/www.youtube.com\/user\/socialdesignmagazine\"]}]}<\/script>\n<!-- \/ Yoast SEO plugin. -->","yoast_head_json":{"title":"Sgabello Sella Rosa|Nero design Achille Castiglioni|Pier Giacomo Castiglioni for Zanotta - SDM Product Selection","robots":{"index":"index","follow":"follow","max-snippet":"max-snippet:-1","max-image-preview":"max-image-preview:large","max-video-preview":"max-video-preview:-1"},"canonical":"https:\/\/socialdesignmagazine.com\/mag\/products-selection\/product\/sgabello-sella-rosanero-design-achille-castiglionipier-giacomo-castiglioni-for-zanotta\/","og_locale":"it_IT","og_type":"article","og_title":"Sgabello Sella Rosa|Nero design Achille Castiglioni|Pier Giacomo Castiglioni for Zanotta - SDM Product Selection","og_description":"Sella \u00e8 una vera e propria icona del design e del lavoro di Achille e Pier Giacomo Castiglioni. Opera d&#8217;arte e\/o oggetto di uso comune&#8230; Sella \u00e8 nata dal desiderio","og_url":"https:\/\/socialdesignmagazine.com\/mag\/products-selection\/product\/sgabello-sella-rosanero-design-achille-castiglionipier-giacomo-castiglioni-for-zanotta\/","og_site_name":"SDM Product Selection","article_publisher":"https:\/\/www.facebook.com\/socialdesignmag","article_modified_time":"2020-12-19T09:12:13+00:00","og_image":[{"width":193,"height":400,"url":"https:\/\/socialdesignmagazine.com\/mag\/products-selection\/wp-content\/uploads\/sites\/2\/2020\/12\/Sgabello-Sella-RosaNero-Zanotta-Achille-CastiglioniPier-Giacomo-Castiglioni.jpg","type":"image\/jpeg"}],"twitter_card":"summary_large_image","twitter_site":"@socialdesignmag","twitter_misc":{"Tempo di lettura stimato":"1 minuto"},"schema":{"@context":"https:\/\/schema.org","@graph":[{"@type":"WebPage","@id":"https:\/\/socialdesignmagazine.com\/mag\/products-selection\/product\/sgabello-sella-rosanero-design-achille-castiglionipier-giacomo-castiglioni-for-zanotta\/","url":"https:\/\/socialdesignmagazine.com\/mag\/products-selection\/product\/sgabello-sella-rosanero-design-achille-castiglionipier-giacomo-castiglioni-for-zanotta\/","name":"Sgabello Sella Rosa|Nero design Achille Castiglioni|Pier Giacomo Castiglioni for Zanotta - SDM Product Selection","isPartOf":{"@id":"https:\/\/socialdesignmagazine.com\/mag\/products-selection\/#website"},"primaryImageOfPage":{"@id":"https:\/\/socialdesignmagazine.com\/mag\/products-selection\/product\/sgabello-sella-rosanero-design-achille-castiglionipier-giacomo-castiglioni-for-zanotta\/#primaryimage"},"image":{"@id":"https:\/\/socialdesignmagazine.com\/mag\/products-selection\/product\/sgabello-sella-rosanero-design-achille-castiglionipier-giacomo-castiglioni-for-zanotta\/#primaryimage"},"thumbnailUrl":"https:\/\/socialdesignmagazine.com\/mag\/products-selection\/wp-content\/uploads\/sites\/2\/2020\/12\/Sgabello-Sella-RosaNero-Zanotta-Achille-CastiglioniPier-Giacomo-Castiglioni.jpg","datePublished":"2018-11-23T13:10:17+00:00","dateModified":"2020-12-19T09:12:13+00:00","breadcrumb":{"@id":"https:\/\/socialdesignmagazine.com\/mag\/products-selection\/product\/sgabello-sella-rosanero-design-achille-castiglionipier-giacomo-castiglioni-for-zanotta\/#breadcrumb"},"inLanguage":"it-IT","potentialAction":[{"@type":"ReadAction","target":["https:\/\/socialdesignmagazine.com\/mag\/products-selection\/product\/sgabello-sella-rosanero-design-achille-castiglionipier-giacomo-castiglioni-for-zanotta\/"]}]},{"@type":"ImageObject","inLanguage":"it-IT","@id":"https:\/\/socialdesignmagazine.com\/mag\/products-selection\/product\/sgabello-sella-rosanero-design-achille-castiglionipier-giacomo-castiglioni-for-zanotta\/#primaryimage","url":"https:\/\/socialdesignmagazine.com\/mag\/products-selection\/wp-content\/uploads\/sites\/2\/2020\/12\/Sgabello-Sella-RosaNero-Zanotta-Achille-CastiglioniPier-Giacomo-Castiglioni.jpg","contentUrl":"https:\/\/socialdesignmagazine.com\/mag\/products-selection\/wp-content\/uploads\/sites\/2\/2020\/12\/Sgabello-Sella-RosaNero-Zanotta-Achille-CastiglioniPier-Giacomo-Castiglioni.jpg","width":193,"height":400,"caption":"Sgabello Sella Rosa|Nero Zanotta Achille Castiglioni|Pier Giacomo Castiglioni 1"},{"@type":"BreadcrumbList","@id":"https:\/\/socialdesignmagazine.com\/mag\/products-selection\/product\/sgabello-sella-rosanero-design-achille-castiglionipier-giacomo-castiglioni-for-zanotta\/#breadcrumb","itemListElement":[{"@type":"ListItem","position":1,"name":"Home","item":"https:\/\/socialdesignmagazine.com\/mag\/products-selection\/"},{"@type":"ListItem","position":2,"name":"Tutti i prodotti","item":"https:\/\/socialdesignmagazine.com\/mag\/products-selection\/tutti-i-prodotti\/"},{"@type":"ListItem","position":3,"name":"Sgabello Sella Rosa|Nero design Achille Castiglioni|Pier Giacomo Castiglioni for Zanotta"}]},{"@type":"WebSite","@id":"https:\/\/socialdesignmagazine.com\/mag\/products-selection\/#website","url":"https:\/\/socialdesignmagazine.com\/mag\/products-selection\/","name":"SDM Product Selection","description":"Una selezioni di prodotti dei brand pi\u00f9 interessanti per arredare e progettare","publisher":{"@id":"https:\/\/socialdesignmagazine.com\/mag\/products-selection\/#organization"},"potentialAction":[{"@type":"SearchAction","target":{"@type":"EntryPoint","urlTemplate":"https:\/\/socialdesignmagazine.com\/mag\/products-selection\/?s={search_term_string}"},"query-input":{"@type":"PropertyValueSpecification","valueRequired":true,"valueName":"search_term_string"}}],"inLanguage":"it-IT"},{"@type":"Organization","@id":"https:\/\/socialdesignmagazine.com\/mag\/products-selection\/#organization","name":"Social Design Magazine","url":"https:\/\/socialdesignmagazine.com\/mag\/products-selection\/","logo":{"@type":"ImageObject","inLanguage":"it-IT","@id":"https:\/\/socialdesignmagazine.com\/mag\/products-selection\/#\/schema\/logo\/image\/","url":"https:\/\/socialdesignmagazine.com\/mag\/products-selection\/wp-content\/uploads\/sites\/2\/2015\/05\/social-design-magazine-logo.png","contentUrl":"https:\/\/socialdesignmagazine.com\/mag\/products-selection\/wp-content\/uploads\/sites\/2\/2015\/05\/social-design-magazine-logo.png","width":251,"height":101,"caption":"Social Design Magazine"},"image":{"@id":"https:\/\/socialdesignmagazine.com\/mag\/products-selection\/#\/schema\/logo\/image\/"},"sameAs":["https:\/\/www.facebook.com\/socialdesignmag","https:\/\/x.com\/socialdesignmag","http:\/\/instagram.com\/social_design_magazine\/","http:\/\/pinterest.com\/socialdesignmag\/","http:\/\/www.youtube.com\/user\/socialdesignmagazine"]}]}},"jetpack_publicize_connections":[],"jetpack_sharing_enabled":true,"brands":[{"id":1235,"name":"Zanotta","slug":"zanotta"}],"_links":{"self":[{"href":"https:\/\/socialdesignmagazine.com\/mag\/products-selection\/wp-json\/wp\/v2\/product\/68067","targetHints":{"allow":["GET"]}}],"collection":[{"href":"https:\/\/socialdesignmagazine.com\/mag\/products-selection\/wp-json\/wp\/v2\/product"}],"about":[{"href":"https:\/\/socialdesignmagazine.com\/mag\/products-selection\/wp-json\/wp\/v2\/types\/product"}],"wp:featuredmedia":[{"embeddable":true,"href":"https:\/\/socialdesignmagazine.com\/mag\/products-selection\/wp-json\/wp\/v2\/media\/137869"}],"wp:attachment":[{"href":"https:\/\/socialdesignmagazine.com\/mag\/products-selection\/wp-json\/wp\/v2\/media?parent=68067"}],"wp:term":[{"taxonomy":"pwb-brand","embeddable":true,"href":"https:\/\/socialdesignmagazine.com\/mag\/products-selection\/wp-json\/wp\/v2\/pwb-brand?post=68067"},{"taxonomy":"product_brand","embeddable":true,"href":"https:\/\/socialdesignmagazine.com\/mag\/products-selection\/wp-json\/wp\/v2\/product_brand?post=68067"},{"taxonomy":"product_cat","embeddable":true,"href":"https:\/\/socialdesignmagazine.com\/mag\/products-selection\/wp-json\/wp\/v2\/product_cat?post=68067"},{"taxonomy":"product_tag","embeddable":true,"href":"https:\/\/socialdesignmagazine.com\/mag\/products-selection\/wp-json\/wp\/v2\/product_tag?post=68067"}],"curies":[{"name":"wp","href":"https:\/\/api.w.org\/{rel}","templated":true}]}}