{"id":84918,"date":"2019-08-25T00:21:34","date_gmt":"2019-08-24T22:21:34","guid":{"rendered":"https:\/\/socialdesignmagazine.com\/mag\/products-selection\/?post_type=product&#038;p=84918"},"modified":"2021-08-02T21:39:16","modified_gmt":"2021-08-02T19:39:16","slug":"lampada-da-parete-lederam-w-led-2-dischi-o-25-cm-oro-by-catellani-smith","status":"publish","type":"product","link":"https:\/\/socialdesignmagazine.com\/mag\/products-selection\/product\/lampada-da-parete-lederam-w-led-2-dischi-o-25-cm-oro-by-catellani-smith\/","title":{"rendered":"Lampada Da Parete Lederam W &#8211; \/ LED &#8211; 2 dischi \u00d8 25 cm Oro by Catellani &#038; Smith"},"content":{"rendered":"<p>Materiale prezioso lavorato a mano, straordinario gioco di luce e tecnologia LED di ultima generazione: questa luce design ispirata all&#8217;eclissi lunare \u00e8 spettacolare spenta o accesa! L&#8217;applique Lederam W si compone di due dischi uniti tra loro da uno stelo articolato. Il disco fissato a parete \u00e8 fisso mentre il disco davanti \u00e8 rimovibile. Cambiando la posizione del disco davanti, si pu\u00f2 regolare l&#8217;intensit\u00e0 della luce e creare diversi effetti: esattamente come avviene in occasione di un&#8217;eclisse! Innovativa e davvero grafica, l&#8217;applique Lederam W vi permette di interagire con la luce per farla cambiare. E&#8217; un oggetto che al tempo stesso risulta visibile grazie alla sua geometria e al suo disegno, ma che al tempo stesso si sa mascherare dietro l&#8217;effetto che crea. Derivante da un notevole lavoro sul materiale, i dischi in alluminio sono interamente rivestiti di fogli d&#8217;oro applicati a mano. Questo lavoro artigianale minuzioso d\u00e0 vita ad una texture irregolare che gioca con i riflessi e la luce. La produzione Catellani &#038; Smith \u00e8 prevalentemente artigianale. Queste lampade sono prodotte a mano da diversi artigiani. Questa lampada \u00e8 sottoposta ad un severo controllo che ne garantisce la qualit\u00e0. Le piccole imperfezioni non sono un difetto ma una caratteristica del lavoro manuale. Effetto luminoso cambiando la posizione del disco posto davanti (montato su di uno stelo articolato) &#8211; Sorgente LED: 1 x modulo LED 17W &#8211; Classe A+ &#8211; 1590lm, 2700K, 80CRI &#8211; Prodotto artigianalmente in Italia &#8211; Compatibile variatore (Triac \/ IGBT)<\/p>\n","protected":false},"excerpt":{"rendered":"<p>Materiale prezioso lavorato a mano, straordinario gioco di luce e tecnologia LED di ultima generazione.<\/p>\n","protected":false},"featured_media":136841,"template":"","meta":{"_acf_changed":false,"jetpack_post_was_ever_published":false,"jetpack_publicize_message":"","jetpack_publicize_feature_enabled":true,"jetpack_social_post_already_shared":false,"jetpack_social_options":{"image_generator_settings":{"template":"highway","default_image_id":0,"font":"","enabled":false},"version":2}},"pwb-brand":[1511],"product_brand":[],"product_cat":[607,1527,312,317],"product_tag":[100],"class_list":{"0":"post-84918","1":"product","2":"type-product","3":"status-publish","4":"has-post-thumbnail","6":"pwb-brand-catellani-smith","7":"product_cat-designers","8":"product_cat-enzo-catellani","9":"product_cat-illuminazione","10":"product_cat-lampada-da-parete-illuminazione","11":"product_tag-lampada-da-parete","12":"pa_colore-oro","13":"pa_designer-enzo-catellani","14":"pa_larghezza-250-mm","15":"pa_materiale-alluminio-verniciato","16":"pa_materiale-foglio-doro","17":"pa_produttore-catellani-smith","18":"pa_serie-lederam","19":"pa_tipo-di-prodotto-lampada-da-parete","21":"first","22":"instock","23":"product-type-external"},"acf":[],"yoast_head":"<!-- This site is optimized with the Yoast SEO plugin v27.2 - https:\/\/yoast.com\/product\/yoast-seo-wordpress\/ -->\n<title>Lampada Da Parete Lederam W - \/ LED - 2 dischi \u00d8 25 cm Oro by Catellani &amp; Smith - SDM Product Selection<\/title>\n<meta name=\"description\" content=\"Materiale prezioso lavorato a mano, straordinario gioco di luce e tecnologia LED di ultima generazione.\" \/>\n<meta name=\"robots\" content=\"index, follow, max-snippet:-1, max-image-preview:large, max-video-preview:-1\" \/>\n<link rel=\"canonical\" href=\"https:\/\/socialdesignmagazine.com\/mag\/products-selection\/product\/lampada-da-parete-lederam-w-led-2-dischi-o-25-cm-oro-by-catellani-smith\/\" \/>\n<meta property=\"og:locale\" content=\"it_IT\" \/>\n<meta property=\"og:type\" content=\"article\" \/>\n<meta property=\"og:title\" content=\"Lampada Da Parete Lederam W - \/ LED - 2 dischi \u00d8 25 cm Oro by Catellani &amp; Smith - SDM Product Selection\" \/>\n<meta property=\"og:description\" content=\"Materiale prezioso lavorato a mano, straordinario gioco di luce e tecnologia LED di ultima generazione.\" \/>\n<meta property=\"og:url\" content=\"https:\/\/socialdesignmagazine.com\/mag\/products-selection\/product\/lampada-da-parete-lederam-w-led-2-dischi-o-25-cm-oro-by-catellani-smith\/\" \/>\n<meta property=\"og:site_name\" content=\"SDM Product Selection\" \/>\n<meta property=\"article:publisher\" content=\"https:\/\/www.facebook.com\/socialdesignmag\" \/>\n<meta property=\"article:modified_time\" content=\"2021-08-02T19:39:16+00:00\" \/>\n<meta property=\"og:image\" content=\"https:\/\/socialdesignmagazine.com\/mag\/products-selection\/wp-content\/uploads\/sites\/2\/2020\/12\/Lampada-Da-Parete-Lederam-W-LED-2-dischi-\u00d8-25-cm-Oro-Catellani-Smith-Enzo-Catellani.jpg\" \/>\n\t<meta property=\"og:image:width\" content=\"1532\" \/>\n\t<meta property=\"og:image:height\" content=\"1532\" \/>\n\t<meta property=\"og:image:type\" content=\"image\/jpeg\" \/>\n<meta name=\"twitter:card\" content=\"summary_large_image\" \/>\n<meta name=\"twitter:site\" content=\"@socialdesignmag\" \/>\n<meta name=\"twitter:label1\" content=\"Tempo di lettura stimato\" \/>\n\t<meta name=\"twitter:data1\" content=\"1 minuto\" \/>\n<script type=\"application\/ld+json\" class=\"yoast-schema-graph\">{\"@context\":\"https:\/\/schema.org\",\"@graph\":[{\"@type\":\"WebPage\",\"@id\":\"https:\/\/socialdesignmagazine.com\/mag\/products-selection\/product\/lampada-da-parete-lederam-w-led-2-dischi-o-25-cm-oro-by-catellani-smith\/\",\"url\":\"https:\/\/socialdesignmagazine.com\/mag\/products-selection\/product\/lampada-da-parete-lederam-w-led-2-dischi-o-25-cm-oro-by-catellani-smith\/\",\"name\":\"Lampada Da Parete Lederam W - \/ LED - 2 dischi \u00d8 25 cm Oro by Catellani & Smith - SDM Product Selection\",\"isPartOf\":{\"@id\":\"https:\/\/socialdesignmagazine.com\/mag\/products-selection\/#website\"},\"primaryImageOfPage\":{\"@id\":\"https:\/\/socialdesignmagazine.com\/mag\/products-selection\/product\/lampada-da-parete-lederam-w-led-2-dischi-o-25-cm-oro-by-catellani-smith\/#primaryimage\"},\"image\":{\"@id\":\"https:\/\/socialdesignmagazine.com\/mag\/products-selection\/product\/lampada-da-parete-lederam-w-led-2-dischi-o-25-cm-oro-by-catellani-smith\/#primaryimage\"},\"thumbnailUrl\":\"https:\/\/socialdesignmagazine.com\/mag\/products-selection\/wp-content\/uploads\/sites\/2\/2020\/12\/Lampada-Da-Parete-Lederam-W-LED-2-dischi-\u00d8-25-cm-Oro-Catellani-Smith-Enzo-Catellani.jpg\",\"datePublished\":\"2019-08-24T22:21:34+00:00\",\"dateModified\":\"2021-08-02T19:39:16+00:00\",\"description\":\"Materiale prezioso lavorato a mano, straordinario gioco di luce e tecnologia LED di ultima generazione.\",\"breadcrumb\":{\"@id\":\"https:\/\/socialdesignmagazine.com\/mag\/products-selection\/product\/lampada-da-parete-lederam-w-led-2-dischi-o-25-cm-oro-by-catellani-smith\/#breadcrumb\"},\"inLanguage\":\"it-IT\",\"potentialAction\":[{\"@type\":\"ReadAction\",\"target\":[\"https:\/\/socialdesignmagazine.com\/mag\/products-selection\/product\/lampada-da-parete-lederam-w-led-2-dischi-o-25-cm-oro-by-catellani-smith\/\"]}]},{\"@type\":\"ImageObject\",\"inLanguage\":\"it-IT\",\"@id\":\"https:\/\/socialdesignmagazine.com\/mag\/products-selection\/product\/lampada-da-parete-lederam-w-led-2-dischi-o-25-cm-oro-by-catellani-smith\/#primaryimage\",\"url\":\"https:\/\/socialdesignmagazine.com\/mag\/products-selection\/wp-content\/uploads\/sites\/2\/2020\/12\/Lampada-Da-Parete-Lederam-W-LED-2-dischi-\u00d8-25-cm-Oro-Catellani-Smith-Enzo-Catellani.jpg\",\"contentUrl\":\"https:\/\/socialdesignmagazine.com\/mag\/products-selection\/wp-content\/uploads\/sites\/2\/2020\/12\/Lampada-Da-Parete-Lederam-W-LED-2-dischi-\u00d8-25-cm-Oro-Catellani-Smith-Enzo-Catellani.jpg\",\"width\":1532,\"height\":1532,\"caption\":\"Lampada Da Parete Lederam W - \/ LED - 2 dischi \u00d8 25 cm Oro Catellani & Smith Enzo Catellani\"},{\"@type\":\"BreadcrumbList\",\"@id\":\"https:\/\/socialdesignmagazine.com\/mag\/products-selection\/product\/lampada-da-parete-lederam-w-led-2-dischi-o-25-cm-oro-by-catellani-smith\/#breadcrumb\",\"itemListElement\":[{\"@type\":\"ListItem\",\"position\":1,\"name\":\"Home\",\"item\":\"https:\/\/socialdesignmagazine.com\/mag\/products-selection\/\"},{\"@type\":\"ListItem\",\"position\":2,\"name\":\"Tutti i prodotti\",\"item\":\"https:\/\/socialdesignmagazine.com\/mag\/products-selection\/tutti-i-prodotti\/\"},{\"@type\":\"ListItem\",\"position\":3,\"name\":\"Lampada Da Parete Lederam W &#8211; \/ LED &#8211; 2 dischi \u00d8 25 cm Oro by Catellani &#038; Smith\"}]},{\"@type\":\"WebSite\",\"@id\":\"https:\/\/socialdesignmagazine.com\/mag\/products-selection\/#website\",\"url\":\"https:\/\/socialdesignmagazine.com\/mag\/products-selection\/\",\"name\":\"SDM Product Selection\",\"description\":\"Una selezioni di prodotti dei brand pi\u00f9 interessanti per arredare e progettare\",\"publisher\":{\"@id\":\"https:\/\/socialdesignmagazine.com\/mag\/products-selection\/#organization\"},\"potentialAction\":[{\"@type\":\"SearchAction\",\"target\":{\"@type\":\"EntryPoint\",\"urlTemplate\":\"https:\/\/socialdesignmagazine.com\/mag\/products-selection\/?s={search_term_string}\"},\"query-input\":{\"@type\":\"PropertyValueSpecification\",\"valueRequired\":true,\"valueName\":\"search_term_string\"}}],\"inLanguage\":\"it-IT\"},{\"@type\":\"Organization\",\"@id\":\"https:\/\/socialdesignmagazine.com\/mag\/products-selection\/#organization\",\"name\":\"Social Design Magazine\",\"url\":\"https:\/\/socialdesignmagazine.com\/mag\/products-selection\/\",\"logo\":{\"@type\":\"ImageObject\",\"inLanguage\":\"it-IT\",\"@id\":\"https:\/\/socialdesignmagazine.com\/mag\/products-selection\/#\/schema\/logo\/image\/\",\"url\":\"https:\/\/socialdesignmagazine.com\/mag\/products-selection\/wp-content\/uploads\/sites\/2\/2015\/05\/social-design-magazine-logo.png\",\"contentUrl\":\"https:\/\/socialdesignmagazine.com\/mag\/products-selection\/wp-content\/uploads\/sites\/2\/2015\/05\/social-design-magazine-logo.png\",\"width\":251,\"height\":101,\"caption\":\"Social Design Magazine\"},\"image\":{\"@id\":\"https:\/\/socialdesignmagazine.com\/mag\/products-selection\/#\/schema\/logo\/image\/\"},\"sameAs\":[\"https:\/\/www.facebook.com\/socialdesignmag\",\"https:\/\/x.com\/socialdesignmag\",\"http:\/\/instagram.com\/social_design_magazine\/\",\"http:\/\/pinterest.com\/socialdesignmag\/\",\"http:\/\/www.youtube.com\/user\/socialdesignmagazine\"]}]}<\/script>\n<!-- \/ Yoast SEO plugin. -->","yoast_head_json":{"title":"Lampada Da Parete Lederam W - \/ LED - 2 dischi \u00d8 25 cm Oro by Catellani & Smith - SDM Product Selection","description":"Materiale prezioso lavorato a mano, straordinario gioco di luce e tecnologia LED di ultima generazione.","robots":{"index":"index","follow":"follow","max-snippet":"max-snippet:-1","max-image-preview":"max-image-preview:large","max-video-preview":"max-video-preview:-1"},"canonical":"https:\/\/socialdesignmagazine.com\/mag\/products-selection\/product\/lampada-da-parete-lederam-w-led-2-dischi-o-25-cm-oro-by-catellani-smith\/","og_locale":"it_IT","og_type":"article","og_title":"Lampada Da Parete Lederam W - \/ LED - 2 dischi \u00d8 25 cm Oro by Catellani & Smith - SDM Product Selection","og_description":"Materiale prezioso lavorato a mano, straordinario gioco di luce e tecnologia LED di ultima generazione.","og_url":"https:\/\/socialdesignmagazine.com\/mag\/products-selection\/product\/lampada-da-parete-lederam-w-led-2-dischi-o-25-cm-oro-by-catellani-smith\/","og_site_name":"SDM Product Selection","article_publisher":"https:\/\/www.facebook.com\/socialdesignmag","article_modified_time":"2021-08-02T19:39:16+00:00","og_image":[{"width":1532,"height":1532,"url":"https:\/\/socialdesignmagazine.com\/mag\/products-selection\/wp-content\/uploads\/sites\/2\/2020\/12\/Lampada-Da-Parete-Lederam-W-LED-2-dischi-\u00d8-25-cm-Oro-Catellani-Smith-Enzo-Catellani.jpg","type":"image\/jpeg"}],"twitter_card":"summary_large_image","twitter_site":"@socialdesignmag","twitter_misc":{"Tempo di lettura stimato":"1 minuto"},"schema":{"@context":"https:\/\/schema.org","@graph":[{"@type":"WebPage","@id":"https:\/\/socialdesignmagazine.com\/mag\/products-selection\/product\/lampada-da-parete-lederam-w-led-2-dischi-o-25-cm-oro-by-catellani-smith\/","url":"https:\/\/socialdesignmagazine.com\/mag\/products-selection\/product\/lampada-da-parete-lederam-w-led-2-dischi-o-25-cm-oro-by-catellani-smith\/","name":"Lampada Da Parete Lederam W - \/ LED - 2 dischi \u00d8 25 cm Oro by Catellani & Smith - SDM Product Selection","isPartOf":{"@id":"https:\/\/socialdesignmagazine.com\/mag\/products-selection\/#website"},"primaryImageOfPage":{"@id":"https:\/\/socialdesignmagazine.com\/mag\/products-selection\/product\/lampada-da-parete-lederam-w-led-2-dischi-o-25-cm-oro-by-catellani-smith\/#primaryimage"},"image":{"@id":"https:\/\/socialdesignmagazine.com\/mag\/products-selection\/product\/lampada-da-parete-lederam-w-led-2-dischi-o-25-cm-oro-by-catellani-smith\/#primaryimage"},"thumbnailUrl":"https:\/\/socialdesignmagazine.com\/mag\/products-selection\/wp-content\/uploads\/sites\/2\/2020\/12\/Lampada-Da-Parete-Lederam-W-LED-2-dischi-\u00d8-25-cm-Oro-Catellani-Smith-Enzo-Catellani.jpg","datePublished":"2019-08-24T22:21:34+00:00","dateModified":"2021-08-02T19:39:16+00:00","description":"Materiale prezioso lavorato a mano, straordinario gioco di luce e tecnologia LED di ultima generazione.","breadcrumb":{"@id":"https:\/\/socialdesignmagazine.com\/mag\/products-selection\/product\/lampada-da-parete-lederam-w-led-2-dischi-o-25-cm-oro-by-catellani-smith\/#breadcrumb"},"inLanguage":"it-IT","potentialAction":[{"@type":"ReadAction","target":["https:\/\/socialdesignmagazine.com\/mag\/products-selection\/product\/lampada-da-parete-lederam-w-led-2-dischi-o-25-cm-oro-by-catellani-smith\/"]}]},{"@type":"ImageObject","inLanguage":"it-IT","@id":"https:\/\/socialdesignmagazine.com\/mag\/products-selection\/product\/lampada-da-parete-lederam-w-led-2-dischi-o-25-cm-oro-by-catellani-smith\/#primaryimage","url":"https:\/\/socialdesignmagazine.com\/mag\/products-selection\/wp-content\/uploads\/sites\/2\/2020\/12\/Lampada-Da-Parete-Lederam-W-LED-2-dischi-\u00d8-25-cm-Oro-Catellani-Smith-Enzo-Catellani.jpg","contentUrl":"https:\/\/socialdesignmagazine.com\/mag\/products-selection\/wp-content\/uploads\/sites\/2\/2020\/12\/Lampada-Da-Parete-Lederam-W-LED-2-dischi-\u00d8-25-cm-Oro-Catellani-Smith-Enzo-Catellani.jpg","width":1532,"height":1532,"caption":"Lampada Da Parete Lederam W - \/ LED - 2 dischi \u00d8 25 cm Oro Catellani & Smith Enzo Catellani"},{"@type":"BreadcrumbList","@id":"https:\/\/socialdesignmagazine.com\/mag\/products-selection\/product\/lampada-da-parete-lederam-w-led-2-dischi-o-25-cm-oro-by-catellani-smith\/#breadcrumb","itemListElement":[{"@type":"ListItem","position":1,"name":"Home","item":"https:\/\/socialdesignmagazine.com\/mag\/products-selection\/"},{"@type":"ListItem","position":2,"name":"Tutti i prodotti","item":"https:\/\/socialdesignmagazine.com\/mag\/products-selection\/tutti-i-prodotti\/"},{"@type":"ListItem","position":3,"name":"Lampada Da Parete Lederam W &#8211; \/ LED &#8211; 2 dischi \u00d8 25 cm Oro by Catellani &#038; Smith"}]},{"@type":"WebSite","@id":"https:\/\/socialdesignmagazine.com\/mag\/products-selection\/#website","url":"https:\/\/socialdesignmagazine.com\/mag\/products-selection\/","name":"SDM Product Selection","description":"Una selezioni di prodotti dei brand pi\u00f9 interessanti per arredare e progettare","publisher":{"@id":"https:\/\/socialdesignmagazine.com\/mag\/products-selection\/#organization"},"potentialAction":[{"@type":"SearchAction","target":{"@type":"EntryPoint","urlTemplate":"https:\/\/socialdesignmagazine.com\/mag\/products-selection\/?s={search_term_string}"},"query-input":{"@type":"PropertyValueSpecification","valueRequired":true,"valueName":"search_term_string"}}],"inLanguage":"it-IT"},{"@type":"Organization","@id":"https:\/\/socialdesignmagazine.com\/mag\/products-selection\/#organization","name":"Social Design Magazine","url":"https:\/\/socialdesignmagazine.com\/mag\/products-selection\/","logo":{"@type":"ImageObject","inLanguage":"it-IT","@id":"https:\/\/socialdesignmagazine.com\/mag\/products-selection\/#\/schema\/logo\/image\/","url":"https:\/\/socialdesignmagazine.com\/mag\/products-selection\/wp-content\/uploads\/sites\/2\/2015\/05\/social-design-magazine-logo.png","contentUrl":"https:\/\/socialdesignmagazine.com\/mag\/products-selection\/wp-content\/uploads\/sites\/2\/2015\/05\/social-design-magazine-logo.png","width":251,"height":101,"caption":"Social Design Magazine"},"image":{"@id":"https:\/\/socialdesignmagazine.com\/mag\/products-selection\/#\/schema\/logo\/image\/"},"sameAs":["https:\/\/www.facebook.com\/socialdesignmag","https:\/\/x.com\/socialdesignmag","http:\/\/instagram.com\/social_design_magazine\/","http:\/\/pinterest.com\/socialdesignmag\/","http:\/\/www.youtube.com\/user\/socialdesignmagazine"]}]}},"jetpack_publicize_connections":[],"jetpack_sharing_enabled":true,"brands":[{"id":1511,"name":"Catellani &amp; Smith","slug":"catellani-smith"}],"_links":{"self":[{"href":"https:\/\/socialdesignmagazine.com\/mag\/products-selection\/wp-json\/wp\/v2\/product\/84918","targetHints":{"allow":["GET"]}}],"collection":[{"href":"https:\/\/socialdesignmagazine.com\/mag\/products-selection\/wp-json\/wp\/v2\/product"}],"about":[{"href":"https:\/\/socialdesignmagazine.com\/mag\/products-selection\/wp-json\/wp\/v2\/types\/product"}],"wp:featuredmedia":[{"embeddable":true,"href":"https:\/\/socialdesignmagazine.com\/mag\/products-selection\/wp-json\/wp\/v2\/media\/136841"}],"wp:attachment":[{"href":"https:\/\/socialdesignmagazine.com\/mag\/products-selection\/wp-json\/wp\/v2\/media?parent=84918"}],"wp:term":[{"taxonomy":"pwb-brand","embeddable":true,"href":"https:\/\/socialdesignmagazine.com\/mag\/products-selection\/wp-json\/wp\/v2\/pwb-brand?post=84918"},{"taxonomy":"product_brand","embeddable":true,"href":"https:\/\/socialdesignmagazine.com\/mag\/products-selection\/wp-json\/wp\/v2\/product_brand?post=84918"},{"taxonomy":"product_cat","embeddable":true,"href":"https:\/\/socialdesignmagazine.com\/mag\/products-selection\/wp-json\/wp\/v2\/product_cat?post=84918"},{"taxonomy":"product_tag","embeddable":true,"href":"https:\/\/socialdesignmagazine.com\/mag\/products-selection\/wp-json\/wp\/v2\/product_tag?post=84918"}],"curies":[{"name":"wp","href":"https:\/\/api.w.org\/{rel}","templated":true}]}}