{"id":84928,"date":"2019-08-25T00:21:58","date_gmt":"2019-08-24T22:21:58","guid":{"rendered":"https:\/\/socialdesignmagazine.com\/mag\/products-selection\/?post_type=product&#038;p=84928"},"modified":"2021-08-02T21:39:18","modified_gmt":"2021-08-02T19:39:18","slug":"lampada-a-sospensione-postkrisi-49-o-60-cm-biancooro-by-catellani-smith","status":"publish","type":"product","link":"https:\/\/socialdesignmagazine.com\/mag\/products-selection\/product\/lampada-a-sospensione-postkrisi-49-o-60-cm-biancooro-by-catellani-smith\/","title":{"rendered":"Lampada A Sospensione PostKrisi 49 &#8211; \/ \u00d8 60 cm Bianco|Oro by Catellani &#038; Smith"},"content":{"rendered":"<p>La sospensione PostKrisi rivela la fascinazione del designer Enzo Catellani per la fibra di vetro. Di un&#8217;incredibile polivalenza, questo materiale fibroso si distingue per la sua resistenza, ma soprattutto per i giochi d&#8217;ombra che crea nel momento in cui interagisce con la luce. Vera scultura luminosa, questa sospensione arreda l&#8217;ambiente con la sua presenza singolare e onirica. PostKrisi deriva da un notevole lavoro sulla forma e la materia. Si compone di una scocca in fibra di vetro. L&#8217;esterno \u00e8 dipinto di bianco mentre l&#8217;interno \u00e8 rivestito di fogli d&#8217;oro applicati a mano. Questo lavoro artigianale accurato d\u00e0 vita ad una bella texture irregolare che gioca con i riflessi e la luce. L&#8217;illuminazione indiretta \u00e8 dorata, calda e gradevole. La luce si riflette all&#8217;interno della scocca. Nel momento in cui \u00e8 accesa, PostKrisi illumina le pareti di una bella luce, ideale per creare un&#8217;atmosfera rilassante. Questa luce propone una nuova qualit\u00e0 di luce: invita alla contemplazione e riduce la tensione nello spazio illuminato. La produzione Catellani &#038; Smith \u00e8 prevalentemente artigianale. Queste lampade sono prodotte a mano da diversi artigiani. Questa lampada \u00e8 sottoposta ad un severo controllo che ne garantisce la qualit\u00e0. Le piccole imperfezioni non sono un difetto ma una caratteristica del lavoro manuale. Lampadina (non fornita): 1 x E27 8,5W LED &#8211; 1055 lm, 2700K, 80 CRI &#8211; Prodotto artigianalmente in Italia &#8211; Classe: A++ &#8211; Rosone incluso &#8211; Compatibile variatore (GBT\/Triac)<\/p>\n","protected":false},"excerpt":{"rendered":"<p>La sospensione PostKrisi rivela la fascinazione del designer Enzo Catellani per la fibra di vetro.<\/p>\n","protected":false},"featured_media":136848,"template":"","meta":{"_acf_changed":false,"jetpack_post_was_ever_published":false,"jetpack_publicize_message":"","jetpack_publicize_feature_enabled":true,"jetpack_social_post_already_shared":false,"jetpack_social_options":{"image_generator_settings":{"template":"highway","default_image_id":0,"font":"","enabled":false},"version":2}},"pwb-brand":[1511],"product_brand":[],"product_cat":[607,1527,312,314],"product_tag":[94],"class_list":{"0":"post-84928","1":"product","2":"type-product","3":"status-publish","4":"has-post-thumbnail","6":"pwb-brand-catellani-smith","7":"product_cat-designers","8":"product_cat-enzo-catellani","9":"product_cat-illuminazione","10":"product_cat-lampada-a-sospensione-illuminazione","11":"product_tag-lampada-a-sospensione","12":"pa_colore-bianco","13":"pa_colore-oro","14":"pa_designer-enzo-catellani","15":"pa_larghezza-600-mm","16":"pa_materiale-fibra-di-vetro","17":"pa_materiale-foglio-doro","18":"pa_produttore-catellani-smith","19":"pa_profondita-600-mm","20":"pa_serie-postkrisi","21":"pa_tipo-di-prodotto-lampada-a-sospensione","23":"first","24":"instock","25":"product-type-external"},"acf":[],"yoast_head":"<!-- This site is optimized with the Yoast SEO plugin v27.2 - https:\/\/yoast.com\/product\/yoast-seo-wordpress\/ -->\n<title>Lampada A Sospensione PostKrisi 49 - \/ \u00d8 60 cm Bianco|Oro by Catellani &amp; Smith - SDM Product Selection<\/title>\n<meta name=\"description\" content=\"La sospensione PostKrisi rivela la fascinazione del designer Enzo Catellani per la fibra di vetro.\" \/>\n<meta name=\"robots\" content=\"index, follow, max-snippet:-1, max-image-preview:large, max-video-preview:-1\" \/>\n<link rel=\"canonical\" href=\"https:\/\/socialdesignmagazine.com\/mag\/products-selection\/product\/lampada-a-sospensione-postkrisi-49-o-60-cm-biancooro-by-catellani-smith\/\" \/>\n<meta property=\"og:locale\" content=\"it_IT\" \/>\n<meta property=\"og:type\" content=\"article\" \/>\n<meta property=\"og:title\" content=\"Lampada A Sospensione PostKrisi 49 - \/ \u00d8 60 cm Bianco|Oro by Catellani &amp; Smith - SDM Product Selection\" \/>\n<meta property=\"og:description\" content=\"La sospensione PostKrisi rivela la fascinazione del designer Enzo Catellani per la fibra di vetro.\" \/>\n<meta property=\"og:url\" content=\"https:\/\/socialdesignmagazine.com\/mag\/products-selection\/product\/lampada-a-sospensione-postkrisi-49-o-60-cm-biancooro-by-catellani-smith\/\" \/>\n<meta property=\"og:site_name\" content=\"SDM Product Selection\" \/>\n<meta property=\"article:publisher\" content=\"https:\/\/www.facebook.com\/socialdesignmag\" \/>\n<meta property=\"article:modified_time\" content=\"2021-08-02T19:39:18+00:00\" \/>\n<meta property=\"og:image\" content=\"https:\/\/socialdesignmagazine.com\/mag\/products-selection\/wp-content\/uploads\/sites\/2\/2020\/12\/Lampada-A-Sospensione-PostKrisi-49-\u00d8-60-cm-BiancoOro-Catellani-Smith-Enzo-Catellani.jpg\" \/>\n\t<meta property=\"og:image:width\" content=\"1721\" \/>\n\t<meta property=\"og:image:height\" content=\"1721\" \/>\n\t<meta property=\"og:image:type\" content=\"image\/jpeg\" \/>\n<meta name=\"twitter:card\" content=\"summary_large_image\" \/>\n<meta name=\"twitter:site\" content=\"@socialdesignmag\" \/>\n<meta name=\"twitter:label1\" content=\"Tempo di lettura stimato\" \/>\n\t<meta name=\"twitter:data1\" content=\"1 minuto\" \/>\n<script type=\"application\/ld+json\" class=\"yoast-schema-graph\">{\"@context\":\"https:\/\/schema.org\",\"@graph\":[{\"@type\":\"WebPage\",\"@id\":\"https:\/\/socialdesignmagazine.com\/mag\/products-selection\/product\/lampada-a-sospensione-postkrisi-49-o-60-cm-biancooro-by-catellani-smith\/\",\"url\":\"https:\/\/socialdesignmagazine.com\/mag\/products-selection\/product\/lampada-a-sospensione-postkrisi-49-o-60-cm-biancooro-by-catellani-smith\/\",\"name\":\"Lampada A Sospensione PostKrisi 49 - \/ \u00d8 60 cm Bianco|Oro by Catellani & Smith - SDM Product Selection\",\"isPartOf\":{\"@id\":\"https:\/\/socialdesignmagazine.com\/mag\/products-selection\/#website\"},\"primaryImageOfPage\":{\"@id\":\"https:\/\/socialdesignmagazine.com\/mag\/products-selection\/product\/lampada-a-sospensione-postkrisi-49-o-60-cm-biancooro-by-catellani-smith\/#primaryimage\"},\"image\":{\"@id\":\"https:\/\/socialdesignmagazine.com\/mag\/products-selection\/product\/lampada-a-sospensione-postkrisi-49-o-60-cm-biancooro-by-catellani-smith\/#primaryimage\"},\"thumbnailUrl\":\"https:\/\/socialdesignmagazine.com\/mag\/products-selection\/wp-content\/uploads\/sites\/2\/2020\/12\/Lampada-A-Sospensione-PostKrisi-49-\u00d8-60-cm-BiancoOro-Catellani-Smith-Enzo-Catellani.jpg\",\"datePublished\":\"2019-08-24T22:21:58+00:00\",\"dateModified\":\"2021-08-02T19:39:18+00:00\",\"description\":\"La sospensione PostKrisi rivela la fascinazione del designer Enzo Catellani per la fibra di vetro.\",\"breadcrumb\":{\"@id\":\"https:\/\/socialdesignmagazine.com\/mag\/products-selection\/product\/lampada-a-sospensione-postkrisi-49-o-60-cm-biancooro-by-catellani-smith\/#breadcrumb\"},\"inLanguage\":\"it-IT\",\"potentialAction\":[{\"@type\":\"ReadAction\",\"target\":[\"https:\/\/socialdesignmagazine.com\/mag\/products-selection\/product\/lampada-a-sospensione-postkrisi-49-o-60-cm-biancooro-by-catellani-smith\/\"]}]},{\"@type\":\"ImageObject\",\"inLanguage\":\"it-IT\",\"@id\":\"https:\/\/socialdesignmagazine.com\/mag\/products-selection\/product\/lampada-a-sospensione-postkrisi-49-o-60-cm-biancooro-by-catellani-smith\/#primaryimage\",\"url\":\"https:\/\/socialdesignmagazine.com\/mag\/products-selection\/wp-content\/uploads\/sites\/2\/2020\/12\/Lampada-A-Sospensione-PostKrisi-49-\u00d8-60-cm-BiancoOro-Catellani-Smith-Enzo-Catellani.jpg\",\"contentUrl\":\"https:\/\/socialdesignmagazine.com\/mag\/products-selection\/wp-content\/uploads\/sites\/2\/2020\/12\/Lampada-A-Sospensione-PostKrisi-49-\u00d8-60-cm-BiancoOro-Catellani-Smith-Enzo-Catellani.jpg\",\"width\":1721,\"height\":1721,\"caption\":\"Lampada A Sospensione PostKrisi 49 - \/ \u00d8 60 cm Bianco|Oro Catellani & Smith Enzo Catellani\"},{\"@type\":\"BreadcrumbList\",\"@id\":\"https:\/\/socialdesignmagazine.com\/mag\/products-selection\/product\/lampada-a-sospensione-postkrisi-49-o-60-cm-biancooro-by-catellani-smith\/#breadcrumb\",\"itemListElement\":[{\"@type\":\"ListItem\",\"position\":1,\"name\":\"Home\",\"item\":\"https:\/\/socialdesignmagazine.com\/mag\/products-selection\/\"},{\"@type\":\"ListItem\",\"position\":2,\"name\":\"Tutti i prodotti\",\"item\":\"https:\/\/socialdesignmagazine.com\/mag\/products-selection\/tutti-i-prodotti\/\"},{\"@type\":\"ListItem\",\"position\":3,\"name\":\"Lampada A Sospensione PostKrisi 49 &#8211; \/ \u00d8 60 cm Bianco|Oro by Catellani &#038; Smith\"}]},{\"@type\":\"WebSite\",\"@id\":\"https:\/\/socialdesignmagazine.com\/mag\/products-selection\/#website\",\"url\":\"https:\/\/socialdesignmagazine.com\/mag\/products-selection\/\",\"name\":\"SDM Product Selection\",\"description\":\"Una selezioni di prodotti dei brand pi\u00f9 interessanti per arredare e progettare\",\"publisher\":{\"@id\":\"https:\/\/socialdesignmagazine.com\/mag\/products-selection\/#organization\"},\"potentialAction\":[{\"@type\":\"SearchAction\",\"target\":{\"@type\":\"EntryPoint\",\"urlTemplate\":\"https:\/\/socialdesignmagazine.com\/mag\/products-selection\/?s={search_term_string}\"},\"query-input\":{\"@type\":\"PropertyValueSpecification\",\"valueRequired\":true,\"valueName\":\"search_term_string\"}}],\"inLanguage\":\"it-IT\"},{\"@type\":\"Organization\",\"@id\":\"https:\/\/socialdesignmagazine.com\/mag\/products-selection\/#organization\",\"name\":\"Social Design Magazine\",\"url\":\"https:\/\/socialdesignmagazine.com\/mag\/products-selection\/\",\"logo\":{\"@type\":\"ImageObject\",\"inLanguage\":\"it-IT\",\"@id\":\"https:\/\/socialdesignmagazine.com\/mag\/products-selection\/#\/schema\/logo\/image\/\",\"url\":\"https:\/\/socialdesignmagazine.com\/mag\/products-selection\/wp-content\/uploads\/sites\/2\/2015\/05\/social-design-magazine-logo.png\",\"contentUrl\":\"https:\/\/socialdesignmagazine.com\/mag\/products-selection\/wp-content\/uploads\/sites\/2\/2015\/05\/social-design-magazine-logo.png\",\"width\":251,\"height\":101,\"caption\":\"Social Design Magazine\"},\"image\":{\"@id\":\"https:\/\/socialdesignmagazine.com\/mag\/products-selection\/#\/schema\/logo\/image\/\"},\"sameAs\":[\"https:\/\/www.facebook.com\/socialdesignmag\",\"https:\/\/x.com\/socialdesignmag\",\"http:\/\/instagram.com\/social_design_magazine\/\",\"http:\/\/pinterest.com\/socialdesignmag\/\",\"http:\/\/www.youtube.com\/user\/socialdesignmagazine\"]}]}<\/script>\n<!-- \/ Yoast SEO plugin. -->","yoast_head_json":{"title":"Lampada A Sospensione PostKrisi 49 - \/ \u00d8 60 cm Bianco|Oro by Catellani & Smith - SDM Product Selection","description":"La sospensione PostKrisi rivela la fascinazione del designer Enzo Catellani per la fibra di vetro.","robots":{"index":"index","follow":"follow","max-snippet":"max-snippet:-1","max-image-preview":"max-image-preview:large","max-video-preview":"max-video-preview:-1"},"canonical":"https:\/\/socialdesignmagazine.com\/mag\/products-selection\/product\/lampada-a-sospensione-postkrisi-49-o-60-cm-biancooro-by-catellani-smith\/","og_locale":"it_IT","og_type":"article","og_title":"Lampada A Sospensione PostKrisi 49 - \/ \u00d8 60 cm Bianco|Oro by Catellani & Smith - SDM Product Selection","og_description":"La sospensione PostKrisi rivela la fascinazione del designer Enzo Catellani per la fibra di vetro.","og_url":"https:\/\/socialdesignmagazine.com\/mag\/products-selection\/product\/lampada-a-sospensione-postkrisi-49-o-60-cm-biancooro-by-catellani-smith\/","og_site_name":"SDM Product Selection","article_publisher":"https:\/\/www.facebook.com\/socialdesignmag","article_modified_time":"2021-08-02T19:39:18+00:00","og_image":[{"width":1721,"height":1721,"url":"https:\/\/socialdesignmagazine.com\/mag\/products-selection\/wp-content\/uploads\/sites\/2\/2020\/12\/Lampada-A-Sospensione-PostKrisi-49-\u00d8-60-cm-BiancoOro-Catellani-Smith-Enzo-Catellani.jpg","type":"image\/jpeg"}],"twitter_card":"summary_large_image","twitter_site":"@socialdesignmag","twitter_misc":{"Tempo di lettura stimato":"1 minuto"},"schema":{"@context":"https:\/\/schema.org","@graph":[{"@type":"WebPage","@id":"https:\/\/socialdesignmagazine.com\/mag\/products-selection\/product\/lampada-a-sospensione-postkrisi-49-o-60-cm-biancooro-by-catellani-smith\/","url":"https:\/\/socialdesignmagazine.com\/mag\/products-selection\/product\/lampada-a-sospensione-postkrisi-49-o-60-cm-biancooro-by-catellani-smith\/","name":"Lampada A Sospensione PostKrisi 49 - \/ \u00d8 60 cm Bianco|Oro by Catellani & Smith - SDM Product Selection","isPartOf":{"@id":"https:\/\/socialdesignmagazine.com\/mag\/products-selection\/#website"},"primaryImageOfPage":{"@id":"https:\/\/socialdesignmagazine.com\/mag\/products-selection\/product\/lampada-a-sospensione-postkrisi-49-o-60-cm-biancooro-by-catellani-smith\/#primaryimage"},"image":{"@id":"https:\/\/socialdesignmagazine.com\/mag\/products-selection\/product\/lampada-a-sospensione-postkrisi-49-o-60-cm-biancooro-by-catellani-smith\/#primaryimage"},"thumbnailUrl":"https:\/\/socialdesignmagazine.com\/mag\/products-selection\/wp-content\/uploads\/sites\/2\/2020\/12\/Lampada-A-Sospensione-PostKrisi-49-\u00d8-60-cm-BiancoOro-Catellani-Smith-Enzo-Catellani.jpg","datePublished":"2019-08-24T22:21:58+00:00","dateModified":"2021-08-02T19:39:18+00:00","description":"La sospensione PostKrisi rivela la fascinazione del designer Enzo Catellani per la fibra di vetro.","breadcrumb":{"@id":"https:\/\/socialdesignmagazine.com\/mag\/products-selection\/product\/lampada-a-sospensione-postkrisi-49-o-60-cm-biancooro-by-catellani-smith\/#breadcrumb"},"inLanguage":"it-IT","potentialAction":[{"@type":"ReadAction","target":["https:\/\/socialdesignmagazine.com\/mag\/products-selection\/product\/lampada-a-sospensione-postkrisi-49-o-60-cm-biancooro-by-catellani-smith\/"]}]},{"@type":"ImageObject","inLanguage":"it-IT","@id":"https:\/\/socialdesignmagazine.com\/mag\/products-selection\/product\/lampada-a-sospensione-postkrisi-49-o-60-cm-biancooro-by-catellani-smith\/#primaryimage","url":"https:\/\/socialdesignmagazine.com\/mag\/products-selection\/wp-content\/uploads\/sites\/2\/2020\/12\/Lampada-A-Sospensione-PostKrisi-49-\u00d8-60-cm-BiancoOro-Catellani-Smith-Enzo-Catellani.jpg","contentUrl":"https:\/\/socialdesignmagazine.com\/mag\/products-selection\/wp-content\/uploads\/sites\/2\/2020\/12\/Lampada-A-Sospensione-PostKrisi-49-\u00d8-60-cm-BiancoOro-Catellani-Smith-Enzo-Catellani.jpg","width":1721,"height":1721,"caption":"Lampada A Sospensione PostKrisi 49 - \/ \u00d8 60 cm Bianco|Oro Catellani & Smith Enzo Catellani"},{"@type":"BreadcrumbList","@id":"https:\/\/socialdesignmagazine.com\/mag\/products-selection\/product\/lampada-a-sospensione-postkrisi-49-o-60-cm-biancooro-by-catellani-smith\/#breadcrumb","itemListElement":[{"@type":"ListItem","position":1,"name":"Home","item":"https:\/\/socialdesignmagazine.com\/mag\/products-selection\/"},{"@type":"ListItem","position":2,"name":"Tutti i prodotti","item":"https:\/\/socialdesignmagazine.com\/mag\/products-selection\/tutti-i-prodotti\/"},{"@type":"ListItem","position":3,"name":"Lampada A Sospensione PostKrisi 49 &#8211; \/ \u00d8 60 cm Bianco|Oro by Catellani &#038; Smith"}]},{"@type":"WebSite","@id":"https:\/\/socialdesignmagazine.com\/mag\/products-selection\/#website","url":"https:\/\/socialdesignmagazine.com\/mag\/products-selection\/","name":"SDM Product Selection","description":"Una selezioni di prodotti dei brand pi\u00f9 interessanti per arredare e progettare","publisher":{"@id":"https:\/\/socialdesignmagazine.com\/mag\/products-selection\/#organization"},"potentialAction":[{"@type":"SearchAction","target":{"@type":"EntryPoint","urlTemplate":"https:\/\/socialdesignmagazine.com\/mag\/products-selection\/?s={search_term_string}"},"query-input":{"@type":"PropertyValueSpecification","valueRequired":true,"valueName":"search_term_string"}}],"inLanguage":"it-IT"},{"@type":"Organization","@id":"https:\/\/socialdesignmagazine.com\/mag\/products-selection\/#organization","name":"Social Design Magazine","url":"https:\/\/socialdesignmagazine.com\/mag\/products-selection\/","logo":{"@type":"ImageObject","inLanguage":"it-IT","@id":"https:\/\/socialdesignmagazine.com\/mag\/products-selection\/#\/schema\/logo\/image\/","url":"https:\/\/socialdesignmagazine.com\/mag\/products-selection\/wp-content\/uploads\/sites\/2\/2015\/05\/social-design-magazine-logo.png","contentUrl":"https:\/\/socialdesignmagazine.com\/mag\/products-selection\/wp-content\/uploads\/sites\/2\/2015\/05\/social-design-magazine-logo.png","width":251,"height":101,"caption":"Social Design Magazine"},"image":{"@id":"https:\/\/socialdesignmagazine.com\/mag\/products-selection\/#\/schema\/logo\/image\/"},"sameAs":["https:\/\/www.facebook.com\/socialdesignmag","https:\/\/x.com\/socialdesignmag","http:\/\/instagram.com\/social_design_magazine\/","http:\/\/pinterest.com\/socialdesignmag\/","http:\/\/www.youtube.com\/user\/socialdesignmagazine"]}]}},"jetpack_publicize_connections":[],"jetpack_sharing_enabled":true,"brands":[{"id":1511,"name":"Catellani &amp; Smith","slug":"catellani-smith"}],"_links":{"self":[{"href":"https:\/\/socialdesignmagazine.com\/mag\/products-selection\/wp-json\/wp\/v2\/product\/84928","targetHints":{"allow":["GET"]}}],"collection":[{"href":"https:\/\/socialdesignmagazine.com\/mag\/products-selection\/wp-json\/wp\/v2\/product"}],"about":[{"href":"https:\/\/socialdesignmagazine.com\/mag\/products-selection\/wp-json\/wp\/v2\/types\/product"}],"wp:featuredmedia":[{"embeddable":true,"href":"https:\/\/socialdesignmagazine.com\/mag\/products-selection\/wp-json\/wp\/v2\/media\/136848"}],"wp:attachment":[{"href":"https:\/\/socialdesignmagazine.com\/mag\/products-selection\/wp-json\/wp\/v2\/media?parent=84928"}],"wp:term":[{"taxonomy":"pwb-brand","embeddable":true,"href":"https:\/\/socialdesignmagazine.com\/mag\/products-selection\/wp-json\/wp\/v2\/pwb-brand?post=84928"},{"taxonomy":"product_brand","embeddable":true,"href":"https:\/\/socialdesignmagazine.com\/mag\/products-selection\/wp-json\/wp\/v2\/product_brand?post=84928"},{"taxonomy":"product_cat","embeddable":true,"href":"https:\/\/socialdesignmagazine.com\/mag\/products-selection\/wp-json\/wp\/v2\/product_cat?post=84928"},{"taxonomy":"product_tag","embeddable":true,"href":"https:\/\/socialdesignmagazine.com\/mag\/products-selection\/wp-json\/wp\/v2\/product_tag?post=84928"}],"curies":[{"name":"wp","href":"https:\/\/api.w.org\/{rel}","templated":true}]}}