{"id":87575,"date":"2019-08-31T21:23:40","date_gmt":"2019-08-31T19:23:40","guid":{"rendered":"https:\/\/socialdesignmagazine.com\/mag\/products-selection\/?post_type=product&#038;p=87575"},"modified":"2023-11-20T00:16:56","modified_gmt":"2023-11-19T23:16:56","slug":"lampada-da-tavolo-bon-jour-led-h-41-cm-trasparentecromato-design-philippe-starck-for-flos","status":"publish","type":"product","link":"https:\/\/socialdesignmagazine.com\/mag\/products-selection\/product\/lampada-da-tavolo-bon-jour-led-h-41-cm-trasparentecromato-design-philippe-starck-for-flos\/","title":{"rendered":"Lampada Da Tavolo Bon Jour \/ LED &#8211; H 41 cm Trasparente|Cromato design Philippe Starck for Flos"},"content":{"rendered":"<p>Dematerializzazione high tech\u2026 Una trasparenza totale e un design minimalista ultra contemporaneo per questa lampada firmata da Philippe Starck\u00a0! Bon Jour \u00e8 interamente realizzata in PMMA trasparente: \u00e8 un oggetto etereo e dematerializzato, attraversato dalla luce. solamente la parte alta \u00e8 punteggiata da un tocco metallizzato ultra chic che veste la silhouette come un prezioso gioiello. Grazie alla sua rivoluzionaria tecnologia \u2019\u2019Edge Lighting\u2019\u2019, la sorgente luminosa LED ultra piatta \u00e8 quasi invisibile. Questo disco luminoso ultra sottile \u00e8 posto sotto il cappello dell&#8217;abat-jour. Sfrutta appieno la potenza del LED con uno spessore minimo e garantisce una luce perfettamente uniforme, un comfort visuale elevato, una performance e una efficacia ottimali. L\u2019elegante cavo in tessuto bianco integrato nella base, attraversa la lampada da parte a parte. Il design minimale unico del variatore sito sul cavo, consente un controllo totale dell&#8217;intensit\u00e0 luminosa in un solo clic. Sorgente LED Tecnologia Edge Lighting integrata (insostituibile) : 2700K 900lm CRI90 13W &#8211; Variatore sul cavo (10-100%) &#8211; Luce diffusa<\/p>\n","protected":false},"excerpt":{"rendered":"<p>Dematerializzazione high tech\u2026 Una trasparenza totale e un design minimalista ultra contemporaneo per questa lampada firmata da Philippe Starck !<\/p>\n","protected":false},"featured_media":141061,"template":"","meta":{"_acf_changed":false,"jetpack_post_was_ever_published":false,"jetpack_publicize_message":"","jetpack_publicize_feature_enabled":true,"jetpack_social_post_already_shared":false,"jetpack_social_options":{"image_generator_settings":{"template":"highway","default_image_id":0,"font":"","enabled":false},"version":2}},"pwb-brand":[1427],"product_brand":[],"product_cat":[607,312,313,746],"product_tag":[101],"class_list":{"0":"post-87575","1":"product","2":"type-product","3":"status-publish","4":"has-post-thumbnail","6":"pwb-brand-flos","7":"product_cat-designers","8":"product_cat-illuminazione","9":"product_cat-lampada-da-tavolo-illuminazione","10":"product_cat-philippe-starck","11":"product_tag-lampada-da-tavolo","12":"pa_altezza-410-mm","13":"pa_colore-cromato","14":"pa_colore-trasparente","15":"pa_designer-philippe-starck","16":"pa_downloads-2d","17":"pa_downloads-3d","18":"pa_downloads-pdf","19":"pa_larghezza-283-mm","20":"pa_materiale-pmma","21":"pa_produttore-flos","22":"pa_profondita-283-mm","23":"pa_serie-bon-jour","24":"pa_tipo-di-prodotto-lampada-da-tavolo","26":"first","27":"instock","28":"product-type-external"},"acf":[],"yoast_head":"<!-- This site is optimized with the Yoast SEO plugin v27.2 - https:\/\/yoast.com\/product\/yoast-seo-wordpress\/ -->\n<title>Lampada Da Tavolo Bon Jour \/ LED - H 41 cm Trasparente|Cromato design Philippe Starck for Flos - SDM Product Selection<\/title>\n<meta name=\"description\" content=\"Dematerializzazione high tech\u2026 Una trasparenza totale e un design minimalista ultra contemporaneo per questa lampada firmata da Philippe Starck !\" \/>\n<meta name=\"robots\" content=\"index, follow, max-snippet:-1, max-image-preview:large, max-video-preview:-1\" \/>\n<link rel=\"canonical\" href=\"https:\/\/socialdesignmagazine.com\/mag\/products-selection\/product\/lampada-da-tavolo-bon-jour-led-h-41-cm-trasparentecromato-design-philippe-starck-for-flos\/\" \/>\n<meta property=\"og:locale\" content=\"it_IT\" \/>\n<meta property=\"og:type\" content=\"article\" \/>\n<meta property=\"og:title\" content=\"Lampada Da Tavolo Bon Jour \/ LED - H 41 cm Trasparente|Cromato design Philippe Starck for Flos - SDM Product Selection\" \/>\n<meta property=\"og:description\" content=\"Dematerializzazione high tech\u2026 Una trasparenza totale e un design minimalista ultra contemporaneo per questa lampada firmata da Philippe Starck !\" \/>\n<meta property=\"og:url\" content=\"https:\/\/socialdesignmagazine.com\/mag\/products-selection\/product\/lampada-da-tavolo-bon-jour-led-h-41-cm-trasparentecromato-design-philippe-starck-for-flos\/\" \/>\n<meta property=\"og:site_name\" content=\"SDM Product Selection\" \/>\n<meta property=\"article:publisher\" content=\"https:\/\/www.facebook.com\/socialdesignmag\" \/>\n<meta property=\"article:modified_time\" content=\"2023-11-19T23:16:56+00:00\" \/>\n<meta property=\"og:image\" content=\"https:\/\/socialdesignmagazine.com\/mag\/products-selection\/wp-content\/uploads\/sites\/2\/2023\/02\/Lampada-Da-Tavolo-Bon-Jour-LED-H-41-cm-TrasparenteCromato-Flos-Philippe-Starck-scaled.jpg\" \/>\n\t<meta property=\"og:image:width\" content=\"2247\" \/>\n\t<meta property=\"og:image:height\" content=\"2560\" \/>\n\t<meta property=\"og:image:type\" content=\"image\/jpeg\" \/>\n<meta name=\"twitter:card\" content=\"summary_large_image\" \/>\n<meta name=\"twitter:site\" content=\"@socialdesignmag\" \/>\n<meta name=\"twitter:label1\" content=\"Tempo di lettura stimato\" \/>\n\t<meta name=\"twitter:data1\" content=\"1 minuto\" \/>\n<script type=\"application\/ld+json\" class=\"yoast-schema-graph\">{\"@context\":\"https:\/\/schema.org\",\"@graph\":[{\"@type\":\"WebPage\",\"@id\":\"https:\/\/socialdesignmagazine.com\/mag\/products-selection\/product\/lampada-da-tavolo-bon-jour-led-h-41-cm-trasparentecromato-design-philippe-starck-for-flos\/\",\"url\":\"https:\/\/socialdesignmagazine.com\/mag\/products-selection\/product\/lampada-da-tavolo-bon-jour-led-h-41-cm-trasparentecromato-design-philippe-starck-for-flos\/\",\"name\":\"Lampada Da Tavolo Bon Jour \/ LED - H 41 cm Trasparente|Cromato design Philippe Starck for Flos - SDM Product Selection\",\"isPartOf\":{\"@id\":\"https:\/\/socialdesignmagazine.com\/mag\/products-selection\/#website\"},\"primaryImageOfPage\":{\"@id\":\"https:\/\/socialdesignmagazine.com\/mag\/products-selection\/product\/lampada-da-tavolo-bon-jour-led-h-41-cm-trasparentecromato-design-philippe-starck-for-flos\/#primaryimage\"},\"image\":{\"@id\":\"https:\/\/socialdesignmagazine.com\/mag\/products-selection\/product\/lampada-da-tavolo-bon-jour-led-h-41-cm-trasparentecromato-design-philippe-starck-for-flos\/#primaryimage\"},\"thumbnailUrl\":\"https:\/\/socialdesignmagazine.com\/mag\/products-selection\/wp-content\/uploads\/sites\/2\/2023\/02\/Lampada-Da-Tavolo-Bon-Jour-LED-H-41-cm-TrasparenteCromato-Flos-Philippe-Starck-scaled.jpg\",\"datePublished\":\"2019-08-31T19:23:40+00:00\",\"dateModified\":\"2023-11-19T23:16:56+00:00\",\"description\":\"Dematerializzazione high tech\u2026 Una trasparenza totale e un design minimalista ultra contemporaneo per questa lampada firmata da Philippe Starck !\",\"breadcrumb\":{\"@id\":\"https:\/\/socialdesignmagazine.com\/mag\/products-selection\/product\/lampada-da-tavolo-bon-jour-led-h-41-cm-trasparentecromato-design-philippe-starck-for-flos\/#breadcrumb\"},\"inLanguage\":\"it-IT\",\"potentialAction\":[{\"@type\":\"ReadAction\",\"target\":[\"https:\/\/socialdesignmagazine.com\/mag\/products-selection\/product\/lampada-da-tavolo-bon-jour-led-h-41-cm-trasparentecromato-design-philippe-starck-for-flos\/\"]}]},{\"@type\":\"ImageObject\",\"inLanguage\":\"it-IT\",\"@id\":\"https:\/\/socialdesignmagazine.com\/mag\/products-selection\/product\/lampada-da-tavolo-bon-jour-led-h-41-cm-trasparentecromato-design-philippe-starck-for-flos\/#primaryimage\",\"url\":\"https:\/\/socialdesignmagazine.com\/mag\/products-selection\/wp-content\/uploads\/sites\/2\/2023\/02\/Lampada-Da-Tavolo-Bon-Jour-LED-H-41-cm-TrasparenteCromato-Flos-Philippe-Starck-scaled.jpg\",\"contentUrl\":\"https:\/\/socialdesignmagazine.com\/mag\/products-selection\/wp-content\/uploads\/sites\/2\/2023\/02\/Lampada-Da-Tavolo-Bon-Jour-LED-H-41-cm-TrasparenteCromato-Flos-Philippe-Starck-scaled.jpg\",\"width\":2247,\"height\":2560,\"caption\":\"Lampada Da Tavolo Bon Jour \/ LED - H 41 cm Trasparente|Cromato Flos Philippe Starck\"},{\"@type\":\"BreadcrumbList\",\"@id\":\"https:\/\/socialdesignmagazine.com\/mag\/products-selection\/product\/lampada-da-tavolo-bon-jour-led-h-41-cm-trasparentecromato-design-philippe-starck-for-flos\/#breadcrumb\",\"itemListElement\":[{\"@type\":\"ListItem\",\"position\":1,\"name\":\"Home\",\"item\":\"https:\/\/socialdesignmagazine.com\/mag\/products-selection\/\"},{\"@type\":\"ListItem\",\"position\":2,\"name\":\"Tutti i prodotti\",\"item\":\"https:\/\/socialdesignmagazine.com\/mag\/products-selection\/tutti-i-prodotti\/\"},{\"@type\":\"ListItem\",\"position\":3,\"name\":\"Lampada Da Tavolo Bon Jour \/ LED &#8211; H 41 cm Trasparente|Cromato design Philippe Starck for Flos\"}]},{\"@type\":\"WebSite\",\"@id\":\"https:\/\/socialdesignmagazine.com\/mag\/products-selection\/#website\",\"url\":\"https:\/\/socialdesignmagazine.com\/mag\/products-selection\/\",\"name\":\"SDM Product Selection\",\"description\":\"Una selezioni di prodotti dei brand pi\u00f9 interessanti per arredare e progettare\",\"publisher\":{\"@id\":\"https:\/\/socialdesignmagazine.com\/mag\/products-selection\/#organization\"},\"potentialAction\":[{\"@type\":\"SearchAction\",\"target\":{\"@type\":\"EntryPoint\",\"urlTemplate\":\"https:\/\/socialdesignmagazine.com\/mag\/products-selection\/?s={search_term_string}\"},\"query-input\":{\"@type\":\"PropertyValueSpecification\",\"valueRequired\":true,\"valueName\":\"search_term_string\"}}],\"inLanguage\":\"it-IT\"},{\"@type\":\"Organization\",\"@id\":\"https:\/\/socialdesignmagazine.com\/mag\/products-selection\/#organization\",\"name\":\"Social Design Magazine\",\"url\":\"https:\/\/socialdesignmagazine.com\/mag\/products-selection\/\",\"logo\":{\"@type\":\"ImageObject\",\"inLanguage\":\"it-IT\",\"@id\":\"https:\/\/socialdesignmagazine.com\/mag\/products-selection\/#\/schema\/logo\/image\/\",\"url\":\"https:\/\/socialdesignmagazine.com\/mag\/products-selection\/wp-content\/uploads\/sites\/2\/2015\/05\/social-design-magazine-logo.png\",\"contentUrl\":\"https:\/\/socialdesignmagazine.com\/mag\/products-selection\/wp-content\/uploads\/sites\/2\/2015\/05\/social-design-magazine-logo.png\",\"width\":251,\"height\":101,\"caption\":\"Social Design Magazine\"},\"image\":{\"@id\":\"https:\/\/socialdesignmagazine.com\/mag\/products-selection\/#\/schema\/logo\/image\/\"},\"sameAs\":[\"https:\/\/www.facebook.com\/socialdesignmag\",\"https:\/\/x.com\/socialdesignmag\",\"http:\/\/instagram.com\/social_design_magazine\/\",\"http:\/\/pinterest.com\/socialdesignmag\/\",\"http:\/\/www.youtube.com\/user\/socialdesignmagazine\"]}]}<\/script>\n<!-- \/ Yoast SEO plugin. -->","yoast_head_json":{"title":"Lampada Da Tavolo Bon Jour \/ LED - H 41 cm Trasparente|Cromato design Philippe Starck for Flos - SDM Product Selection","description":"Dematerializzazione high tech\u2026 Una trasparenza totale e un design minimalista ultra contemporaneo per questa lampada firmata da Philippe Starck !","robots":{"index":"index","follow":"follow","max-snippet":"max-snippet:-1","max-image-preview":"max-image-preview:large","max-video-preview":"max-video-preview:-1"},"canonical":"https:\/\/socialdesignmagazine.com\/mag\/products-selection\/product\/lampada-da-tavolo-bon-jour-led-h-41-cm-trasparentecromato-design-philippe-starck-for-flos\/","og_locale":"it_IT","og_type":"article","og_title":"Lampada Da Tavolo Bon Jour \/ LED - H 41 cm Trasparente|Cromato design Philippe Starck for Flos - SDM Product Selection","og_description":"Dematerializzazione high tech\u2026 Una trasparenza totale e un design minimalista ultra contemporaneo per questa lampada firmata da Philippe Starck !","og_url":"https:\/\/socialdesignmagazine.com\/mag\/products-selection\/product\/lampada-da-tavolo-bon-jour-led-h-41-cm-trasparentecromato-design-philippe-starck-for-flos\/","og_site_name":"SDM Product Selection","article_publisher":"https:\/\/www.facebook.com\/socialdesignmag","article_modified_time":"2023-11-19T23:16:56+00:00","og_image":[{"width":2247,"height":2560,"url":"https:\/\/socialdesignmagazine.com\/mag\/products-selection\/wp-content\/uploads\/sites\/2\/2023\/02\/Lampada-Da-Tavolo-Bon-Jour-LED-H-41-cm-TrasparenteCromato-Flos-Philippe-Starck-scaled.jpg","type":"image\/jpeg"}],"twitter_card":"summary_large_image","twitter_site":"@socialdesignmag","twitter_misc":{"Tempo di lettura stimato":"1 minuto"},"schema":{"@context":"https:\/\/schema.org","@graph":[{"@type":"WebPage","@id":"https:\/\/socialdesignmagazine.com\/mag\/products-selection\/product\/lampada-da-tavolo-bon-jour-led-h-41-cm-trasparentecromato-design-philippe-starck-for-flos\/","url":"https:\/\/socialdesignmagazine.com\/mag\/products-selection\/product\/lampada-da-tavolo-bon-jour-led-h-41-cm-trasparentecromato-design-philippe-starck-for-flos\/","name":"Lampada Da Tavolo Bon Jour \/ LED - H 41 cm Trasparente|Cromato design Philippe Starck for Flos - SDM Product Selection","isPartOf":{"@id":"https:\/\/socialdesignmagazine.com\/mag\/products-selection\/#website"},"primaryImageOfPage":{"@id":"https:\/\/socialdesignmagazine.com\/mag\/products-selection\/product\/lampada-da-tavolo-bon-jour-led-h-41-cm-trasparentecromato-design-philippe-starck-for-flos\/#primaryimage"},"image":{"@id":"https:\/\/socialdesignmagazine.com\/mag\/products-selection\/product\/lampada-da-tavolo-bon-jour-led-h-41-cm-trasparentecromato-design-philippe-starck-for-flos\/#primaryimage"},"thumbnailUrl":"https:\/\/socialdesignmagazine.com\/mag\/products-selection\/wp-content\/uploads\/sites\/2\/2023\/02\/Lampada-Da-Tavolo-Bon-Jour-LED-H-41-cm-TrasparenteCromato-Flos-Philippe-Starck-scaled.jpg","datePublished":"2019-08-31T19:23:40+00:00","dateModified":"2023-11-19T23:16:56+00:00","description":"Dematerializzazione high tech\u2026 Una trasparenza totale e un design minimalista ultra contemporaneo per questa lampada firmata da Philippe Starck !","breadcrumb":{"@id":"https:\/\/socialdesignmagazine.com\/mag\/products-selection\/product\/lampada-da-tavolo-bon-jour-led-h-41-cm-trasparentecromato-design-philippe-starck-for-flos\/#breadcrumb"},"inLanguage":"it-IT","potentialAction":[{"@type":"ReadAction","target":["https:\/\/socialdesignmagazine.com\/mag\/products-selection\/product\/lampada-da-tavolo-bon-jour-led-h-41-cm-trasparentecromato-design-philippe-starck-for-flos\/"]}]},{"@type":"ImageObject","inLanguage":"it-IT","@id":"https:\/\/socialdesignmagazine.com\/mag\/products-selection\/product\/lampada-da-tavolo-bon-jour-led-h-41-cm-trasparentecromato-design-philippe-starck-for-flos\/#primaryimage","url":"https:\/\/socialdesignmagazine.com\/mag\/products-selection\/wp-content\/uploads\/sites\/2\/2023\/02\/Lampada-Da-Tavolo-Bon-Jour-LED-H-41-cm-TrasparenteCromato-Flos-Philippe-Starck-scaled.jpg","contentUrl":"https:\/\/socialdesignmagazine.com\/mag\/products-selection\/wp-content\/uploads\/sites\/2\/2023\/02\/Lampada-Da-Tavolo-Bon-Jour-LED-H-41-cm-TrasparenteCromato-Flos-Philippe-Starck-scaled.jpg","width":2247,"height":2560,"caption":"Lampada Da Tavolo Bon Jour \/ LED - H 41 cm Trasparente|Cromato Flos Philippe Starck"},{"@type":"BreadcrumbList","@id":"https:\/\/socialdesignmagazine.com\/mag\/products-selection\/product\/lampada-da-tavolo-bon-jour-led-h-41-cm-trasparentecromato-design-philippe-starck-for-flos\/#breadcrumb","itemListElement":[{"@type":"ListItem","position":1,"name":"Home","item":"https:\/\/socialdesignmagazine.com\/mag\/products-selection\/"},{"@type":"ListItem","position":2,"name":"Tutti i prodotti","item":"https:\/\/socialdesignmagazine.com\/mag\/products-selection\/tutti-i-prodotti\/"},{"@type":"ListItem","position":3,"name":"Lampada Da Tavolo Bon Jour \/ LED &#8211; H 41 cm Trasparente|Cromato design Philippe Starck for Flos"}]},{"@type":"WebSite","@id":"https:\/\/socialdesignmagazine.com\/mag\/products-selection\/#website","url":"https:\/\/socialdesignmagazine.com\/mag\/products-selection\/","name":"SDM Product Selection","description":"Una selezioni di prodotti dei brand pi\u00f9 interessanti per arredare e progettare","publisher":{"@id":"https:\/\/socialdesignmagazine.com\/mag\/products-selection\/#organization"},"potentialAction":[{"@type":"SearchAction","target":{"@type":"EntryPoint","urlTemplate":"https:\/\/socialdesignmagazine.com\/mag\/products-selection\/?s={search_term_string}"},"query-input":{"@type":"PropertyValueSpecification","valueRequired":true,"valueName":"search_term_string"}}],"inLanguage":"it-IT"},{"@type":"Organization","@id":"https:\/\/socialdesignmagazine.com\/mag\/products-selection\/#organization","name":"Social Design Magazine","url":"https:\/\/socialdesignmagazine.com\/mag\/products-selection\/","logo":{"@type":"ImageObject","inLanguage":"it-IT","@id":"https:\/\/socialdesignmagazine.com\/mag\/products-selection\/#\/schema\/logo\/image\/","url":"https:\/\/socialdesignmagazine.com\/mag\/products-selection\/wp-content\/uploads\/sites\/2\/2015\/05\/social-design-magazine-logo.png","contentUrl":"https:\/\/socialdesignmagazine.com\/mag\/products-selection\/wp-content\/uploads\/sites\/2\/2015\/05\/social-design-magazine-logo.png","width":251,"height":101,"caption":"Social Design Magazine"},"image":{"@id":"https:\/\/socialdesignmagazine.com\/mag\/products-selection\/#\/schema\/logo\/image\/"},"sameAs":["https:\/\/www.facebook.com\/socialdesignmag","https:\/\/x.com\/socialdesignmag","http:\/\/instagram.com\/social_design_magazine\/","http:\/\/pinterest.com\/socialdesignmag\/","http:\/\/www.youtube.com\/user\/socialdesignmagazine"]}]}},"jetpack_publicize_connections":[],"jetpack_sharing_enabled":true,"brands":[{"id":1427,"name":"Flos","slug":"flos"}],"_links":{"self":[{"href":"https:\/\/socialdesignmagazine.com\/mag\/products-selection\/wp-json\/wp\/v2\/product\/87575","targetHints":{"allow":["GET"]}}],"collection":[{"href":"https:\/\/socialdesignmagazine.com\/mag\/products-selection\/wp-json\/wp\/v2\/product"}],"about":[{"href":"https:\/\/socialdesignmagazine.com\/mag\/products-selection\/wp-json\/wp\/v2\/types\/product"}],"wp:featuredmedia":[{"embeddable":true,"href":"https:\/\/socialdesignmagazine.com\/mag\/products-selection\/wp-json\/wp\/v2\/media\/141061"}],"wp:attachment":[{"href":"https:\/\/socialdesignmagazine.com\/mag\/products-selection\/wp-json\/wp\/v2\/media?parent=87575"}],"wp:term":[{"taxonomy":"pwb-brand","embeddable":true,"href":"https:\/\/socialdesignmagazine.com\/mag\/products-selection\/wp-json\/wp\/v2\/pwb-brand?post=87575"},{"taxonomy":"product_brand","embeddable":true,"href":"https:\/\/socialdesignmagazine.com\/mag\/products-selection\/wp-json\/wp\/v2\/product_brand?post=87575"},{"taxonomy":"product_cat","embeddable":true,"href":"https:\/\/socialdesignmagazine.com\/mag\/products-selection\/wp-json\/wp\/v2\/product_cat?post=87575"},{"taxonomy":"product_tag","embeddable":true,"href":"https:\/\/socialdesignmagazine.com\/mag\/products-selection\/wp-json\/wp\/v2\/product_tag?post=87575"}],"curies":[{"name":"wp","href":"https:\/\/api.w.org\/{rel}","templated":true}]}}