{"id":95130,"date":"2020-05-20T16:00:44","date_gmt":"2020-05-20T14:00:44","guid":{"rendered":"https:\/\/socialdesignmagazine.com\/mag\/products-selection\/?post_type=product&#038;p=95130"},"modified":"2020-12-08T19:17:56","modified_gmt":"2020-12-08T18:17:56","slug":"lampada-a-sospensione-amp-chandelier-small-o-62-cm-bianco-design-simon-legald-for-normann-copenhagen","status":"publish","type":"product","link":"https:\/\/socialdesignmagazine.com\/mag\/products-selection\/product\/lampada-a-sospensione-amp-chandelier-small-o-62-cm-bianco-design-simon-legald-for-normann-copenhagen\/","title":{"rendered":"Lampada A Sospensione Amp Chandelier Small &#8211; \u00d8 62 cm Bianco design Simon Legald for Normann Copenhagen"},"content":{"rendered":"<p>Mix di fascino retr\u00f2 e purezza contemporanea, ecco una reinterpretazione minimal del classico lampadario! La silhouette barocca \u00e8 reinventata in un linguaggio geometrico semplice e spoglio. Questa grande sospensione si compone di una struttura in acciaio costituita intorno ad un lungo cilindro centrale. I molteplici bracci formano un volume aereo e destrutturato intorno al cilindro. All&#8217;estremit\u00e0 di ogni braccio si trova un prezioso portalampada in vero marmo, sormontato da un globlo in vetro. Amp propone una bella associazione di materiali nobili. Le lampadine LED sono incluse. La collezione di lampade &#8220;Amp&#8221; \u00e8 firmata dal designer danese Simon Legald. L&#8217;idea della forma di queste lampade \u00e8 firmata dal designer danese Simon Legald. L&#8217;idea della forma di queste lampade gli \u00e8 venuta un giorno in cui stava restaurando una vecchia radio degli anni &#8217;60: \u00e8 stato sedotto dalla luce emessa dall&#8217;amplificatore a tubo. La forma ovale e semplice del paralume oltre alla diffusione particolare della luce vi fanno apertamente riferimento, cos\u00ec come il nome Amp, che riprende l&#8217;abbreviazione inglese del tubo amplifier.<\/p>\n","protected":false},"excerpt":{"rendered":"<p>Una reinterpretazione minimal del classico lampadario! Questa grande sospensione si compone di una struttura in acciaio costituita intorno ad un lungo cilindro centrale.<\/p>\n","protected":false},"featured_media":138798,"template":"","meta":{"_acf_changed":false,"jetpack_post_was_ever_published":false,"jetpack_publicize_message":"","jetpack_publicize_feature_enabled":true,"jetpack_social_post_already_shared":false,"jetpack_social_options":{"image_generator_settings":{"template":"highway","default_image_id":0,"font":"","enabled":false},"version":2}},"pwb-brand":[1606],"product_brand":[],"product_cat":[607,312,314,1607],"product_tag":[94],"class_list":{"0":"post-95130","1":"product","2":"type-product","3":"status-publish","4":"has-post-thumbnail","6":"pwb-brand-normann-copenhagen","7":"product_cat-designers","8":"product_cat-illuminazione","9":"product_cat-lampada-a-sospensione-illuminazione","10":"product_cat-simon-legald","11":"product_tag-lampada-a-sospensione","12":"pa_altezza-325-mm","13":"pa_colore-bianco","14":"pa_designer-simon-legald","15":"pa_downloads-2d","16":"pa_downloads-3d","17":"pa_larghezza-625-mm","18":"pa_materiale-acciaio-laccato","19":"pa_materiale-marmo","20":"pa_materiale-vetro","21":"pa_produttore-normann-copenhagen","22":"pa_profondita-625-mm","23":"pa_serie-amp","24":"pa_tipo-di-prodotto-lampada-a-sospensione","26":"first","27":"instock","28":"product-type-external"},"acf":[],"yoast_head":"<!-- This site is optimized with the Yoast SEO plugin v27.2 - https:\/\/yoast.com\/product\/yoast-seo-wordpress\/ -->\n<title>Lampada A Sospensione Amp Chandelier Small - \u00d8 62 cm Bianco design Simon Legald for Normann Copenhagen - SDM Product Selection<\/title>\n<meta name=\"description\" content=\"Una reinterpretazione minimal del classico lampadario! Questa grande sospensione si compone di una struttura in acciaio costituita intorno ad un lungo cilindro centrale.\" \/>\n<meta name=\"robots\" content=\"index, follow, max-snippet:-1, max-image-preview:large, max-video-preview:-1\" \/>\n<link rel=\"canonical\" href=\"https:\/\/socialdesignmagazine.com\/mag\/products-selection\/product\/lampada-a-sospensione-amp-chandelier-small-o-62-cm-bianco-design-simon-legald-for-normann-copenhagen\/\" \/>\n<meta property=\"og:locale\" content=\"it_IT\" \/>\n<meta property=\"og:type\" content=\"article\" \/>\n<meta property=\"og:title\" content=\"Lampada A Sospensione Amp Chandelier Small - \u00d8 62 cm Bianco design Simon Legald for Normann Copenhagen - SDM Product Selection\" \/>\n<meta property=\"og:description\" content=\"Una reinterpretazione minimal del classico lampadario! Questa grande sospensione si compone di una struttura in acciaio costituita intorno ad un lungo cilindro centrale.\" \/>\n<meta property=\"og:url\" content=\"https:\/\/socialdesignmagazine.com\/mag\/products-selection\/product\/lampada-a-sospensione-amp-chandelier-small-o-62-cm-bianco-design-simon-legald-for-normann-copenhagen\/\" \/>\n<meta property=\"og:site_name\" content=\"SDM Product Selection\" \/>\n<meta property=\"article:publisher\" content=\"https:\/\/www.facebook.com\/socialdesignmag\" \/>\n<meta property=\"article:modified_time\" content=\"2020-12-08T18:17:56+00:00\" \/>\n<meta property=\"og:image\" content=\"https:\/\/socialdesignmagazine.com\/mag\/products-selection\/wp-content\/uploads\/sites\/2\/2020\/12\/Lampada-A-Sospensione-Amp-Chandelier-Small-\u00d8-62-cm-Bianco-Normann-Copenhagen-Simon-Legald.jpg\" \/>\n\t<meta property=\"og:image:width\" content=\"1665\" \/>\n\t<meta property=\"og:image:height\" content=\"1665\" \/>\n\t<meta property=\"og:image:type\" content=\"image\/jpeg\" \/>\n<meta name=\"twitter:card\" content=\"summary_large_image\" \/>\n<meta name=\"twitter:site\" content=\"@socialdesignmag\" \/>\n<meta name=\"twitter:label1\" content=\"Tempo di lettura stimato\" \/>\n\t<meta name=\"twitter:data1\" content=\"1 minuto\" \/>\n<script type=\"application\/ld+json\" class=\"yoast-schema-graph\">{\"@context\":\"https:\/\/schema.org\",\"@graph\":[{\"@type\":\"WebPage\",\"@id\":\"https:\/\/socialdesignmagazine.com\/mag\/products-selection\/product\/lampada-a-sospensione-amp-chandelier-small-o-62-cm-bianco-design-simon-legald-for-normann-copenhagen\/\",\"url\":\"https:\/\/socialdesignmagazine.com\/mag\/products-selection\/product\/lampada-a-sospensione-amp-chandelier-small-o-62-cm-bianco-design-simon-legald-for-normann-copenhagen\/\",\"name\":\"Lampada A Sospensione Amp Chandelier Small - \u00d8 62 cm Bianco design Simon Legald for Normann Copenhagen - SDM Product Selection\",\"isPartOf\":{\"@id\":\"https:\/\/socialdesignmagazine.com\/mag\/products-selection\/#website\"},\"primaryImageOfPage\":{\"@id\":\"https:\/\/socialdesignmagazine.com\/mag\/products-selection\/product\/lampada-a-sospensione-amp-chandelier-small-o-62-cm-bianco-design-simon-legald-for-normann-copenhagen\/#primaryimage\"},\"image\":{\"@id\":\"https:\/\/socialdesignmagazine.com\/mag\/products-selection\/product\/lampada-a-sospensione-amp-chandelier-small-o-62-cm-bianco-design-simon-legald-for-normann-copenhagen\/#primaryimage\"},\"thumbnailUrl\":\"https:\/\/socialdesignmagazine.com\/mag\/products-selection\/wp-content\/uploads\/sites\/2\/2020\/12\/Lampada-A-Sospensione-Amp-Chandelier-Small-\u00d8-62-cm-Bianco-Normann-Copenhagen-Simon-Legald.jpg\",\"datePublished\":\"2020-05-20T14:00:44+00:00\",\"dateModified\":\"2020-12-08T18:17:56+00:00\",\"description\":\"Una reinterpretazione minimal del classico lampadario! Questa grande sospensione si compone di una struttura in acciaio costituita intorno ad un lungo cilindro centrale.\",\"breadcrumb\":{\"@id\":\"https:\/\/socialdesignmagazine.com\/mag\/products-selection\/product\/lampada-a-sospensione-amp-chandelier-small-o-62-cm-bianco-design-simon-legald-for-normann-copenhagen\/#breadcrumb\"},\"inLanguage\":\"it-IT\",\"potentialAction\":[{\"@type\":\"ReadAction\",\"target\":[\"https:\/\/socialdesignmagazine.com\/mag\/products-selection\/product\/lampada-a-sospensione-amp-chandelier-small-o-62-cm-bianco-design-simon-legald-for-normann-copenhagen\/\"]}]},{\"@type\":\"ImageObject\",\"inLanguage\":\"it-IT\",\"@id\":\"https:\/\/socialdesignmagazine.com\/mag\/products-selection\/product\/lampada-a-sospensione-amp-chandelier-small-o-62-cm-bianco-design-simon-legald-for-normann-copenhagen\/#primaryimage\",\"url\":\"https:\/\/socialdesignmagazine.com\/mag\/products-selection\/wp-content\/uploads\/sites\/2\/2020\/12\/Lampada-A-Sospensione-Amp-Chandelier-Small-\u00d8-62-cm-Bianco-Normann-Copenhagen-Simon-Legald.jpg\",\"contentUrl\":\"https:\/\/socialdesignmagazine.com\/mag\/products-selection\/wp-content\/uploads\/sites\/2\/2020\/12\/Lampada-A-Sospensione-Amp-Chandelier-Small-\u00d8-62-cm-Bianco-Normann-Copenhagen-Simon-Legald.jpg\",\"width\":1665,\"height\":1665,\"caption\":\"Lampada A Sospensione Amp Chandelier Small - \u00d8 62 cm Bianco Normann Copenhagen Simon Legald\"},{\"@type\":\"BreadcrumbList\",\"@id\":\"https:\/\/socialdesignmagazine.com\/mag\/products-selection\/product\/lampada-a-sospensione-amp-chandelier-small-o-62-cm-bianco-design-simon-legald-for-normann-copenhagen\/#breadcrumb\",\"itemListElement\":[{\"@type\":\"ListItem\",\"position\":1,\"name\":\"Home\",\"item\":\"https:\/\/socialdesignmagazine.com\/mag\/products-selection\/\"},{\"@type\":\"ListItem\",\"position\":2,\"name\":\"Tutti i prodotti\",\"item\":\"https:\/\/socialdesignmagazine.com\/mag\/products-selection\/tutti-i-prodotti\/\"},{\"@type\":\"ListItem\",\"position\":3,\"name\":\"Lampada A Sospensione Amp Chandelier Small &#8211; \u00d8 62 cm Bianco design Simon Legald for Normann Copenhagen\"}]},{\"@type\":\"WebSite\",\"@id\":\"https:\/\/socialdesignmagazine.com\/mag\/products-selection\/#website\",\"url\":\"https:\/\/socialdesignmagazine.com\/mag\/products-selection\/\",\"name\":\"SDM Product Selection\",\"description\":\"Una selezioni di prodotti dei brand pi\u00f9 interessanti per arredare e progettare\",\"publisher\":{\"@id\":\"https:\/\/socialdesignmagazine.com\/mag\/products-selection\/#organization\"},\"potentialAction\":[{\"@type\":\"SearchAction\",\"target\":{\"@type\":\"EntryPoint\",\"urlTemplate\":\"https:\/\/socialdesignmagazine.com\/mag\/products-selection\/?s={search_term_string}\"},\"query-input\":{\"@type\":\"PropertyValueSpecification\",\"valueRequired\":true,\"valueName\":\"search_term_string\"}}],\"inLanguage\":\"it-IT\"},{\"@type\":\"Organization\",\"@id\":\"https:\/\/socialdesignmagazine.com\/mag\/products-selection\/#organization\",\"name\":\"Social Design Magazine\",\"url\":\"https:\/\/socialdesignmagazine.com\/mag\/products-selection\/\",\"logo\":{\"@type\":\"ImageObject\",\"inLanguage\":\"it-IT\",\"@id\":\"https:\/\/socialdesignmagazine.com\/mag\/products-selection\/#\/schema\/logo\/image\/\",\"url\":\"https:\/\/socialdesignmagazine.com\/mag\/products-selection\/wp-content\/uploads\/sites\/2\/2015\/05\/social-design-magazine-logo.png\",\"contentUrl\":\"https:\/\/socialdesignmagazine.com\/mag\/products-selection\/wp-content\/uploads\/sites\/2\/2015\/05\/social-design-magazine-logo.png\",\"width\":251,\"height\":101,\"caption\":\"Social Design Magazine\"},\"image\":{\"@id\":\"https:\/\/socialdesignmagazine.com\/mag\/products-selection\/#\/schema\/logo\/image\/\"},\"sameAs\":[\"https:\/\/www.facebook.com\/socialdesignmag\",\"https:\/\/x.com\/socialdesignmag\",\"http:\/\/instagram.com\/social_design_magazine\/\",\"http:\/\/pinterest.com\/socialdesignmag\/\",\"http:\/\/www.youtube.com\/user\/socialdesignmagazine\"]}]}<\/script>\n<!-- \/ Yoast SEO plugin. -->","yoast_head_json":{"title":"Lampada A Sospensione Amp Chandelier Small - \u00d8 62 cm Bianco design Simon Legald for Normann Copenhagen - SDM Product Selection","description":"Una reinterpretazione minimal del classico lampadario! Questa grande sospensione si compone di una struttura in acciaio costituita intorno ad un lungo cilindro centrale.","robots":{"index":"index","follow":"follow","max-snippet":"max-snippet:-1","max-image-preview":"max-image-preview:large","max-video-preview":"max-video-preview:-1"},"canonical":"https:\/\/socialdesignmagazine.com\/mag\/products-selection\/product\/lampada-a-sospensione-amp-chandelier-small-o-62-cm-bianco-design-simon-legald-for-normann-copenhagen\/","og_locale":"it_IT","og_type":"article","og_title":"Lampada A Sospensione Amp Chandelier Small - \u00d8 62 cm Bianco design Simon Legald for Normann Copenhagen - SDM Product Selection","og_description":"Una reinterpretazione minimal del classico lampadario! Questa grande sospensione si compone di una struttura in acciaio costituita intorno ad un lungo cilindro centrale.","og_url":"https:\/\/socialdesignmagazine.com\/mag\/products-selection\/product\/lampada-a-sospensione-amp-chandelier-small-o-62-cm-bianco-design-simon-legald-for-normann-copenhagen\/","og_site_name":"SDM Product Selection","article_publisher":"https:\/\/www.facebook.com\/socialdesignmag","article_modified_time":"2020-12-08T18:17:56+00:00","og_image":[{"width":1665,"height":1665,"url":"https:\/\/socialdesignmagazine.com\/mag\/products-selection\/wp-content\/uploads\/sites\/2\/2020\/12\/Lampada-A-Sospensione-Amp-Chandelier-Small-\u00d8-62-cm-Bianco-Normann-Copenhagen-Simon-Legald.jpg","type":"image\/jpeg"}],"twitter_card":"summary_large_image","twitter_site":"@socialdesignmag","twitter_misc":{"Tempo di lettura stimato":"1 minuto"},"schema":{"@context":"https:\/\/schema.org","@graph":[{"@type":"WebPage","@id":"https:\/\/socialdesignmagazine.com\/mag\/products-selection\/product\/lampada-a-sospensione-amp-chandelier-small-o-62-cm-bianco-design-simon-legald-for-normann-copenhagen\/","url":"https:\/\/socialdesignmagazine.com\/mag\/products-selection\/product\/lampada-a-sospensione-amp-chandelier-small-o-62-cm-bianco-design-simon-legald-for-normann-copenhagen\/","name":"Lampada A Sospensione Amp Chandelier Small - \u00d8 62 cm Bianco design Simon Legald for Normann Copenhagen - SDM Product Selection","isPartOf":{"@id":"https:\/\/socialdesignmagazine.com\/mag\/products-selection\/#website"},"primaryImageOfPage":{"@id":"https:\/\/socialdesignmagazine.com\/mag\/products-selection\/product\/lampada-a-sospensione-amp-chandelier-small-o-62-cm-bianco-design-simon-legald-for-normann-copenhagen\/#primaryimage"},"image":{"@id":"https:\/\/socialdesignmagazine.com\/mag\/products-selection\/product\/lampada-a-sospensione-amp-chandelier-small-o-62-cm-bianco-design-simon-legald-for-normann-copenhagen\/#primaryimage"},"thumbnailUrl":"https:\/\/socialdesignmagazine.com\/mag\/products-selection\/wp-content\/uploads\/sites\/2\/2020\/12\/Lampada-A-Sospensione-Amp-Chandelier-Small-\u00d8-62-cm-Bianco-Normann-Copenhagen-Simon-Legald.jpg","datePublished":"2020-05-20T14:00:44+00:00","dateModified":"2020-12-08T18:17:56+00:00","description":"Una reinterpretazione minimal del classico lampadario! Questa grande sospensione si compone di una struttura in acciaio costituita intorno ad un lungo cilindro centrale.","breadcrumb":{"@id":"https:\/\/socialdesignmagazine.com\/mag\/products-selection\/product\/lampada-a-sospensione-amp-chandelier-small-o-62-cm-bianco-design-simon-legald-for-normann-copenhagen\/#breadcrumb"},"inLanguage":"it-IT","potentialAction":[{"@type":"ReadAction","target":["https:\/\/socialdesignmagazine.com\/mag\/products-selection\/product\/lampada-a-sospensione-amp-chandelier-small-o-62-cm-bianco-design-simon-legald-for-normann-copenhagen\/"]}]},{"@type":"ImageObject","inLanguage":"it-IT","@id":"https:\/\/socialdesignmagazine.com\/mag\/products-selection\/product\/lampada-a-sospensione-amp-chandelier-small-o-62-cm-bianco-design-simon-legald-for-normann-copenhagen\/#primaryimage","url":"https:\/\/socialdesignmagazine.com\/mag\/products-selection\/wp-content\/uploads\/sites\/2\/2020\/12\/Lampada-A-Sospensione-Amp-Chandelier-Small-\u00d8-62-cm-Bianco-Normann-Copenhagen-Simon-Legald.jpg","contentUrl":"https:\/\/socialdesignmagazine.com\/mag\/products-selection\/wp-content\/uploads\/sites\/2\/2020\/12\/Lampada-A-Sospensione-Amp-Chandelier-Small-\u00d8-62-cm-Bianco-Normann-Copenhagen-Simon-Legald.jpg","width":1665,"height":1665,"caption":"Lampada A Sospensione Amp Chandelier Small - \u00d8 62 cm Bianco Normann Copenhagen Simon Legald"},{"@type":"BreadcrumbList","@id":"https:\/\/socialdesignmagazine.com\/mag\/products-selection\/product\/lampada-a-sospensione-amp-chandelier-small-o-62-cm-bianco-design-simon-legald-for-normann-copenhagen\/#breadcrumb","itemListElement":[{"@type":"ListItem","position":1,"name":"Home","item":"https:\/\/socialdesignmagazine.com\/mag\/products-selection\/"},{"@type":"ListItem","position":2,"name":"Tutti i prodotti","item":"https:\/\/socialdesignmagazine.com\/mag\/products-selection\/tutti-i-prodotti\/"},{"@type":"ListItem","position":3,"name":"Lampada A Sospensione Amp Chandelier Small &#8211; \u00d8 62 cm Bianco design Simon Legald for Normann Copenhagen"}]},{"@type":"WebSite","@id":"https:\/\/socialdesignmagazine.com\/mag\/products-selection\/#website","url":"https:\/\/socialdesignmagazine.com\/mag\/products-selection\/","name":"SDM Product Selection","description":"Una selezioni di prodotti dei brand pi\u00f9 interessanti per arredare e progettare","publisher":{"@id":"https:\/\/socialdesignmagazine.com\/mag\/products-selection\/#organization"},"potentialAction":[{"@type":"SearchAction","target":{"@type":"EntryPoint","urlTemplate":"https:\/\/socialdesignmagazine.com\/mag\/products-selection\/?s={search_term_string}"},"query-input":{"@type":"PropertyValueSpecification","valueRequired":true,"valueName":"search_term_string"}}],"inLanguage":"it-IT"},{"@type":"Organization","@id":"https:\/\/socialdesignmagazine.com\/mag\/products-selection\/#organization","name":"Social Design Magazine","url":"https:\/\/socialdesignmagazine.com\/mag\/products-selection\/","logo":{"@type":"ImageObject","inLanguage":"it-IT","@id":"https:\/\/socialdesignmagazine.com\/mag\/products-selection\/#\/schema\/logo\/image\/","url":"https:\/\/socialdesignmagazine.com\/mag\/products-selection\/wp-content\/uploads\/sites\/2\/2015\/05\/social-design-magazine-logo.png","contentUrl":"https:\/\/socialdesignmagazine.com\/mag\/products-selection\/wp-content\/uploads\/sites\/2\/2015\/05\/social-design-magazine-logo.png","width":251,"height":101,"caption":"Social Design Magazine"},"image":{"@id":"https:\/\/socialdesignmagazine.com\/mag\/products-selection\/#\/schema\/logo\/image\/"},"sameAs":["https:\/\/www.facebook.com\/socialdesignmag","https:\/\/x.com\/socialdesignmag","http:\/\/instagram.com\/social_design_magazine\/","http:\/\/pinterest.com\/socialdesignmag\/","http:\/\/www.youtube.com\/user\/socialdesignmagazine"]}]}},"jetpack_publicize_connections":[],"jetpack_sharing_enabled":true,"brands":[{"id":1606,"name":"Normann Copenhagen","slug":"normann-copenhagen"}],"_links":{"self":[{"href":"https:\/\/socialdesignmagazine.com\/mag\/products-selection\/wp-json\/wp\/v2\/product\/95130","targetHints":{"allow":["GET"]}}],"collection":[{"href":"https:\/\/socialdesignmagazine.com\/mag\/products-selection\/wp-json\/wp\/v2\/product"}],"about":[{"href":"https:\/\/socialdesignmagazine.com\/mag\/products-selection\/wp-json\/wp\/v2\/types\/product"}],"wp:featuredmedia":[{"embeddable":true,"href":"https:\/\/socialdesignmagazine.com\/mag\/products-selection\/wp-json\/wp\/v2\/media\/138798"}],"wp:attachment":[{"href":"https:\/\/socialdesignmagazine.com\/mag\/products-selection\/wp-json\/wp\/v2\/media?parent=95130"}],"wp:term":[{"taxonomy":"pwb-brand","embeddable":true,"href":"https:\/\/socialdesignmagazine.com\/mag\/products-selection\/wp-json\/wp\/v2\/pwb-brand?post=95130"},{"taxonomy":"product_brand","embeddable":true,"href":"https:\/\/socialdesignmagazine.com\/mag\/products-selection\/wp-json\/wp\/v2\/product_brand?post=95130"},{"taxonomy":"product_cat","embeddable":true,"href":"https:\/\/socialdesignmagazine.com\/mag\/products-selection\/wp-json\/wp\/v2\/product_cat?post=95130"},{"taxonomy":"product_tag","embeddable":true,"href":"https:\/\/socialdesignmagazine.com\/mag\/products-selection\/wp-json\/wp\/v2\/product_tag?post=95130"}],"curies":[{"name":"wp","href":"https:\/\/api.w.org\/{rel}","templated":true}]}}